('14','2018-04-28 00:00:00','08:26:00','00:00:00','00:00:00','00:00:00','00:00:00','00:00:00','00:00:00','00:00:00','00:00:00','00:00:00','2018-04-28 08:30:12'),
('8','2018-04-28 00:00:00','08:42:00','12:06:00','00:00:00','00:00:00','00:00:00','00:00:00','00:00:00','00:00:00','00:00:00','00:00:00','2018-04-28 09:00:00'),
('17','2018-04-28 00:00:00','09:06:00','12:32:00','00:00:00','00:00:00','00:00:00','00:00:00','00:00:00','00:00:00','00:00:00','00:00:00','2018-04-28 09:30:10'),
('5','2018-04-28 00:00:00','11:02:00','12:01:00','00:00:00','00:00:00','00:00:00','00:00:00','00:00:00','00:00:00','00:00:00','00:00:00','2018-04-30 08:30:01'),
('1','2018-04-28 00:00:00','15:26:00','00:00:00','00:00:00','00:00:00','00:00:00','00:00:00','00:00:00','00:00:00','00:00:00','00:00:00','2018-04-30 08:30:07'),
('8','2018-04-30 00:00:00','07:25:00','17:08:00','00:00:00','00:00:00','00:00:00','00:00:00','00:00:00','00:00:00','00:00:00','00:00:00','2018-04-30 08:30:07'),
('12','2018-04-30 00:00:00','07:44:00','17:37:00','00:00:00','00:00:00','00:00:00','00:00:00','00:00:00','00:00:00','00:00:00','00:00:00','2018-04-30 08:30:07'),
('22','2018-04-30 00:00:00','07:45:00','17:30:00','00:00:00','00:00:00','00:00:00','00:00:00','00:00:00','00:00:00','00:00:00','00:00:00','2018-04-30 08:30:07'),
('25','2018-04-30 00:00:00','07:48:00','17:20:00','00:00:00','00:00:00','00:00:00','00:00:00','00:00:00','00:00:00','00:00:00','00:00:00','2018-04-30 08:30:07'),
('5','2018-04-30 00:00:00','07:49:00','17:53:00','00:00:00','00:00:00','00:00:00','00:00:00','00:00:00','00:00:00','00:00:00','00:00:00','2018-04-30 08:30:07'),
('1','2018-04-30 00:00:00','07:49:00','17:39:00','00:00:00','00:00:00','00:00:00','00:00:00','00:00:00','00:00:00','00:00:00','00:00:00','2018-04-30 08:30:07'),
('6','2018-04-30 00:00:00','07:50:00','17:52:00','00:00:00','00:00:00','00:00:00','00:00:00','00:00:00','00:00:00','00:00:00','00:00:00','2018-04-30 08:30:07'),
('13','2018-04-30 00:00:00','07:51:00','17:50:00','00:00:00','00:00:00','00:00:00','00:00:00','00:00:00','00:00:00','00:00:00','00:00:00','2018-04-30 08:30:07'),
('7','2018-04-30 00:00:00','08:02:00','17:28:00','00:00:00','00:00:00','00:00:00','00:00:00','00:00:00','00:00:00','00:00:00','00:00:00','2018-04-30 08:30:07'),
('24','2018-04-30 00:00:00','08:02:00','17:39:00','00:00:00','00:00:00','00:00:00','00:00:00','00:00:00','00:00:00','00:00:00','00:00:00','2018-04-30 08:30:07'),
('11','2018-04-30 00:00:00','08:04:00','17:32:00','00:00:00','00:00:00','00:00:00','00:00:00','00:00:00','00:00:00','00:00:00','00:00:00','2018-04-30 08:30:07'),
('23','2018-04-30 00:00:00','08:10:00','00:00:00','00:00:00','00:00:00','00:00:00','00:00:00','00:00:00','00:00:00','00:00:00','00:00:00','2018-04-30 08:30:07'),
('14','2018-04-30 00:00:00','08:11:00','18:06:00','00:00:00','00:00:00','00:00:00','00:00:00','00:00:00','00:00:00','00:00:00','00:00:00','2018-04-30 08:30:07'),
('15','2018-04-30 00:00:00','08:20:00','17:38:00','00:00:00','00:00:00','00:00:00','00:00:00','00:00:00','00:00:00','00:00:00','00:00:00','2018-04-30 08:30:07'),
('17','2018-04-30 00:00:00','08:24:00','17:28:00','00:00:00','00:00:00','00:00:00','00:00:00','00:00:00','00:00:00','00:00:00','00:00:00','2018-04-30 08:30:07'),
('9','2018-04-30 00:00:00','08:27:00','17:57:00','00:00:00','00:00:00','00:00:00','00:00:00','00:00:00','00:00:00','00:00:00','00:00:00','2018-04-30 08:30:07'),
('8','2018-05-02 00:00:00','07:33:00','17:08:00','00:00:00','00:00:00','00:00:00','00:00:00','00:00:00','00:00:00','00:00:00','00:00:00','2018-05-02 08:30:00'),
('5','2018-05-02 00:00:00','07:39:00','17:34:00','00:00:00','00:00:00','00:00:00','00:00:00','00:00:00','00:00:00','00:00:00','00:00:00','2018-05-02 08:30:00'),
('22','2018-05-02 00:00:00','07:44:00','17:28:00','00:00:00','00:00:00','00:00:00','00:00:00','00:00:00','00:00:00','00:00:00','00:00:00','2018-05-02 08:30:01'),
('7','2018-05-02 00:00:00','07:52:00','17:22:00','00:00:00','00:00:00','00:00:00','00:00:00','00:00:00','00:00:00','00:00:00','00:00:00','2018-05-02 08:30:01'),
('25','2018-05-02 00:00:00','07:54:00','17:38:00','00:00:00','00:00:00','00:00:00','00:00:00','00:00:00','00:00:00','00:00:00','00:00:00','2018-05-02 08:30:01'),
('16','2018-05-02 00:00:00','08:03:00','17:29:00','00:00:00','00:00:00','00:00:00','00:00:00','00:00:00','00:00:00','00:00:00','00:00:00','2018-05-02 08:30:01'),
('6','2018-05-02 00:00:00','08:04:00','00:00:00','00:00:00','00:00:00','00:00:00','00:00:00','00:00:00','00:00:00','00:00:00','00:00:00','2018-05-02 08:30:01'),
('13','2018-05-02 00:00:00','08:05:00','17:49:00','00:00:00','00:00:00','00:00:00','00:00:00','00:00:00','00:00:00','00:00:00','00:00:00','2018-05-02 08:30:01'),
('11','2018-05-02 00:00:00','08:05:00','17:33:00','00:00:00','00:00:00','00:00:00','00:00:00','00:00:00','00:00:00','00:00:00','00:00:00','2018-05-02 08:30:01'),
('23','2018-05-02 00:00:00','08:06:00','00:00:00','00:00:00','00:00:00','00:00:00','00:00:00','00:00:00','00:00:00','00:00:00','00:00:00','2018-05-02 08:30:01'),
('24','2018-05-02 00:00:00','08:06:00','18:07:00','00:00:00','00:00:00','00:00:00','00:00:00','00:00:00','00:00:00','00:00:00','00:00:00','2018-05-02 08:30:01'),
('1','2018-05-02 00:00:00','08:08:00','00:00:00','00:00:00','00:00:00','00:00:00','00:00:00','00:00:00','00:00:00','00:00:00','00:00:00','2018-05-02 08:30:01'),
('12','2018-05-02 00:00:00','08:10:00','17:45:00','00:00:00','00:00:00','00:00:00','00:00:00','00:00:00','00:00:00','00:00:00','00:00:00','2018-05-02 08:30:02'),
('14','2018-05-02 00:00:00','08:12:00','18:11:00','00:00:00','00:00:00','00:00:00','00:00:00','00:00:00','00:00:00','00:00:00','00:00:00','2018-05-02 08:30:02'),
('15','2018-05-02 00:00:00','08:18:00','17:34:00','00:00:00','00:00:00','00:00:00','00:00:00','00:00:00','00:00:00','00:00:00','00:00:00','2018-05-02 08:30:02'),
('17','2018-05-02 00:00:00','08:32:00','17:19:00','00:00:00','00:00:00','00:00:00','00:00:00','00:00:00','00:00:00','00:00:00','00:00:00','2018-05-02 08:30:02'),
('9','2018-05-02 00:00:00','17:38:00','00:00:00','00:00:00','00:00:00','00:00:00','00:00:00','00:00:00','00:00:00','00:00:00','00:00:00','2018-05-02 18:00:01'),
('5','2018-05-04 00:00:00','07:52:00','18:02:00','00:00:00','00:00:00','00:00:00','00:00:00','00:00:00','00:00:00','00:00:00','00:00:00','2018-05-04 08:30:01'),
('1','2018-05-04 00:00:00','07:52:00','00:00:00','00:00:00','00:00:00','00:00:00','00:00:00','00:00:00','00:00:00','00:00:00','00:00:00','2018-05-04 08:30:01'),
('15','2018-05-04 00:00:00','07:52:00','17:19:00','00:00:00','00:00:00','00:00:00','00:00:00','00:00:00','00:00:00','00:00:00','00:00:00','2018-05-04 08:30:01'),
('22','2018-05-04 00:00:00','07:52:00','17:27:00','00:00:00','00:00:00','00:00:00','00:00:00','00:00:00','00:00:00','00:00:00','00:00:00','2018-05-04 08:30:01'),
('25','2018-05-04 00:00:00','07:52:00','17:21:00','00:00:00','00:00:00','00:00:00','00:00:00','00:00:00','00:00:00','00:00:00','00:00:00','2018-05-04 08:30:01'),
('13','2018-05-04 00:00:00','08:00:00','17:26:00','00:00:00','00:00:00','00:00:00','00:00:00','00:00:00','00:00:00','00:00:00','00:00:00','2018-05-04 08:30:01'),
('12','2018-05-04 00:00:00','08:00:00','17:51:00','00:00:00','00:00:00','00:00:00','00:00:00','00:00:00','00:00:00','00:00:00','00:00:00','2018-05-04 08:30:01'),
('6','2018-05-04 00:00:00','08:05:00','18:02:00','00:00:00','00:00:00','00:00:00','00:00:00','00:00:00','00:00:00','00:00:00','00:00:00','2018-05-04 08:30:01'),
('7','2018-05-04 00:00:00','08:05:00','17:12:00','00:00:00','00:00:00','00:00:00','00:00:00','00:00:00','00:00:00','00:00:00','00:00:00','2018-05-04 08:30:01'),
('23','2018-05-04 00:00:00','08:06:00','17:31:00','00:00:00','00:00:00','00:00:00','00:00:00','00:00:00','00:00:00','00:00:00','00:00:00','2018-05-04 08:30:01'),
('24','2018-05-04 00:00:00','08:07:00','17:28:00','00:00:00','00:00:00','00:00:00','00:00:00','00:00:00','00:00:00','00:00:00','00:00:00','2018-05-04 08:30:01'),
('8','2018-05-04 00:00:00','08:07:00','17:28:00','00:00:00','00:00:00','00:00:00','00:00:00','00:00:00','00:00:00','00:00:00','00:00:00','2018-05-04 08:30:01'),
('11','2018-05-04 00:00:00','08:08:00','17:28:00','00:00:00','00:00:00','00:00:00','00:00:00','00:00:00','00:00:00','00:00:00','00:00:00','2018-05-04 08:30:01'),
('16','2018-05-04 00:00:00','08:09:00','00:00:00','00:00:00','00:00:00','00:00:00','00:00:00','00:00:00','00:00:00','00:00:00','00:00:00','2018-05-04 08:30:01'),
('14','2018-05-04 00:00:00','08:27:00','00:00:00','00:00:00','00:00:00','00:00:00','00:00:00','00:00:00','00:00:00','00:00:00','00:00:00','2018-05-04 08:30:01'),
('17','2018-05-04 00:00:00','08:40:00','17:20:00','00:00:00','00:00:00','00:00:00','00:00:00','00:00:00','00:00:00','00:00:00','00:00:00','2018-05-04 09:00:00'),
('8','2018-05-05 00:00:00','07:33:00','13:16:00','00:00:00','00:00:00','00:00:00','00:00:00','00:00:00','00:00:00','00:00:00','00:00:00','2018-05-05 08:30:00'),
('22','2018-05-05 00:00:00','07:40:00','13:11:00','00:00:00','00:00:00','00:00:00','00:00:00','00:00:00','00:00:00','00:00:00','00:00:00','2018-05-05 08:30:00'),
('16','2018-05-05 00:00:00','07:44:00','13:15:00','00:00:00','00:00:00','00:00:00','00:00:00','00:00:00','00:00:00','00:00:00','00:00:00','2018-05-05 08:30:00'),
('25','2018-05-05 00:00:00','07:46:00','12:14:00','00:00:00','00:00:00','00:00:00','00:00:00','00:00:00','00:00:00','00:00:00','00:00:00','2018-05-05 08:30:00'),
('7','2018-05-05 00:00:00','07:50:00','12:07:00','00:00:00','00:00:00','00:00:00','00:00:00','00:00:00','00:00:00','00:00:00','00:00:00','2018-05-05 08:30:00'),
('13','2018-05-05 00:00:00','07:51:00','12:42:00','00:00:00','00:00:00','00:00:00','00:00:00','00:00:00','00:00:00','00:00:00','00:00:00','2018-05-05 08:30:01'),
('11','2018-05-05 00:00:00','07:56:00','12:26:00','00:00:00','00:00:00','00:00:00','00:00:00','00:00:00','00:00:00','00:00:00','00:00:00','2018-05-05 08:30:01'),
('24','2018-05-05 00:00:00','08:07:00','12:47:00','00:00:00','00:00:00','00:00:00','00:00:00','00:00:00','00:00:00','00:00:00','00:00:00','2018-05-05 08:30:01'),
('23','2018-05-05 00:00:00','08:08:00','13:15:00','00:00:00','00:00:00','00:00:00','00:00:00','00:00:00','00:00:00','00:00:00','00:00:00','2018-05-05 08:30:01'),
('12','2018-05-05 00:00:00','08:14:00','14:48:00','00:00:00','00:00:00','00:00:00','00:00:00','00:00:00','00:00:00','00:00:00','00:00:00','2018-05-05 08:30:02'),
('15','2018-05-05 00:00:00','08:18:00','16:34:00','00:00:00','00:00:00','00:00:00','00:00:00','00:00:00','00:00:00','00:00:00','00:00:00','2018-05-05 08:30:04'),
('9','2018-05-05 00:00:00','08:23:00','15:51:00','00:00:00','00:00:00','00:00:00','00:00:00','00:00:00','00:00:00','00:00:00','00:00:00','2018-05-05 08:30:05'),
('14','2018-05-05 00:00:00','08:28:00','00:00:00','00:00:00','00:00:00','00:00:00','00:00:00','00:00:00','00:00:00','00:00:00','00:00:00','2018-05-05 08:30:06'),
('17','2018-05-05 00:00:00','08:46:00','12:15:00','00:00:00','00:00:00','00:00:00','00:00:00','00:00:00','00:00:00','00:00:00','00:00:00','2018-05-05 09:00:04'),
('5','2018-05-05 00:00:00','08:47:00','12:04:00','00:00:00','00:00:00','00:00:00','00:00:00','00:00:00','00:00:00','00:00:00','00:00:00','2018-05-05 09:00:05'),
('6','2018-05-05 00:00:00','08:47:00','12:42:00','00:00:00','00:00:00','00:00:00','00:00:00','00:00:00','00:00:00','00:00:00','00:00:00','2018-05-05 09:00:05'),
('1','2018-05-05 00:00:00','14:48:00','00:00:00','00:00:00','00:00:00','00:00:00','00:00:00','00:00:00','00:00:00','00:00:00','00:00:00','2018-05-05 16:00:02'),
('6','2018-05-07 00:00:00','07:46:00','17:51:00','00:00:00','00:00:00','00:00:00','00:00:00','00:00:00','00:00:00','00:00:00','00:00:00','2018-05-07 08:30:00'),
('8','2018-05-07 00:00:00','07:47:00','17:44:00','17:52:00','00:00:00','00:00:00','00:00:00','00:00:00','00:00:00','00:00:00','00:00:00','2018-05-07 08:30:00'),
('22','2018-05-07 00:00:00','07:47:00','17:36:00','00:00:00','00:00:00','00:00:00','00:00:00','00:00:00','00:00:00','00:00:00','00:00:00','2018-05-07 08:30:01'),
('25','2018-05-07 00:00:00','07:51:00','17:37:00','00:00:00','00:00:00','00:00:00','00:00:00','00:00:00','00:00:00','00:00:00','00:00:00','2018-05-07 08:30:01'),
('5','2018-05-07 00:00:00','07:52:00','17:08:00','00:00:00','00:00:00','00:00:00','00:00:00','00:00:00','00:00:00','00:00:00','00:00:00','2018-05-07 08:30:01'),
('16','2018-05-07 00:00:00','08:03:00','17:41:00','00:00:00','00:00:00','00:00:00','00:00:00','00:00:00','00:00:00','00:00:00','00:00:00','2018-05-07 08:30:01'),
('1','2018-05-07 00:00:00','08:04:00','00:00:00','00:00:00','00:00:00','00:00:00','00:00:00','00:00:00','00:00:00','00:00:00','00:00:00','2018-05-07 08:30:01'),
('12','2018-05-07 00:00:00','08:07:00','17:42:00','00:00:00','00:00:00','00:00:00','00:00:00','00:00:00','00:00:00','00:00:00','00:00:00','2018-05-07 08:30:01'),
('24','2018-05-07 00:00:00','08:08:00','00:00:00','00:00:00','00:00:00','00:00:00','00:00:00','00:00:00','00:00:00','00:00:00','00:00:00','2018-05-07 08:30:01'),
('23','2018-05-07 00:00:00','08:08:00','17:42:00','00:00:00','00:00:00','00:00:00','00:00:00','00:00:00','00:00:00','00:00:00','00:00:00','2018-05-07 08:30:01'),
('14','2018-05-07 00:00:00','08:13:00','18:24:00','00:00:00','00:00:00','00:00:00','00:00:00','00:00:00','00:00:00','00:00:00','00:00:00','2018-05-07 08:30:01'),
('9','2018-05-07 00:00:00','08:14:00','17:51:00','00:00:00','00:00:00','00:00:00','00:00:00','00:00:00','00:00:00','00:00:00','00:00:00','2018-05-07 08:30:01'),
('7','2018-05-07 00:00:00','08:14:00','17:35:00','00:00:00','00:00:00','00:00:00','00:00:00','00:00:00','00:00:00','00:00:00','00:00:00','2018-05-07 08:30:01'),
('13','2018-05-07 00:00:00','08:19:00','00:00:00','00:00:00','00:00:00','00:00:00','00:00:00','00:00:00','00:00:00','00:00:00','00:00:00','2018-05-07 08:30:01'),
('15','2018-05-07 00:00:00','08:27:00','17:47:00','00:00:00','00:00:00','00:00:00','00:00:00','00:00:00','00:00:00','00:00:00','00:00:00','2018-05-07 08:30:01'),
('17','2018-05-07 00:00:00','08:31:00','17:42:00','00:00:00','00:00:00','00:00:00','00:00:00','00:00:00','00:00:00','00:00:00','00:00:00','2018-05-07 08:30:02'),
('6','2018-05-08 00:00:00','07:38:00','17:48:00','00:00:00','00:00:00','00:00:00','00:00:00','00:00:00','00:00:00','00:00:00','00:00:00','2018-05-08 08:30:01'),
('5','2018-05-08 00:00:00','07:48:00','18:07:00','00:00:00','00:00:00','00:00:00','00:00:00','00:00:00','00:00:00','00:00:00','00:00:00','2018-05-08 08:30:02'),
('22','2018-05-08 00:00:00','07:48:00','17:16:00','00:00:00','00:00:00','00:00:00','00:00:00','00:00:00','00:00:00','00:00:00','00:00:00','2018-05-08 08:30:02'),
('11','2018-05-08 00:00:00','07:58:00','17:51:00','00:00:00','00:00:00','00:00:00','00:00:00','00:00:00','00:00:00','00:00:00','00:00:00','2018-05-08 08:30:03'),
('13','2018-05-08 00:00:00','08:01:00','18:13:00','00:00:00','00:00:00','00:00:00','00:00:00','00:00:00','00:00:00','00:00:00','00:00:00','2018-05-08 08:30:04'),
('1','2018-05-08 00:00:00','08:01:00','00:00:00','00:00:00','00:00:00','00:00:00','00:00:00','00:00:00','00:00:00','00:00:00','00:00:00','2018-05-08 08:30:06'),
('8','2018-05-08 00:00:00','08:03:00','17:27:00','00:00:00','00:00:00','00:00:00','00:00:00','00:00:00','00:00:00','00:00:00','00:00:00','2018-05-08 08:30:07'),
('12','2018-05-08 00:00:00','08:04:00','18:09:00','00:00:00','00:00:00','00:00:00','00:00:00','00:00:00','00:00:00','00:00:00','00:00:00','2018-05-08 08:30:08'),
('24','2018-05-08 00:00:00','08:05:00','18:50:00','00:00:00','00:00:00','00:00:00','00:00:00','00:00:00','00:00:00','00:00:00','00:00:00','2018-05-08 08:30:08'),
('23','2018-05-08 00:00:00','08:06:00','18:50:00','00:00:00','00:00:00','00:00:00','00:00:00','00:00:00','00:00:00','00:00:00','00:00:00','2018-05-08 08:30:08'),
('7','2018-05-08 00:00:00','08:09:00','17:27:00','00:00:00','00:00:00','00:00:00','00:00:00','00:00:00','00:00:00','00:00:00','00:00:00','2018-05-08 08:30:08'),
('16','2018-05-08 00:00:00','08:09:00','00:00:00','00:00:00','00:00:00','00:00:00','00:00:00','00:00:00','00:00:00','00:00:00','00:00:00','2018-05-08 08:30:08'),
('25','2018-05-08 00:00:00','08:09:00','17:47:00','00:00:00','00:00:00','00:00:00','00:00:00','00:00:00','00:00:00','00:00:00','00:00:00','2018-05-08 08:30:08'),
('14','2018-05-08 00:00:00','08:28:00','18:07:00','00:00:00','00:00:00','00:00:00','00:00:00','00:00:00','00:00:00','00:00:00','00:00:00','2018-05-08 08:30:08'),
('9','2018-05-08 00:00:00','08:28:00','17:56:00','00:00:00','00:00:00','00:00:00','00:00:00','00:00:00','00:00:00','00:00:00','00:00:00','2018-05-08 08:30:08'),
('17','2018-05-08 00:00:00','08:38:00','17:50:00','00:00:00','00:00:00','00:00:00','00:00:00','00:00:00','00:00:00','00:00:00','00:00:00','2018-05-08 09:00:01'),
('15','2018-05-08 00:00:00','08:39:00','17:27:00','00:00:00','00:00:00','00:00:00','00:00:00','00:00:00','00:00:00','00:00:00','00:00:00','2018-05-08 09:00:01'),
('5','2018-05-09 00:00:00','07:31:00','17:48:00','00:00:00','00:00:00','00:00:00','00:00:00','00:00:00','00:00:00','00:00:00','00:00:00','2018-05-09 08:30:23'),
('8','2018-05-09 00:00:00','07:32:00','17:04:00','00:00:00','00:00:00','00:00:00','00:00:00','00:00:00','00:00:00','00:00:00','00:00:00','2018-05-09 08:30:23'),
('23','2018-05-09 00:00:00','07:48:00','18:29:00','00:00:00','00:00:00','00:00:00','00:00:00','00:00:00','00:00:00','00:00:00','00:00:00','2018-05-09 08:30:23'),
('22','2018-05-09 00:00:00','07:49:00','17:32:00','00:00:00','00:00:00','00:00:00','00:00:00','00:00:00','00:00:00','00:00:00','00:00:00','2018-05-09 08:30:23'),
('25','2018-05-09 00:00:00','07:53:00','17:40:00','00:00:00','00:00:00','00:00:00','00:00:00','00:00:00','00:00:00','00:00:00','00:00:00','2018-05-09 08:30:23'),
('11','2018-05-09 00:00:00','07:54:00','17:36:00','00:00:00','00:00:00','00:00:00','00:00:00','00:00:00','00:00:00','00:00:00','00:00:00','2018-05-09 08:30:23'),
('12','2018-05-09 00:00:00','07:55:00','18:22:00','00:00:00','00:00:00','00:00:00','00:00:00','00:00:00','00:00:00','00:00:00','00:00:00','2018-05-09 08:30:24'),
('6','2018-05-09 00:00:00','07:55:00','17:19:00','00:00:00','00:00:00','00:00:00','00:00:00','00:00:00','00:00:00','00:00:00','00:00:00','2018-05-09 08:30:25'),
('1','2018-05-09 00:00:00','07:56:00','00:00:00','00:00:00','00:00:00','00:00:00','00:00:00','00:00:00','00:00:00','00:00:00','00:00:00','2018-05-09 08:30:26'),
('7','2018-05-09 00:00:00','07:56:00','17:09:00','00:00:00','00:00:00','00:00:00','00:00:00','00:00:00','00:00:00','00:00:00','00:00:00','2018-05-09 08:30:28'),
('16','2018-05-09 00:00:00','07:58:00','17:20:00','00:00:00','00:00:00','00:00:00','00:00:00','00:00:00','00:00:00','00:00:00','00:00:00','2018-05-09 08:30:29'),
('13','2018-05-09 00:00:00','08:06:00','18:25:00','00:00:00','00:00:00','00:00:00','00:00:00','00:00:00','00:00:00','00:00:00','00:00:00','2018-05-09 08:30:30'),
('24','2018-05-09 00:00:00','08:07:00','18:10:00','00:00:00','00:00:00','00:00:00','00:00:00','00:00:00','00:00:00','00:00:00','00:00:00','2018-05-09 08:30:30'),
('15','2018-05-09 00:00:00','08:17:00','17:09:00','00:00:00','00:00:00','00:00:00','00:00:00','00:00:00','00:00:00','00:00:00','00:00:00','2018-05-09 08:30:31'),
('14','2018-05-09 00:00:00','08:36:00','18:33:00','00:00:00','00:00:00','00:00:00','00:00:00','00:00:00','00:00:00','00:00:00','00:00:00','2018-05-09 09:00:01'),
('9','2018-05-09 00:00:00','18:22:00','00:00:00','00:00:00','00:00:00','00:00:00','00:00:00','00:00:00','00:00:00','00:00:00','00:00:00','2018-05-10 08:30:02'),
('8','2018-05-10 00:00:00','07:29:00','17:11:00','00:00:00','00:00:00','00:00:00','00:00:00','00:00:00','00:00:00','00:00:00','00:00:00','2018-05-10 08:30:06'),
('1','2018-05-10 00:00:00','07:40:00','00:00:00','00:00:00','00:00:00','00:00:00','00:00:00','00:00:00','00:00:00','00:00:00','00:00:00','2018-05-10 08:30:08'),
('22','2018-05-10 00:00:00','07:44:00','17:46:00','00:00:00','00:00:00','00:00:00','00:00:00','00:00:00','00:00:00','00:00:00','00:00:00','2018-05-10 08:30:09'),
('25','2018-05-10 00:00:00','07:55:00','17:48:00','00:00:00','00:00:00','00:00:00','00:00:00','00:00:00','00:00:00','00:00:00','00:00:00','2018-05-10 08:30:09'),
('23','2018-05-10 00:00:00','07:57:00','00:00:00','00:00:00','00:00:00','00:00:00','00:00:00','00:00:00','00:00:00','00:00:00','00:00:00','2018-05-10 08:30:10'),
('6','2018-05-10 00:00:00','07:57:00','19:31:00','00:00:00','00:00:00','00:00:00','00:00:00','00:00:00','00:00:00','00:00:00','00:00:00','2018-05-10 08:30:10'),
('5','2018-05-10 00:00:00','07:58:00','18:26:00','00:00:00','00:00:00','00:00:00','00:00:00','00:00:00','00:00:00','00:00:00','00:00:00','2018-05-10 08:30:10'),
('13','2018-05-10 00:00:00','08:02:00','18:29:00','00:00:00','00:00:00','00:00:00','00:00:00','00:00:00','00:00:00','00:00:00','00:00:00','2018-05-10 08:30:10'),
('12','2018-05-10 00:00:00','08:03:00','18:03:00','00:00:00','00:00:00','00:00:00','00:00:00','00:00:00','00:00:00','00:00:00','00:00:00','2018-05-10 08:30:10'),
('16','2018-05-10 00:00:00','08:07:00','17:24:00','00:00:00','00:00:00','00:00:00','00:00:00','00:00:00','00:00:00','00:00:00','00:00:00','2018-05-10 08:30:10'),
('24','2018-05-10 00:00:00','08:07:00','18:19:00','00:00:00','00:00:00','00:00:00','00:00:00','00:00:00','00:00:00','00:00:00','00:00:00','2018-05-10 08:30:10'),
('7','2018-05-10 00:00:00','08:08:00','17:16:00','00:00:00','00:00:00','00:00:00','00:00:00','00:00:00','00:00:00','00:00:00','00:00:00','2018-05-10 08:30:10'),
('14','2018-05-10 00:00:00','08:25:00','19:30:00','00:00:00','00:00:00','00:00:00','00:00:00','00:00:00','00:00:00','00:00:00','00:00:00','2018-05-10 08:30:10'),
('15','2018-05-10 00:00:00','08:34:00','17:25:00','00:00:00','00:00:00','00:00:00','00:00:00','00:00:00','00:00:00','00:00:00','00:00:00','2018-05-10 09:00:02'),
('9','2018-05-10 00:00:00','08:48:00','18:00:00','00:00:00','00:00:00','00:00:00','00:00:00','00:00:00','00:00:00','00:00:00','00:00:00','2018-05-10 09:00:02'),
('11','2018-05-10 00:00:00','10:11:00','17:43:00','00:00:00','00:00:00','00:00:00','00:00:00','00:00:00','00:00:00','00:00:00','00:00:00','2018-05-10 16:00:00'),
('1','2018-05-11 00:00:00','07:42:00','00:00:00','00:00:00','00:00:00','00:00:00','00:00:00','00:00:00','00:00:00','00:00:00','00:00:00','2018-05-11 08:30:03'),
('22','2018-05-11 00:00:00','07:45:00','17:17:00','00:00:00','00:00:00','00:00:00','00:00:00','00:00:00','00:00:00','00:00:00','00:00:00','2018-05-11 08:30:04'),
('13','2018-05-11 00:00:00','07:51:00','18:06:00','00:00:00','00:00:00','00:00:00','00:00:00','00:00:00','00:00:00','00:00:00','00:00:00','2018-05-11 08:30:04'),
('12','2018-05-11 00:00:00','07:52:00','18:07:00','00:00:00','00:00:00','00:00:00','00:00:00','00:00:00','00:00:00','00:00:00','00:00:00','2018-05-11 08:30:05'),
('8','2018-05-11 00:00:00','07:53:00','17:59:00','00:00:00','00:00:00','00:00:00','00:00:00','00:00:00','00:00:00','00:00:00','00:00:00','2018-05-11 08:30:05'),
('5','2018-05-11 00:00:00','07:54:00','17:15:00','00:00:00','00:00:00','00:00:00','00:00:00','00:00:00','00:00:00','00:00:00','00:00:00','2018-05-11 08:30:06'),
('23','2018-05-11 00:00:00','07:57:00','18:07:00','00:00:00','00:00:00','00:00:00','00:00:00','00:00:00','00:00:00','00:00:00','00:00:00','2018-05-11 08:30:07'),
('14','2018-05-11 00:00:00','07:59:00','00:00:00','00:00:00','00:00:00','00:00:00','00:00:00','00:00:00','00:00:00','00:00:00','00:00:00','2018-05-11 08:30:07'),
('16','2018-05-11 00:00:00','08:01:00','17:33:00','00:00:00','00:00:00','00:00:00','00:00:00','00:00:00','00:00:00','00:00:00','00:00:00','2018-05-11 08:30:07'),
('25','2018-05-11 00:00:00','08:02:00','18:05:00','00:00:00','00:00:00','00:00:00','00:00:00','00:00:00','00:00:00','00:00:00','00:00:00','2018-05-11 08:30:08'),
('11','2018-05-11 00:00:00','08:03:00','17:54:00','00:00:00','00:00:00','00:00:00','00:00:00','00:00:00','00:00:00','00:00:00','00:00:00','2018-05-11 08:30:08'),
('24','2018-05-11 00:00:00','08:07:00','18:08:00','00:00:00','00:00:00','00:00:00','00:00:00','00:00:00','00:00:00','00:00:00','00:00:00','2018-05-11 08:30:08'),
('6','2018-05-11 00:00:00','08:26:00','17:59:00','00:00:00','00:00:00','00:00:00','00:00:00','00:00:00','00:00:00','00:00:00','00:00:00','2018-05-11 08:30:08'),
('15','2018-05-11 00:00:00','08:35:00','17:37:00','00:00:00','00:00:00','00:00:00','00:00:00','00:00:00','00:00:00','00:00:00','00:00:00','2018-05-11 09:00:00'),
('9','2018-05-11 00:00:00','08:47:00','00:00:00','00:00:00','00:00:00','00:00:00','00:00:00','00:00:00','00:00:00','00:00:00','00:00:00','2018-05-11 09:00:00'),
('17','2018-05-11 00:00:00','10:19:00','17:27:00','00:00:00','00:00:00','00:00:00','00:00:00','00:00:00','00:00:00','00:00:00','00:00:00','2018-05-11 16:00:01'),
('8','2018-05-12 00:00:00','07:32:00','12:15:00','00:00:00','00:00:00','00:00:00','00:00:00','00:00:00','00:00:00','00:00:00','00:00:00','2018-05-12 08:30:01'),
('5','2018-05-12 00:00:00','07:46:00','11:08:00','00:00:00','00:00:00','00:00:00','00:00:00','00:00:00','00:00:00','00:00:00','00:00:00','2018-05-12 08:30:01'),
('13','2018-05-12 00:00:00','07:49:00','12:36:00','00:00:00','00:00:00','00:00:00','00:00:00','00:00:00','00:00:00','00:00:00','00:00:00','2018-05-12 08:30:01'),
('6','2018-05-12 00:00:00','07:53:00','00:00:00','00:00:00','00:00:00','00:00:00','00:00:00','00:00:00','00:00:00','00:00:00','00:00:00','2018-05-12 08:30:02'),
('11','2018-05-12 00:00:00','07:58:00','12:32:00','00:00:00','00:00:00','00:00:00','00:00:00','00:00:00','00:00:00','00:00:00','00:00:00','2018-05-12 08:30:02'),
('25','2018-05-12 00:00:00','07:59:00','12:19:00','00:00:00','00:00:00','00:00:00','00:00:00','00:00:00','00:00:00','00:00:00','00:00:00','2018-05-12 08:30:02'),
('23','2018-05-12 00:00:00','08:02:00','12:27:00','00:00:00','00:00:00','00:00:00','00:00:00','00:00:00','00:00:00','00:00:00','00:00:00','2018-05-12 08:30:03'),
('24','2018-05-12 00:00:00','08:04:00','14:14:00','00:00:00','00:00:00','00:00:00','00:00:00','00:00:00','00:00:00','00:00:00','00:00:00','2018-05-12 08:30:03'),
('14','2018-05-12 00:00:00','08:07:00','12:58:00','00:00:00','00:00:00','00:00:00','00:00:00','00:00:00','00:00:00','00:00:00','00:00:00','2018-05-12 08:30:04'),
('16','2018-05-12 00:00:00','08:09:00','12:58:00','00:00:00','00:00:00','00:00:00','00:00:00','00:00:00','00:00:00','00:00:00','00:00:00','2018-05-12 08:30:05'),
('12','2018-05-12 00:00:00','08:21:00','16:06:00','00:00:00','00:00:00','00:00:00','00:00:00','00:00:00','00:00:00','00:00:00','00:00:00','2018-05-12 08:30:05'),
('15','2018-05-12 00:00:00','08:41:00','12:19:00','00:00:00','00:00:00','00:00:00','00:00:00','00:00:00','00:00:00','00:00:00','00:00:00','2018-05-12 09:00:00'),
('17','2018-05-12 00:00:00','08:47:00','17:24:00','00:00:00','00:00:00','00:00:00','00:00:00','00:00:00','00:00:00','00:00:00','00:00:00','2018-05-12 09:00:00'),
('9','2018-05-12 00:00:00','15:39:00','00:00:00','00:00:00','00:00:00','00:00:00','00:00:00','00:00:00','00:00:00','00:00:00','00:00:00','2018-05-16 08:30:01'),
('8','2018-05-16 00:00:00','07:28:00','17:19:00','00:00:00','00:00:00','00:00:00','00:00:00','00:00:00','00:00:00','00:00:00','00:00:00','2018-05-16 08:30:03'),
('6','2018-05-16 00:00:00','07:29:00','17:23:00','00:00:00','00:00:00','00:00:00','00:00:00','00:00:00','00:00:00','00:00:00','00:00:00','2018-05-16 08:30:03'),
('22','2018-05-16 00:00:00','07:38:00','18:08:00','00:00:00','00:00:00','00:00:00','00:00:00','00:00:00','00:00:00','00:00:00','00:00:00','2018-05-16 08:30:04'),
('13','2018-05-16 00:00:00','07:40:00','18:24:00','00:00:00','00:00:00','00:00:00','00:00:00','00:00:00','00:00:00','00:00:00','00:00:00','2018-05-16 08:30:04'),
('7','2018-05-16 00:00:00','07:44:00','17:28:00','00:00:00','00:00:00','00:00:00','00:00:00','00:00:00','00:00:00','00:00:00','00:00:00','2018-05-16 08:30:04'),
('16','2018-05-16 00:00:00','07:52:00','17:19:00','00:00:00','00:00:00','00:00:00','00:00:00','00:00:00','00:00:00','00:00:00','00:00:00','2018-05-16 08:30:04'),
('12','2018-05-16 00:00:00','07:55:00','18:21:00','00:00:00','00:00:00','00:00:00','00:00:00','00:00:00','00:00:00','00:00:00','00:00:00','2018-05-16 08:30:05'),
('5','2018-05-16 00:00:00','07:56:00','17:21:00','00:00:00','00:00:00','00:00:00','00:00:00','00:00:00','00:00:00','00:00:00','00:00:00','2018-05-16 08:30:05'),
('11','2018-05-16 00:00:00','08:02:00','18:08:00','00:00:00','00:00:00','00:00:00','00:00:00','00:00:00','00:00:00','00:00:00','00:00:00','2018-05-16 08:30:05'),
('9','2018-05-16 00:00:00','08:03:00','18:22:00','00:00:00','00:00:00','00:00:00','00:00:00','00:00:00','00:00:00','00:00:00','00:00:00','2018-05-16 08:30:05'),
('24','2018-05-16 00:00:00','08:05:00','17:24:00','00:00:00','00:00:00','00:00:00','00:00:00','00:00:00','00:00:00','00:00:00','00:00:00','2018-05-16 08:30:05'),
('14','2018-05-16 00:00:00','08:09:00','18:25:00','00:00:00','00:00:00','00:00:00','00:00:00','00:00:00','00:00:00','00:00:00','00:00:00','2018-05-16 08:30:05'),
('23','2018-05-16 00:00:00','08:14:00','00:00:00','00:00:00','00:00:00','00:00:00','00:00:00','00:00:00','00:00:00','00:00:00','00:00:00','2018-05-16 08:30:05'),
('15','2018-05-16 00:00:00','08:20:00','17:30:00','00:00:00','00:00:00','00:00:00','00:00:00','00:00:00','00:00:00','00:00:00','00:00:00','2018-05-16 08:30:05'),
('17','2018-05-16 00:00:00','08:45:00','17:34:00','00:00:00','00:00:00','00:00:00','00:00:00','00:00:00','00:00:00','00:00:00','00:00:00','2018-05-16 09:00:06'),
('1','2018-05-16 00:00:00','13:32:00','18:24:00','00:00:00','00:00:00','00:00:00','00:00:00','00:00:00','00:00:00','00:00:00','00:00:00','2018-05-16 17:30:01'),
('8','2018-05-17 00:00:00','07:24:00','17:43:00','00:00:00','00:00:00','00:00:00','00:00:00','00:00:00','00:00:00','00:00:00','00:00:00','2018-05-17 08:30:02'),
('5','2018-05-17 00:00:00','07:32:00','18:09:00','00:00:00','00:00:00','00:00:00','00:00:00','00:00:00','00:00:00','00:00:00','00:00:00','2018-05-17 08:30:02'),
('22','2018-05-17 00:00:00','07:39:00','17:31:00','00:00:00','00:00:00','00:00:00','00:00:00','00:00:00','00:00:00','00:00:00','00:00:00','2018-05-17 08:30:02'),
('13','2018-05-17 00:00:00','07:44:00','17:55:00','00:00:00','00:00:00','00:00:00','00:00:00','00:00:00','00:00:00','00:00:00','00:00:00','2018-05-17 08:30:02'),
('25','2018-05-17 00:00:00','07:49:00','17:35:00','00:00:00','00:00:00','00:00:00','00:00:00','00:00:00','00:00:00','00:00:00','00:00:00','2018-05-17 08:30:02'),
('6','2018-05-17 00:00:00','07:50:00','17:42:00','00:00:00','00:00:00','00:00:00','00:00:00','00:00:00','00:00:00','00:00:00','00:00:00','2018-05-17 08:30:03'),
('1','2018-05-17 00:00:00','07:52:00','00:00:00','00:00:00','00:00:00','00:00:00','00:00:00','00:00:00','00:00:00','00:00:00','00:00:00','2018-05-17 08:30:03'),
('7','2018-05-17 00:00:00','07:52:00','17:34:00','00:00:00','00:00:00','00:00:00','00:00:00','00:00:00','00:00:00','00:00:00','00:00:00','2018-05-17 08:30:03'),
('14','2018-05-17 00:00:00','07:54:00','18:09:00','00:00:00','00:00:00','00:00:00','00:00:00','00:00:00','00:00:00','00:00:00','00:00:00','2018-05-17 08:30:03'),
('12','2018-05-17 00:00:00','07:58:00','18:07:00','00:00:00','00:00:00','00:00:00','00:00:00','00:00:00','00:00:00','00:00:00','00:00:00','2018-05-17 08:30:03'),
('9','2018-05-17 00:00:00','08:01:00','00:00:00','00:00:00','00:00:00','00:00:00','00:00:00','00:00:00','00:00:00','00:00:00','00:00:00','2018-05-17 08:30:03'),
('11','2018-05-17 00:00:00','08:02:00','17:42:00','00:00:00','00:00:00','00:00:00','00:00:00','00:00:00','00:00:00','00:00:00','00:00:00','2018-05-17 08:30:03'),
('23','2018-05-17 00:00:00','08:07:00','17:42:00','00:00:00','00:00:00','00:00:00','00:00:00','00:00:00','00:00:00','00:00:00','00:00:00','2018-05-17 08:30:03'),
('24','2018-05-17 00:00:00','08:08:00','17:59:00','00:00:00','00:00:00','00:00:00','00:00:00','00:00:00','00:00:00','00:00:00','00:00:00','2018-05-17 08:30:03'),
('16','2018-05-17 00:00:00','08:10:00','17:41:00','17:42:00','00:00:00','00:00:00','00:00:00','00:00:00','00:00:00','00:00:00','00:00:00','2018-05-17 08:30:03'),
('17','2018-05-17 00:00:00','08:10:00','17:33:00','00:00:00','00:00:00','00:00:00','00:00:00','00:00:00','00:00:00','00:00:00','00:00:00','2018-05-17 08:30:03'),
('15','2018-05-17 00:00:00','08:32:00','17:03:00','00:00:00','00:00:00','00:00:00','00:00:00','00:00:00','00:00:00','00:00:00','00:00:00','2018-05-17 08:30:03'),
('5','2018-05-18 00:00:00','07:32:00','18:05:00','00:00:00','00:00:00','00:00:00','00:00:00','00:00:00','00:00:00','00:00:00','00:00:00','2018-05-18 08:30:01'),
('8','2018-05-18 00:00:00','07:37:00','18:04:00','00:00:00','00:00:00','00:00:00','00:00:00','00:00:00','00:00:00','00:00:00','00:00:00','2018-05-18 08:30:01'),
('22','2018-05-18 00:00:00','07:49:00','17:20:00','00:00:00','00:00:00','00:00:00','00:00:00','00:00:00','00:00:00','00:00:00','00:00:00','2018-05-18 08:30:01'),
('16','2018-05-18 00:00:00','07:55:00','17:42:00','00:00:00','00:00:00','00:00:00','00:00:00','00:00:00','00:00:00','00:00:00','00:00:00','2018-05-18 08:30:01'),
('25','2018-05-18 00:00:00','07:57:00','17:42:00','00:00:00','00:00:00','00:00:00','00:00:00','00:00:00','00:00:00','00:00:00','00:00:00','2018-05-18 08:30:02'),
('6','2018-05-18 00:00:00','08:01:00','17:50:00','00:00:00','00:00:00','00:00:00','00:00:00','00:00:00','00:00:00','00:00:00','00:00:00','2018-05-18 08:30:02'),
('11','2018-05-18 00:00:00','08:02:00','17:39:00','00:00:00','00:00:00','00:00:00','00:00:00','00:00:00','00:00:00','00:00:00','00:00:00','2018-05-18 08:30:02'),
('13','2018-05-18 00:00:00','08:03:00','18:06:00','00:00:00','00:00:00','00:00:00','00:00:00','00:00:00','00:00:00','00:00:00','00:00:00','2018-05-18 08:30:02'),
('12','2018-05-18 00:00:00','08:03:00','17:54:00','00:00:00','00:00:00','00:00:00','00:00:00','00:00:00','00:00:00','00:00:00','00:00:00','2018-05-18 08:30:02'),
('24','2018-05-18 00:00:00','08:07:00','18:04:00','00:00:00','00:00:00','00:00:00','00:00:00','00:00:00','00:00:00','00:00:00','00:00:00','2018-05-18 08:30:02'),
('7','2018-05-18 00:00:00','08:10:00','17:39:00','00:00:00','00:00:00','00:00:00','00:00:00','00:00:00','00:00:00','00:00:00','00:00:00','2018-05-18 08:30:02'),
('23','2018-05-18 00:00:00','08:10:00','17:33:00','00:00:00','00:00:00','00:00:00','00:00:00','00:00:00','00:00:00','00:00:00','00:00:00','2018-05-18 08:30:02'),
('15','2018-05-18 00:00:00','08:28:00','17:32:00','00:00:00','00:00:00','00:00:00','00:00:00','00:00:00','00:00:00','00:00:00','00:00:00','2018-05-18 08:30:02'),
('14','2018-05-18 00:00:00','08:42:00','18:05:00','00:00:00','00:00:00','00:00:00','00:00:00','00:00:00','00:00:00','00:00:00','00:00:00','2018-05-18 09:00:01'),
('9','2018-05-18 00:00:00','08:56:00','00:00:00','00:00:00','00:00:00','00:00:00','00:00:00','00:00:00','00:00:00','00:00:00','00:00:00','2018-05-18 09:00:01'),
('17','2018-05-18 00:00:00','08:56:00','17:33:00','00:00:00','00:00:00','00:00:00','00:00:00','00:00:00','00:00:00','00:00:00','00:00:00','2018-05-18 09:00:01'),
('8','2018-05-19 00:00:00','07:36:00','12:26:00','00:00:00','00:00:00','00:00:00','00:00:00','00:00:00','00:00:00','00:00:00','00:00:00','2018-05-19 08:30:01'),
('6','2018-05-19 00:00:00','07:41:00','00:00:00','00:00:00','00:00:00','00:00:00','00:00:00','00:00:00','00:00:00','00:00:00','00:00:00','2018-05-19 08:30:01'),
('5','2018-05-19 00:00:00','07:46:00','12:03:00','00:00:00','00:00:00','00:00:00','00:00:00','00:00:00','00:00:00','00:00:00','00:00:00','2018-05-19 08:30:01'),
('7','2018-05-19 00:00:00','07:48:00','12:14:00','00:00:00','00:00:00','00:00:00','00:00:00','00:00:00','00:00:00','00:00:00','00:00:00','2018-05-19 08:30:01'),
('25','2018-05-19 00:00:00','07:49:00','12:33:00','00:00:00','00:00:00','00:00:00','00:00:00','00:00:00','00:00:00','00:00:00','00:00:00','2018-05-19 08:30:01'),
('13','2018-05-19 00:00:00','07:50:00','12:58:00','00:00:00','00:00:00','00:00:00','00:00:00','00:00:00','00:00:00','00:00:00','00:00:00','2018-05-19 08:30:01'),
('11','2018-05-19 00:00:00','07:52:00','12:50:00','00:00:00','00:00:00','00:00:00','00:00:00','00:00:00','00:00:00','00:00:00','00:00:00','2018-05-19 08:30:01'),
('23','2018-05-19 00:00:00','07:55:00','16:03:00','00:00:00','00:00:00','00:00:00','00:00:00','00:00:00','00:00:00','00:00:00','00:00:00','2018-05-19 08:30:01'),
('16','2018-05-19 00:00:00','08:06:00','16:08:00','00:00:00','00:00:00','00:00:00','00:00:00','00:00:00','00:00:00','00:00:00','00:00:00','2018-05-19 08:30:01'),
('12','2018-05-19 00:00:00','08:10:00','13:04:00','00:00:00','00:00:00','00:00:00','00:00:00','00:00:00','00:00:00','00:00:00','00:00:00','2018-05-19 08:30:01'),
('9','2018-05-19 00:00:00','08:13:00','12:31:00','00:00:00','00:00:00','00:00:00','00:00:00','00:00:00','00:00:00','00:00:00','00:00:00','2018-05-19 08:30:01'),
('14','2018-05-19 00:00:00','08:23:00','00:00:00','00:00:00','00:00:00','00:00:00','00:00:00','00:00:00','00:00:00','00:00:00','00:00:00','2018-05-19 08:30:01'),
('24','2018-05-19 00:00:00','08:40:00','16:08:00','00:00:00','00:00:00','00:00:00','00:00:00','00:00:00','00:00:00','00:00:00','00:00:00','2018-05-19 09:00:00'),
('17','2018-05-19 00:00:00','08:52:00','12:32:00','00:00:00','00:00:00','00:00:00','00:00:00','00:00:00','00:00:00','00:00:00','00:00:00','2018-05-19 09:00:00'),
('8','2018-05-21 00:00:00','07:43:00','17:05:00','00:00:00','00:00:00','00:00:00','00:00:00','00:00:00','00:00:00','00:00:00','00:00:00','2018-05-21 08:30:01'),
('1','2018-05-21 00:00:00','07:43:00','00:00:00','00:00:00','00:00:00','00:00:00','00:00:00','00:00:00','00:00:00','00:00:00','00:00:00','2018-05-21 08:30:01'),
('5','2018-05-21 00:00:00','07:44:00','12:06:00','00:00:00','00:00:00','00:00:00','00:00:00','00:00:00','00:00:00','00:00:00','00:00:00','2018-05-21 08:30:01'),
('12','2018-05-21 00:00:00','07:46:00','17:56:00','00:00:00','00:00:00','00:00:00','00:00:00','00:00:00','00:00:00','00:00:00','00:00:00','2018-05-21 08:30:02'),
('25','2018-05-21 00:00:00','07:47:00','17:23:00','00:00:00','00:00:00','00:00:00','00:00:00','00:00:00','00:00:00','00:00:00','00:00:00','2018-05-21 08:30:02'),
('13','2018-05-21 00:00:00','07:57:00','17:40:00','00:00:00','00:00:00','00:00:00','00:00:00','00:00:00','00:00:00','00:00:00','00:00:00','2018-05-21 08:30:02'),
('11','2018-05-21 00:00:00','07:58:00','17:25:00','00:00:00','00:00:00','00:00:00','00:00:00','00:00:00','00:00:00','00:00:00','00:00:00','2018-05-21 08:30:02'),
('24','2018-05-21 00:00:00','08:05:00','17:52:00','00:00:00','00:00:00','00:00:00','00:00:00','00:00:00','00:00:00','00:00:00','00:00:00','2018-05-21 08:30:02'),
('7','2018-05-21 00:00:00','08:06:00','17:19:00','00:00:00','00:00:00','00:00:00','00:00:00','00:00:00','00:00:00','00:00:00','00:00:00','2018-05-21 08:30:02'),
('23','2018-05-21 00:00:00','08:09:00','17:24:00','17:33:00','00:00:00','00:00:00','00:00:00','00:00:00','00:00:00','00:00:00','00:00:00','2018-05-21 08:30:02'),
('16','2018-05-21 00:00:00','08:11:00','17:06:00','00:00:00','00:00:00','00:00:00','00:00:00','00:00:00','00:00:00','00:00:00','00:00:00','2018-05-21 08:30:02'),
('6','2018-05-21 00:00:00','08:15:00','14:35:00','00:00:00','00:00:00','00:00:00','00:00:00','00:00:00','00:00:00','00:00:00','00:00:00','2018-05-21 08:30:02'),
('14','2018-05-21 00:00:00','08:27:00','17:58:00','00:00:00','00:00:00','00:00:00','00:00:00','00:00:00','00:00:00','00:00:00','00:00:00','2018-05-21 08:30:02'),
('15','2018-05-21 00:00:00','08:27:00','17:06:00','00:00:00','00:00:00','00:00:00','00:00:00','00:00:00','00:00:00','00:00:00','00:00:00','2018-05-21 08:30:02'),
('17','2018-05-21 00:00:00','08:56:00','17:24:00','00:00:00','00:00:00','00:00:00','00:00:00','00:00:00','00:00:00','00:00:00','00:00:00','2018-05-21 09:00:00'),
('6','2018-05-22 00:00:00','07:39:00','17:16:00','00:00:00','00:00:00','00:00:00','00:00:00','00:00:00','00:00:00','00:00:00','00:00:00','2018-05-22 08:30:01'),
('16','2018-05-22 00:00:00','07:43:00','17:25:00','00:00:00','00:00:00','00:00:00','00:00:00','00:00:00','00:00:00','00:00:00','00:00:00','2018-05-22 08:30:01'),
('25','2018-05-22 00:00:00','07:45:00','17:12:00','00:00:00','00:00:00','00:00:00','00:00:00','00:00:00','00:00:00','00:00:00','00:00:00','2018-05-22 08:30:01'),
('5','2018-05-22 00:00:00','07:48:00','17:15:00','00:00:00','00:00:00','00:00:00','00:00:00','00:00:00','00:00:00','00:00:00','00:00:00','2018-05-22 08:30:01'),
('14','2018-05-22 00:00:00','07:51:00','18:45:00','00:00:00','00:00:00','00:00:00','00:00:00','00:00:00','00:00:00','00:00:00','00:00:00','2018-05-22 08:30:01'),
('1','2018-05-22 00:00:00','07:53:00','18:45:00','00:00:00','00:00:00','00:00:00','00:00:00','00:00:00','00:00:00','00:00:00','00:00:00','2018-05-22 08:30:02'),
('7','2018-05-22 00:00:00','08:03:00','17:47:00','00:00:00','00:00:00','00:00:00','00:00:00','00:00:00','00:00:00','00:00:00','00:00:00','2018-05-22 08:30:02'),
('12','2018-05-22 00:00:00','08:04:00','17:54:00','00:00:00','00:00:00','00:00:00','00:00:00','00:00:00','00:00:00','00:00:00','00:00:00','2018-05-22 08:30:02'),
('13','2018-05-22 00:00:00','08:06:00','17:52:00','00:00:00','00:00:00','00:00:00','00:00:00','00:00:00','00:00:00','00:00:00','00:00:00','2018-05-22 08:30:02'),
('8','2018-05-22 00:00:00','08:07:00','17:47:00','00:00:00','00:00:00','00:00:00','00:00:00','00:00:00','00:00:00','00:00:00','00:00:00','2018-05-22 08:30:02'),
('24','2018-05-22 00:00:00','08:11:00','17:47:00','00:00:00','00:00:00','00:00:00','00:00:00','00:00:00','00:00:00','00:00:00','00:00:00','2018-05-22 08:30:02'),
('23','2018-05-22 00:00:00','08:15:00','17:40:00','00:00:00','00:00:00','00:00:00','00:00:00','00:00:00','00:00:00','00:00:00','00:00:00','2018-05-22 08:30:02'),
('15','2018-05-22 00:00:00','08:27:00','17:06:00','00:00:00','00:00:00','00:00:00','00:00:00','00:00:00','00:00:00','00:00:00','00:00:00','2018-05-22 08:30:02'),
('9','2018-05-22 00:00:00','08:44:00','18:45:00','00:00:00','00:00:00','00:00:00','00:00:00','00:00:00','00:00:00','00:00:00','00:00:00','2018-05-22 09:00:01'),
('17','2018-05-22 00:00:00','08:55:00','17:32:00','00:00:00','00:00:00','00:00:00','00:00:00','00:00:00','00:00:00','00:00:00','00:00:00','2018-05-22 09:00:01'),
('6','2018-05-23 00:00:00','07:37:00','17:13:00','00:00:00','00:00:00','00:00:00','00:00:00','00:00:00','00:00:00','00:00:00','00:00:00','2018-05-23 08:30:01'),
('8','2018-05-23 00:00:00','07:37:00','17:12:00','00:00:00','00:00:00','00:00:00','00:00:00','00:00:00','00:00:00','00:00:00','00:00:00','2018-05-23 08:30:01'),
('5','2018-05-23 00:00:00','07:45:00','17:48:00','00:00:00','00:00:00','00:00:00','00:00:00','00:00:00','00:00:00','00:00:00','00:00:00','2018-05-23 08:30:01'),
('25','2018-05-23 00:00:00','07:49:00','17:38:00','00:00:00','00:00:00','00:00:00','00:00:00','00:00:00','00:00:00','00:00:00','00:00:00','2018-05-23 08:30:01'),
('23','2018-05-23 00:00:00','07:55:00','17:42:00','00:00:00','00:00:00','00:00:00','00:00:00','00:00:00','00:00:00','00:00:00','00:00:00','2018-05-23 08:30:01'),
('7','2018-05-23 00:00:00','07:56:00','17:10:00','00:00:00','00:00:00','00:00:00','00:00:00','00:00:00','00:00:00','00:00:00','00:00:00','2018-05-23 08:30:01'),
('1','2018-05-23 00:00:00','07:59:00','17:43:00','00:00:00','00:00:00','00:00:00','00:00:00','00:00:00','00:00:00','00:00:00','00:00:00','2018-05-23 08:30:02'),
('14','2018-05-23 00:00:00','07:59:00','17:12:00','00:00:00','00:00:00','00:00:00','00:00:00','00:00:00','00:00:00','00:00:00','00:00:00','2018-05-23 08:30:04'),
('13','2018-05-23 00:00:00','08:01:00','17:42:00','00:00:00','00:00:00','00:00:00','00:00:00','00:00:00','00:00:00','00:00:00','00:00:00','2018-05-23 08:30:04'),
('12','2018-05-23 00:00:00','08:04:00','17:49:00','00:00:00','00:00:00','00:00:00','00:00:00','00:00:00','00:00:00','00:00:00','00:00:00','2018-05-23 08:30:05'),
('16','2018-05-23 00:00:00','08:04:00','17:25:00','00:00:00','00:00:00','00:00:00','00:00:00','00:00:00','00:00:00','00:00:00','00:00:00','2018-05-23 08:30:05'),
('24','2018-05-23 00:00:00','08:09:00','17:31:00','00:00:00','00:00:00','00:00:00','00:00:00','00:00:00','00:00:00','00:00:00','00:00:00','2018-05-23 08:30:06'),
('15','2018-05-23 00:00:00','08:18:00','17:10:00','00:00:00','00:00:00','00:00:00','00:00:00','00:00:00','00:00:00','00:00:00','00:00:00','2018-05-23 08:30:06'),
('17','2018-05-23 00:00:00','08:50:00','17:36:00','00:00:00','00:00:00','00:00:00','00:00:00','00:00:00','00:00:00','00:00:00','00:00:00','2018-05-23 09:00:01'),
('11','2018-05-23 00:00:00','12:53:00','17:42:00','00:00:00','00:00:00','00:00:00','00:00:00','00:00:00','00:00:00','00:00:00','00:00:00','2018-05-23 16:00:01'),
('9','2018-05-23 00:00:00','18:16:00','00:00:00','00:00:00','00:00:00','00:00:00','00:00:00','00:00:00','00:00:00','00:00:00','00:00:00','2018-05-24 08:30:00'),
('6','2018-05-24 00:00:00','07:47:00','17:35:00','00:00:00','00:00:00','00:00:00','00:00:00','00:00:00','00:00:00','00:00:00','00:00:00','2018-05-24 08:30:00'),
('14','2018-05-24 00:00:00','07:47:00','00:00:00','00:00:00','00:00:00','00:00:00','00:00:00','00:00:00','00:00:00','00:00:00','00:00:00','2018-05-24 08:30:01'),
('25','2018-05-24 00:00:00','07:48:00','17:35:00','00:00:00','00:00:00','00:00:00','00:00:00','00:00:00','00:00:00','00:00:00','00:00:00','2018-05-24 08:30:01'),
('5','2018-05-24 00:00:00','07:48:00','17:33:00','00:00:00','00:00:00','00:00:00','00:00:00','00:00:00','00:00:00','00:00:00','00:00:00','2018-05-24 08:30:01'),
('12','2018-05-24 00:00:00','07:49:00','00:00:00','00:00:00','00:00:00','00:00:00','00:00:00','00:00:00','00:00:00','00:00:00','00:00:00','2018-05-24 08:30:01'),
('8','2018-05-24 00:00:00','07:51:00','17:01:00','00:00:00','00:00:00','00:00:00','00:00:00','00:00:00','00:00:00','00:00:00','00:00:00','2018-05-24 08:30:01'),
('13','2018-05-24 00:00:00','07:53:00','17:37:00','00:00:00','00:00:00','00:00:00','00:00:00','00:00:00','00:00:00','00:00:00','00:00:00','2018-05-24 08:30:01'),
('7','2018-05-24 00:00:00','07:54:00','17:05:00','00:00:00','00:00:00','00:00:00','00:00:00','00:00:00','00:00:00','00:00:00','00:00:00','2018-05-24 08:30:01'),
('16','2018-05-24 00:00:00','07:56:00','17:07:00','00:00:00','00:00:00','00:00:00','00:00:00','00:00:00','00:00:00','00:00:00','00:00:00','2018-05-24 08:30:01'),
('23','2018-05-24 00:00:00','08:01:00','00:00:00','00:00:00','00:00:00','00:00:00','00:00:00','00:00:00','00:00:00','00:00:00','00:00:00','2018-05-24 08:30:01'),
('1','2018-05-24 00:00:00','08:04:00','17:39:00','00:00:00','00:00:00','00:00:00','00:00:00','00:00:00','00:00:00','00:00:00','00:00:00','2018-05-24 08:30:01'),
('11','2018-05-24 00:00:00','08:06:00','17:43:00','00:00:00','00:00:00','00:00:00','00:00:00','00:00:00','00:00:00','00:00:00','00:00:00','2018-05-24 08:30:01'),
('24','2018-05-24 00:00:00','08:09:00','17:39:00','00:00:00','00:00:00','00:00:00','00:00:00','00:00:00','00:00:00','00:00:00','00:00:00','2018-05-24 08:30:01'),
('9','2018-05-24 00:00:00','08:30:00','17:48:00','00:00:00','00:00:00','00:00:00','00:00:00','00:00:00','00:00:00','00:00:00','00:00:00','2018-05-24 08:30:01'),
('15','2018-05-24 00:00:00','08:51:00','17:19:00','00:00:00','00:00:00','00:00:00','00:00:00','00:00:00','00:00:00','00:00:00','00:00:00','2018-05-24 09:00:04'),
('17','2018-05-24 00:00:00','09:05:00','17:31:00','00:00:00','00:00:00','00:00:00','00:00:00','00:00:00','00:00:00','00:00:00','00:00:00','2018-05-24 09:30:01'),
('8','2018-05-25 00:00:00','07:30:00','17:30:00','00:00:00','00:00:00','00:00:00','00:00:00','00:00:00','00:00:00','00:00:00','00:00:00','2018-05-25 08:30:01'),
('5','2018-05-25 00:00:00','07:42:00','17:38:00','00:00:00','00:00:00','00:00:00','00:00:00','00:00:00','00:00:00','00:00:00','00:00:00','2018-05-25 08:30:01'),
('23','2018-05-25 00:00:00','07:56:00','17:43:00','00:00:00','00:00:00','00:00:00','00:00:00','00:00:00','00:00:00','00:00:00','00:00:00','2018-05-25 08:30:02'),
('25','2018-05-25 00:00:00','07:56:00','17:34:00','00:00:00','00:00:00','00:00:00','00:00:00','00:00:00','00:00:00','00:00:00','00:00:00','2018-05-25 08:30:02'),
('6','2018-05-25 00:00:00','07:56:00','00:00:00','00:00:00','00:00:00','00:00:00','00:00:00','00:00:00','00:00:00','00:00:00','00:00:00','2018-05-25 08:30:02'),
('12','2018-05-25 00:00:00','08:02:00','17:43:00','00:00:00','00:00:00','00:00:00','00:00:00','00:00:00','00:00:00','00:00:00','00:00:00','2018-05-25 08:30:02'),
('13','2018-05-25 00:00:00','08:03:00','17:36:00','00:00:00','00:00:00','00:00:00','00:00:00','00:00:00','00:00:00','00:00:00','00:00:00','2018-05-25 08:30:02'),
('11','2018-05-25 00:00:00','08:04:00','17:14:00','00:00:00','00:00:00','00:00:00','00:00:00','00:00:00','00:00:00','00:00:00','00:00:00','2018-05-25 08:30:02'),
('16','2018-05-25 00:00:00','08:05:00','17:06:00','00:00:00','00:00:00','00:00:00','00:00:00','00:00:00','00:00:00','00:00:00','00:00:00','2018-05-25 08:30:02'),
('24','2018-05-25 00:00:00','08:10:00','17:40:00','00:00:00','00:00:00','00:00:00','00:00:00','00:00:00','00:00:00','00:00:00','00:00:00','2018-05-25 08:30:02'),
('7','2018-05-25 00:00:00','08:12:00','17:14:00','00:00:00','00:00:00','00:00:00','00:00:00','00:00:00','00:00:00','00:00:00','00:00:00','2018-05-25 08:30:02'),
('14','2018-05-25 00:00:00','08:18:00','17:58:00','00:00:00','00:00:00','00:00:00','00:00:00','00:00:00','00:00:00','00:00:00','00:00:00','2018-05-25 08:30:02'),
('17','2018-05-25 00:00:00','08:23:00','17:36:00','00:00:00','00:00:00','00:00:00','00:00:00','00:00:00','00:00:00','00:00:00','00:00:00','2018-05-25 08:30:02'),
('15','2018-05-25 00:00:00','08:28:00','17:18:00','00:00:00','00:00:00','00:00:00','00:00:00','00:00:00','00:00:00','00:00:00','00:00:00','2018-05-25 08:30:02'),
('9','2018-05-25 00:00:00','08:50:00','17:59:00','00:00:00','00:00:00','00:00:00','00:00:00','00:00:00','00:00:00','00:00:00','00:00:00','2018-05-25 09:00:01'),
('5','2018-05-26 00:00:00','07:40:00','12:03:00','00:00:00','00:00:00','00:00:00','00:00:00','00:00:00','00:00:00','00:00:00','00:00:00','2018-05-26 08:30:00'),
('8','2018-05-26 00:00:00','07:41:00','11:58:00','00:00:00','00:00:00','00:00:00','00:00:00','00:00:00','00:00:00','00:00:00','00:00:00','2018-05-26 08:30:00'),
('14','2018-05-26 00:00:00','07:54:00','12:26:00','00:00:00','00:00:00','00:00:00','00:00:00','00:00:00','00:00:00','00:00:00','00:00:00','2018-05-26 08:30:00'),
('16','2018-05-26 00:00:00','07:58:00','12:25:00','00:00:00','00:00:00','00:00:00','00:00:00','00:00:00','00:00:00','00:00:00','00:00:00','2018-05-26 08:30:00'),
('25','2018-05-26 00:00:00','07:59:00','12:12:00','00:00:00','00:00:00','00:00:00','00:00:00','00:00:00','00:00:00','00:00:00','00:00:00','2018-05-26 08:30:01'),
('23','2018-05-26 00:00:00','07:59:00','12:33:00','12:33:00','12:33:00','12:33:00','12:33:00','00:00:00','00:00:00','00:00:00','00:00:00','2018-05-26 08:30:01'),
('13','2018-05-26 00:00:00','08:02:00','14:19:00','00:00:00','00:00:00','00:00:00','00:00:00','00:00:00','00:00:00','00:00:00','00:00:00','2018-05-26 08:30:01'),
('7','2018-05-26 00:00:00','08:03:00','12:03:00','00:00:00','00:00:00','00:00:00','00:00:00','00:00:00','00:00:00','00:00:00','00:00:00','2018-05-26 08:30:01'),
('11','2018-05-26 00:00:00','08:05:00','12:25:00','00:00:00','00:00:00','00:00:00','00:00:00','00:00:00','00:00:00','00:00:00','00:00:00','2018-05-26 08:30:01'),
('24','2018-05-26 00:00:00','08:07:00','12:33:00','00:00:00','00:00:00','00:00:00','00:00:00','00:00:00','00:00:00','00:00:00','00:00:00','2018-05-26 08:30:02'),
('6','2018-05-26 00:00:00','08:08:00','12:25:00','00:00:00','00:00:00','00:00:00','00:00:00','00:00:00','00:00:00','00:00:00','00:00:00','2018-05-26 08:30:02'),
('12','2018-05-26 00:00:00','08:21:00','12:34:00','00:00:00','00:00:00','00:00:00','00:00:00','00:00:00','00:00:00','00:00:00','00:00:00','2018-05-26 08:30:03'),
('17','2018-05-26 00:00:00','08:51:00','12:22:00','00:00:00','00:00:00','00:00:00','00:00:00','00:00:00','00:00:00','00:00:00','00:00:00','2018-05-26 09:00:00'),
('15','2018-05-26 00:00:00','08:57:00','14:08:00','00:00:00','00:00:00','00:00:00','00:00:00','00:00:00','00:00:00','00:00:00','00:00:00','2018-05-26 09:00:00'),
('9','2018-05-26 00:00:00','09:17:00','00:00:00','00:00:00','00:00:00','00:00:00','00:00:00','00:00:00','00:00:00','00:00:00','00:00:00','2018-05-26 09:30:01'),
('5','2018-05-28 00:00:00','07:42:00','17:06:00','00:00:00','00:00:00','00:00:00','00:00:00','00:00:00','00:00:00','00:00:00','00:00:00','2018-05-28 08:30:01'),
('1','2018-05-28 00:00:00','07:46:00','17:37:00','00:00:00','00:00:00','00:00:00','00:00:00','00:00:00','00:00:00','00:00:00','00:00:00','2018-05-28 08:30:01'),
('8','2018-05-28 00:00:00','07:46:00','17:37:00','00:00:00','00:00:00','00:00:00','00:00:00','00:00:00','00:00:00','00:00:00','00:00:00','2018-05-28 08:30:01'),
('6','2018-05-28 00:00:00','08:02:00','17:24:00','00:00:00','00:00:00','00:00:00','00:00:00','00:00:00','00:00:00','00:00:00','00:00:00','2018-05-28 08:30:01'),
('13','2018-05-28 00:00:00','08:02:00','17:46:00','00:00:00','00:00:00','00:00:00','00:00:00','00:00:00','00:00:00','00:00:00','00:00:00','2018-05-28 08:30:01'),
('12','2018-05-28 00:00:00','08:03:00','17:38:00','00:00:00','00:00:00','00:00:00','00:00:00','00:00:00','00:00:00','00:00:00','00:00:00','2018-05-28 08:30:01'),
('17','2018-05-28 00:00:00','08:03:00','17:18:00','00:00:00','00:00:00','00:00:00','00:00:00','00:00:00','00:00:00','00:00:00','00:00:00','2018-05-28 08:30:01'),
('11','2018-05-28 00:00:00','08:07:00','17:20:00','00:00:00','00:00:00','00:00:00','00:00:00','00:00:00','00:00:00','00:00:00','00:00:00','2018-05-28 08:30:02'),
('24','2018-05-28 00:00:00','08:09:00','17:46:00','00:00:00','00:00:00','00:00:00','00:00:00','00:00:00','00:00:00','00:00:00','00:00:00','2018-05-28 08:30:02'),
('25','2018-05-28 00:00:00','08:11:00','17:28:00','00:00:00','00:00:00','00:00:00','00:00:00','00:00:00','00:00:00','00:00:00','00:00:00','2018-05-28 08:30:02'),
('7','2018-05-28 00:00:00','08:14:00','17:10:00','00:00:00','00:00:00','00:00:00','00:00:00','00:00:00','00:00:00','00:00:00','00:00:00','2018-05-28 08:30:02'),
('23','2018-05-28 00:00:00','08:15:00','17:46:00','17:46:00','17:46:00','00:00:00','00:00:00','00:00:00','00:00:00','00:00:00','00:00:00','2018-05-28 08:30:02'),
('15','2018-05-28 00:00:00','08:17:00','17:26:00','00:00:00','00:00:00','00:00:00','00:00:00','00:00:00','00:00:00','00:00:00','00:00:00','2018-05-28 08:30:02'),
('16','2018-05-28 00:00:00','08:17:00','17:12:00','00:00:00','00:00:00','00:00:00','00:00:00','00:00:00','00:00:00','00:00:00','00:00:00','2018-05-28 08:30:02'),
('9','2018-05-28 00:00:00','08:17:00','17:37:00','00:00:00','00:00:00','00:00:00','00:00:00','00:00:00','00:00:00','00:00:00','00:00:00','2018-05-28 08:30:02'),
('14','2018-05-28 00:00:00','08:28:00','00:00:00','00:00:00','00:00:00','00:00:00','00:00:00','00:00:00','00:00:00','00:00:00','00:00:00','2018-05-28 08:30:02'),
('8','2018-05-29 00:00:00','07:34:00','17:55:00','00:00:00','00:00:00','00:00:00','00:00:00','00:00:00','00:00:00','00:00:00','00:00:00','2018-05-29 08:30:00'),
('23','2018-05-29 00:00:00','07:42:00','18:03:00','00:00:00','00:00:00','00:00:00','00:00:00','00:00:00','00:00:00','00:00:00','00:00:00','2018-05-29 08:30:00'),
('1','2018-05-29 00:00:00','07:45:00','00:00:00','00:00:00','00:00:00','00:00:00','00:00:00','00:00:00','00:00:00','00:00:00','00:00:00','2018-05-29 08:30:00'),
('5','2018-05-29 00:00:00','07:51:00','17:34:00','00:00:00','00:00:00','00:00:00','00:00:00','00:00:00','00:00:00','00:00:00','00:00:00','2018-05-29 08:30:00'),
('6','2018-05-29 00:00:00','07:51:00','17:29:00','00:00:00','00:00:00','00:00:00','00:00:00','00:00:00','00:00:00','00:00:00','00:00:00','2018-05-29 08:30:00'),
('12','2018-05-29 00:00:00','07:55:00','18:04:00','00:00:00','00:00:00','00:00:00','00:00:00','00:00:00','00:00:00','00:00:00','00:00:00','2018-05-29 08:30:00'),
('7','2018-05-29 00:00:00','08:00:00','17:39:00','00:00:00','00:00:00','00:00:00','00:00:00','00:00:00','00:00:00','00:00:00','00:00:00','2018-05-29 08:30:01'),
('25','2018-05-29 00:00:00','08:00:00','17:32:00','00:00:00','00:00:00','00:00:00','00:00:00','00:00:00','00:00:00','00:00:00','00:00:00','2018-05-29 08:30:01'),
('16','2018-05-29 00:00:00','08:01:00','17:26:00','00:00:00','00:00:00','00:00:00','00:00:00','00:00:00','00:00:00','00:00:00','00:00:00','2018-05-29 08:30:01'),
('14','2018-05-29 00:00:00','08:05:00','18:50:00','00:00:00','00:00:00','00:00:00','00:00:00','00:00:00','00:00:00','00:00:00','00:00:00','2018-05-29 08:30:01'),
('13','2018-05-29 00:00:00','08:05:00','17:36:00','00:00:00','00:00:00','00:00:00','00:00:00','00:00:00','00:00:00','00:00:00','00:00:00','2018-05-29 08:30:01'),
('11','2018-05-29 00:00:00','08:10:00','17:27:00','00:00:00','00:00:00','00:00:00','00:00:00','00:00:00','00:00:00','00:00:00','00:00:00','2018-05-29 08:30:01'),
('24','2018-05-29 00:00:00','08:16:00','18:19:00','00:00:00','00:00:00','00:00:00','00:00:00','00:00:00','00:00:00','00:00:00','00:00:00','2018-05-29 08:30:01'),
('9','2018-05-29 00:00:00','08:20:00','18:50:00','00:00:00','00:00:00','00:00:00','00:00:00','00:00:00','00:00:00','00:00:00','00:00:00','2018-05-29 08:30:01'),
('15','2018-05-29 00:00:00','08:26:00','17:28:00','00:00:00','00:00:00','00:00:00','00:00:00','00:00:00','00:00:00','00:00:00','00:00:00','2018-05-29 08:30:01'),
('17','2018-05-29 00:00:00','08:53:00','17:35:00','00:00:00','00:00:00','00:00:00','00:00:00','00:00:00','00:00:00','00:00:00','00:00:00','2018-05-29 09:00:01'),
('6','2018-05-30 00:00:00','05:40:00','00:00:00','00:00:00','00:00:00','00:00:00','00:00:00','00:00:00','00:00:00','00:00:00','00:00:00','2018-05-30 08:30:01'),
('5','2018-05-30 00:00:00','05:44:00','00:00:00','00:00:00','00:00:00','00:00:00','00:00:00','00:00:00','00:00:00','00:00:00','00:00:00','2018-05-30 08:30:01'),
('8','2018-05-30 00:00:00','07:50:00','17:11:00','00:00:00','00:00:00','00:00:00','00:00:00','00:00:00','00:00:00','00:00:00','00:00:00','2018-05-30 08:30:01'),
('16','2018-05-30 00:00:00','07:51:00','17:30:00','00:00:00','00:00:00','00:00:00','00:00:00','00:00:00','00:00:00','00:00:00','00:00:00','2018-05-30 08:30:01'),
('1','2018-05-30 00:00:00','07:52:00','00:00:00','00:00:00','00:00:00','00:00:00','00:00:00','00:00:00','00:00:00','00:00:00','00:00:00','2018-05-30 08:30:02'),
('13','2018-05-30 00:00:00','07:59:00','17:17:00','00:00:00','00:00:00','00:00:00','00:00:00','00:00:00','00:00:00','00:00:00','00:00:00','2018-05-30 08:30:03'),
('23','2018-05-30 00:00:00','08:04:00','17:25:00','00:00:00','00:00:00','00:00:00','00:00:00','00:00:00','00:00:00','00:00:00','00:00:00','2018-05-30 08:30:03'),
('25','2018-05-30 00:00:00','08:04:00','17:25:00','00:00:00','00:00:00','00:00:00','00:00:00','00:00:00','00:00:00','00:00:00','00:00:00','2018-05-30 08:30:05'),
('11','2018-05-30 00:00:00','08:06:00','17:35:00','00:00:00','00:00:00','00:00:00','00:00:00','00:00:00','00:00:00','00:00:00','00:00:00','2018-05-30 08:30:07'),
('24','2018-05-30 00:00:00','08:07:00','17:25:00','00:00:00','00:00:00','00:00:00','00:00:00','00:00:00','00:00:00','00:00:00','00:00:00','2018-05-30 08:30:08'),
('12','2018-05-30 00:00:00','08:10:00','17:45:00','00:00:00','00:00:00','00:00:00','00:00:00','00:00:00','00:00:00','00:00:00','00:00:00','2018-05-30 08:30:09'),
('9','2018-05-30 00:00:00','08:18:00','18:04:00','00:00:00','00:00:00','00:00:00','00:00:00','00:00:00','00:00:00','00:00:00','00:00:00','2018-05-30 08:30:10'),
('15','2018-05-30 00:00:00','08:21:00','17:15:00','00:00:00','00:00:00','00:00:00','00:00:00','00:00:00','00:00:00','00:00:00','00:00:00','2018-05-30 08:30:10'),
('7','2018-05-30 00:00:00','08:21:00','17:11:00','00:00:00','00:00:00','00:00:00','00:00:00','00:00:00','00:00:00','00:00:00','00:00:00','2018-05-30 08:30:10'),
('14','2018-05-30 00:00:00','08:24:00','17:50:00','00:00:00','00:00:00','00:00:00','00:00:00','00:00:00','00:00:00','00:00:00','00:00:00','2018-05-30 08:30:10'),
('17','2018-05-30 00:00:00','09:02:00','17:37:00','00:00:00','00:00:00','00:00:00','00:00:00','00:00:00','00:00:00','00:00:00','00:00:00','2018-05-30 09:00:00'),
('1','2018-05-31 00:00:00','07:46:00','18:31:00','00:00:00','00:00:00','00:00:00','00:00:00','00:00:00','00:00:00','00:00:00','00:00:00','2018-05-31 08:30:01'),
('8','2018-05-31 00:00:00','07:46:00','18:05:00','00:00:00','00:00:00','00:00:00','00:00:00','00:00:00','00:00:00','00:00:00','00:00:00','2018-05-31 08:30:01'),
('5','2018-05-31 00:00:00','07:49:00','18:03:00','00:00:00','00:00:00','00:00:00','00:00:00','00:00:00','00:00:00','00:00:00','00:00:00','2018-05-31 08:30:01'),
('13','2018-05-31 00:00:00','07:56:00','18:15:00','00:00:00','00:00:00','00:00:00','00:00:00','00:00:00','00:00:00','00:00:00','00:00:00','2018-05-31 08:30:01'),
('7','2018-05-31 00:00:00','08:01:00','17:42:00','00:00:00','00:00:00','00:00:00','00:00:00','00:00:00','00:00:00','00:00:00','00:00:00','2018-05-31 08:30:01'),
('12','2018-05-31 00:00:00','08:02:00','18:17:00','00:00:00','00:00:00','00:00:00','00:00:00','00:00:00','00:00:00','00:00:00','00:00:00','2018-05-31 08:30:01'),
('25','2018-05-31 00:00:00','08:02:00','17:23:00','00:00:00','00:00:00','00:00:00','00:00:00','00:00:00','00:00:00','00:00:00','00:00:00','2018-05-31 08:30:01'),
('11','2018-05-31 00:00:00','08:07:00','17:56:00','00:00:00','00:00:00','00:00:00','00:00:00','00:00:00','00:00:00','00:00:00','00:00:00','2018-05-31 08:30:01'),
('24','2018-05-31 00:00:00','08:08:00','18:31:00','00:00:00','00:00:00','00:00:00','00:00:00','00:00:00','00:00:00','00:00:00','00:00:00','2018-05-31 08:30:01'),
('15','2018-05-31 00:00:00','08:14:00','17:21:00','00:00:00','00:00:00','00:00:00','00:00:00','00:00:00','00:00:00','00:00:00','00:00:00','2018-05-31 08:30:01'),
('23','2018-05-31 00:00:00','08:21:00','17:33:00','18:22:00','00:00:00','00:00:00','00:00:00','00:00:00','00:00:00','00:00:00','00:00:00','2018-05-31 08:30:01'),
('16','2018-05-31 00:00:00','08:21:00','17:29:00','00:00:00','00:00:00','00:00:00','00:00:00','00:00:00','00:00:00','00:00:00','00:00:00','2018-05-31 08:30:01'),
('14','2018-05-31 00:00:00','08:25:00','18:31:00','00:00:00','00:00:00','00:00:00','00:00:00','00:00:00','00:00:00','00:00:00','00:00:00','2018-05-31 08:30:01'),
('9','2018-05-31 00:00:00','08:50:00','18:04:00','00:00:00','00:00:00','00:00:00','00:00:00','00:00:00','00:00:00','00:00:00','00:00:00','2018-05-31 09:00:00'),
('17','2018-05-31 00:00:00','09:36:00','17:35:00','00:00:00','00:00:00','00:00:00','00:00:00','00:00:00','00:00:00','00:00:00','00:00:00','2018-05-31 10:00:00'),
('8','2018-06-02 00:00:00','07:42:00','18:02:00','00:00:00','00:00:00','00:00:00','00:00:00','00:00:00','00:00:00','00:00:00','00:00:00','2018-06-02 08:30:00'),
('5','2018-06-02 00:00:00','07:44:00','12:10:00','00:00:00','00:00:00','00:00:00','00:00:00','00:00:00','00:00:00','00:00:00','00:00:00','2018-06-02 08:30:00'),
('13','2018-06-02 00:00:00','07:47:00','16:18:00','00:00:00','00:00:00','00:00:00','00:00:00','00:00:00','00:00:00','00:00:00','00:00:00','2018-06-02 08:30:01'),
('25','2018-06-02 00:00:00','07:59:00','12:36:00','00:00:00','00:00:00','00:00:00','00:00:00','00:00:00','00:00:00','00:00:00','00:00:00','2018-06-02 08:30:01'),
('6','2018-06-02 00:00:00','08:01:00','13:01:00','00:00:00','00:00:00','00:00:00','00:00:00','00:00:00','00:00:00','00:00:00','00:00:00','2018-06-02 08:30:01'),
('16','2018-06-02 00:00:00','08:02:00','16:18:00','00:00:00','00:00:00','00:00:00','00:00:00','00:00:00','00:00:00','00:00:00','00:00:00','2018-06-02 08:30:01'),
('23','2018-06-02 00:00:00','08:05:00','12:31:00','00:00:00','00:00:00','00:00:00','00:00:00','00:00:00','00:00:00','00:00:00','00:00:00','2018-06-02 08:30:01'),
('7','2018-06-02 00:00:00','08:05:00','12:13:00','00:00:00','00:00:00','00:00:00','00:00:00','00:00:00','00:00:00','00:00:00','00:00:00','2018-06-02 08:30:01'),
('12','2018-06-02 00:00:00','08:05:00','16:38:00','00:00:00','00:00:00','00:00:00','00:00:00','00:00:00','00:00:00','00:00:00','00:00:00','2018-06-02 08:30:01'),
('11','2018-06-02 00:00:00','08:07:00','12:28:00','00:00:00','00:00:00','00:00:00','00:00:00','00:00:00','00:00:00','00:00:00','00:00:00','2018-06-02 08:30:01'),
('24','2018-06-02 00:00:00','08:09:00','12:46:00','00:00:00','00:00:00','00:00:00','00:00:00','00:00:00','00:00:00','00:00:00','00:00:00','2018-06-02 08:30:01'),
('1','2018-06-02 00:00:00','08:22:00','00:00:00','00:00:00','00:00:00','00:00:00','00:00:00','00:00:00','00:00:00','00:00:00','00:00:00','2018-06-02 08:30:01'),
('15','2018-06-02 00:00:00','08:22:00','13:21:00','00:00:00','00:00:00','00:00:00','00:00:00','00:00:00','00:00:00','00:00:00','00:00:00','2018-06-02 08:30:01'),
('14','2018-06-02 00:00:00','08:40:00','12:10:00','00:00:00','00:00:00','00:00:00','00:00:00','00:00:00','00:00:00','00:00:00','00:00:00','2018-06-02 09:00:00'),
('17','2018-06-02 00:00:00','08:49:00','13:24:00','00:00:00','00:00:00','00:00:00','00:00:00','00:00:00','00:00:00','00:00:00','00:00:00','2018-06-02 09:00:00'),
('9','2018-06-02 00:00:00','09:02:00','18:04:00','00:00:00','00:00:00','00:00:00','00:00:00','00:00:00','00:00:00','00:00:00','00:00:00','2018-06-02 09:00:00'),
('5','2018-06-04 00:00:00','07:52:00','19:13:00','00:00:00','00:00:00','00:00:00','00:00:00','00:00:00','00:00:00','00:00:00','00:00:00','2018-06-04 08:30:01'),
('8','2018-06-04 00:00:00','07:52:00','17:07:00','00:00:00','00:00:00','00:00:00','00:00:00','00:00:00','00:00:00','00:00:00','00:00:00','2018-06-04 08:30:01'),
('12','2018-06-04 00:00:00','07:53:00','17:28:00','00:00:00','00:00:00','00:00:00','00:00:00','00:00:00','00:00:00','00:00:00','00:00:00','2018-06-04 08:30:01'),
('6','2018-06-04 00:00:00','07:55:00','00:00:00','00:00:00','00:00:00','00:00:00','00:00:00','00:00:00','00:00:00','00:00:00','00:00:00','2018-06-04 08:30:01'),
('25','2018-06-04 00:00:00','07:57:00','17:25:00','00:00:00','00:00:00','00:00:00','00:00:00','00:00:00','00:00:00','00:00:00','00:00:00','2018-06-04 08:30:01'),
('11','2018-06-04 00:00:00','08:04:00','17:16:00','00:00:00','00:00:00','00:00:00','00:00:00','00:00:00','00:00:00','00:00:00','00:00:00','2018-06-04 08:30:01'),
('23','2018-06-04 00:00:00','08:04:00','12:18:00','00:00:00','00:00:00','00:00:00','00:00:00','00:00:00','00:00:00','00:00:00','00:00:00','2018-06-04 08:30:01'),
('13','2018-06-04 00:00:00','08:08:00','17:51:00','00:00:00','00:00:00','00:00:00','00:00:00','00:00:00','00:00:00','00:00:00','00:00:00','2018-06-04 08:30:01'),
('16','2018-06-04 00:00:00','08:09:00','17:15:00','00:00:00','00:00:00','00:00:00','00:00:00','00:00:00','00:00:00','00:00:00','00:00:00','2018-06-04 08:30:01'),
('24','2018-06-04 00:00:00','08:10:00','17:57:00','00:00:00','00:00:00','00:00:00','00:00:00','00:00:00','00:00:00','00:00:00','00:00:00','2018-06-04 08:30:01'),
('1','2018-06-04 00:00:00','08:12:00','00:00:00','00:00:00','00:00:00','00:00:00','00:00:00','00:00:00','00:00:00','00:00:00','00:00:00','2018-06-04 08:30:01'),
('7','2018-06-04 00:00:00','08:13:00','17:25:00','00:00:00','00:00:00','00:00:00','00:00:00','00:00:00','00:00:00','00:00:00','00:00:00','2018-06-04 08:30:01'),
('14','2018-06-04 00:00:00','08:25:00','19:17:00','00:00:00','00:00:00','00:00:00','00:00:00','00:00:00','00:00:00','00:00:00','00:00:00','2018-06-04 08:30:01'),
('15','2018-06-04 00:00:00','08:35:00','17:30:00','00:00:00','00:00:00','00:00:00','00:00:00','00:00:00','00:00:00','00:00:00','00:00:00','2018-06-04 09:00:00'),
('9','2018-06-04 00:00:00','08:49:00','18:11:00','00:00:00','00:00:00','00:00:00','00:00:00','00:00:00','00:00:00','00:00:00','00:00:00','2018-06-04 09:00:00'),
('17','2018-06-04 00:00:00','08:53:00','17:32:00','00:00:00','00:00:00','00:00:00','00:00:00','00:00:00','00:00:00','00:00:00','00:00:00','2018-06-04 09:00:00'),
('6','2018-06-05 00:00:00','07:39:00','17:09:00','00:00:00','00:00:00','00:00:00','00:00:00','00:00:00','00:00:00','00:00:00','00:00:00','2018-06-05 08:30:02'),
('5','2018-06-05 00:00:00','07:40:00','00:00:00','00:00:00','00:00:00','00:00:00','00:00:00','00:00:00','00:00:00','00:00:00','00:00:00','2018-06-05 08:30:03'),
('12','2018-06-05 00:00:00','07:45:00','18:01:00','00:00:00','00:00:00','00:00:00','00:00:00','00:00:00','00:00:00','00:00:00','00:00:00','2018-06-05 08:30:03'),
('16','2018-06-05 00:00:00','07:52:00','17:13:00','00:00:00','00:00:00','00:00:00','00:00:00','00:00:00','00:00:00','00:00:00','00:00:00','2018-06-05 08:30:04'),
('25','2018-06-05 00:00:00','07:55:00','17:16:00','00:00:00','00:00:00','00:00:00','00:00:00','00:00:00','00:00:00','00:00:00','00:00:00','2018-06-05 08:30:04'),
('9','2018-06-05 00:00:00','08:00:00','18:02:00','00:00:00','00:00:00','00:00:00','00:00:00','00:00:00','00:00:00','00:00:00','00:00:00','2018-06-05 08:30:05'),
('13','2018-06-05 00:00:00','08:00:00','18:01:00','00:00:00','00:00:00','00:00:00','00:00:00','00:00:00','00:00:00','00:00:00','00:00:00','2018-06-05 08:30:05'),
('11','2018-06-05 00:00:00','08:01:00','17:16:00','00:00:00','00:00:00','00:00:00','00:00:00','00:00:00','00:00:00','00:00:00','00:00:00','2018-06-05 08:30:05'),
('1','2018-06-05 00:00:00','08:06:00','00:00:00','00:00:00','00:00:00','00:00:00','00:00:00','00:00:00','00:00:00','00:00:00','00:00:00','2018-06-05 08:30:05'),
('8','2018-06-05 00:00:00','08:06:00','17:29:00','00:00:00','00:00:00','00:00:00','00:00:00','00:00:00','00:00:00','00:00:00','00:00:00','2018-06-05 08:30:05'),
('7','2018-06-05 00:00:00','08:06:00','17:21:00','00:00:00','00:00:00','00:00:00','00:00:00','00:00:00','00:00:00','00:00:00','00:00:00','2018-06-05 08:30:05'),
('24','2018-06-05 00:00:00','08:09:00','17:51:00','00:00:00','00:00:00','00:00:00','00:00:00','00:00:00','00:00:00','00:00:00','00:00:00','2018-06-05 08:30:05'),
('23','2018-06-05 00:00:00','08:16:00','17:21:00','00:00:00','00:00:00','00:00:00','00:00:00','00:00:00','00:00:00','00:00:00','00:00:00','2018-06-05 08:30:05'),
('14','2018-06-05 00:00:00','08:28:00','17:36:00','00:00:00','00:00:00','00:00:00','00:00:00','00:00:00','00:00:00','00:00:00','00:00:00','2018-06-05 08:30:05'),
('17','2018-06-05 00:00:00','08:53:00','17:26:00','00:00:00','00:00:00','00:00:00','00:00:00','00:00:00','00:00:00','00:00:00','00:00:00','2018-06-05 09:00:00'),
('15','2018-06-05 00:00:00','12:13:00','17:20:00','00:00:00','00:00:00','00:00:00','00:00:00','00:00:00','00:00:00','00:00:00','00:00:00','2018-06-05 16:00:01'),
('8','2018-06-06 00:00:00','07:39:00','17:00:00','00:00:00','00:00:00','00:00:00','00:00:00','00:00:00','00:00:00','00:00:00','00:00:00','2018-06-06 08:30:06'),
('5','2018-06-06 00:00:00','07:47:00','18:01:00','00:00:00','00:00:00','00:00:00','00:00:00','00:00:00','00:00:00','00:00:00','00:00:00','2018-06-06 08:30:06'),
('9','2018-06-06 00:00:00','07:47:00','18:17:00','00:00:00','00:00:00','00:00:00','00:00:00','00:00:00','00:00:00','00:00:00','00:00:00','2018-06-06 08:30:07'),
('12','2018-06-06 00:00:00','07:48:00','17:32:00','00:00:00','00:00:00','00:00:00','00:00:00','00:00:00','00:00:00','00:00:00','00:00:00','2018-06-06 08:30:08'),
('6','2018-06-06 00:00:00','07:56:00','17:08:00','00:00:00','00:00:00','00:00:00','00:00:00','00:00:00','00:00:00','00:00:00','00:00:00','2018-06-06 08:30:09'),
('25','2018-06-06 00:00:00','07:57:00','17:18:00','00:00:00','00:00:00','00:00:00','00:00:00','00:00:00','00:00:00','00:00:00','00:00:00','2018-06-06 08:30:09'),
('7','2018-06-06 00:00:00','07:59:00','17:25:00','00:00:00','00:00:00','00:00:00','00:00:00','00:00:00','00:00:00','00:00:00','00:00:00','2018-06-06 08:30:10'),
('23','2018-06-06 00:00:00','08:03:00','17:26:00','00:00:00','00:00:00','00:00:00','00:00:00','00:00:00','00:00:00','00:00:00','00:00:00','2018-06-06 08:30:10'),
('14','2018-06-06 00:00:00','08:04:00','18:04:00','00:00:00','00:00:00','00:00:00','00:00:00','00:00:00','00:00:00','00:00:00','00:00:00','2018-06-06 08:30:10'),
('16','2018-06-06 00:00:00','08:05:00','17:03:00','00:00:00','00:00:00','00:00:00','00:00:00','00:00:00','00:00:00','00:00:00','00:00:00','2018-06-06 08:30:10'),
('13','2018-06-06 00:00:00','08:06:00','18:07:00','00:00:00','00:00:00','00:00:00','00:00:00','00:00:00','00:00:00','00:00:00','00:00:00','2018-06-06 08:30:10'),
('24','2018-06-06 00:00:00','08:09:00','17:26:00','00:00:00','00:00:00','00:00:00','00:00:00','00:00:00','00:00:00','00:00:00','00:00:00','2018-06-06 08:30:10'),
('11','2018-06-06 00:00:00','08:09:00','17:21:00','00:00:00','00:00:00','00:00:00','00:00:00','00:00:00','00:00:00','00:00:00','00:00:00','2018-06-06 08:30:10'),
('1','2018-06-06 00:00:00','08:12:00','17:06:00','00:00:00','00:00:00','00:00:00','00:00:00','00:00:00','00:00:00','00:00:00','00:00:00','2018-06-06 08:30:11'),
('15','2018-06-06 00:00:00','08:23:00','17:19:00','00:00:00','00:00:00','00:00:00','00:00:00','00:00:00','00:00:00','00:00:00','00:00:00','2018-06-06 08:30:11'),
('17','2018-06-06 00:00:00','08:53:00','17:39:00','00:00:00','00:00:00','00:00:00','00:00:00','00:00:00','00:00:00','00:00:00','00:00:00','2018-06-06 09:00:00'),
('6','2018-06-07 00:00:00','07:35:00','17:47:00','00:00:00','00:00:00','00:00:00','00:00:00','00:00:00','00:00:00','00:00:00','00:00:00','2018-06-07 08:30:01'),
('8','2018-06-07 00:00:00','07:37:00','17:43:00','00:00:00','00:00:00','00:00:00','00:00:00','00:00:00','00:00:00','00:00:00','00:00:00','2018-06-07 08:30:01'),
('5','2018-06-07 00:00:00','07:45:00','17:45:00','00:00:00','00:00:00','00:00:00','00:00:00','00:00:00','00:00:00','00:00:00','00:00:00','2018-06-07 08:30:01'),
('13','2018-06-07 00:00:00','07:52:00','17:44:00','00:00:00','00:00:00','00:00:00','00:00:00','00:00:00','00:00:00','00:00:00','00:00:00','2018-06-07 08:30:01'),
('11','2018-06-07 00:00:00','08:01:00','17:28:00','00:00:00','00:00:00','00:00:00','00:00:00','00:00:00','00:00:00','00:00:00','00:00:00','2018-06-07 08:30:01'),
('25','2018-06-07 00:00:00','08:03:00','17:20:00','00:00:00','00:00:00','00:00:00','00:00:00','00:00:00','00:00:00','00:00:00','00:00:00','2018-06-07 08:30:01'),
('7','2018-06-07 00:00:00','08:05:00','17:23:00','00:00:00','00:00:00','00:00:00','00:00:00','00:00:00','00:00:00','00:00:00','00:00:00','2018-06-07 08:30:01'),
('12','2018-06-07 00:00:00','08:06:00','17:46:00','00:00:00','00:00:00','00:00:00','00:00:00','00:00:00','00:00:00','00:00:00','00:00:00','2018-06-07 08:30:01'),
('16','2018-06-07 00:00:00','08:08:00','17:17:00','00:00:00','00:00:00','00:00:00','00:00:00','00:00:00','00:00:00','00:00:00','00:00:00','2018-06-07 08:30:01'),
('23','2018-06-07 00:00:00','08:09:00','17:34:00','00:00:00','00:00:00','00:00:00','00:00:00','00:00:00','00:00:00','00:00:00','00:00:00','2018-06-07 08:30:01'),
('24','2018-06-07 00:00:00','08:11:00','17:47:00','00:00:00','00:00:00','00:00:00','00:00:00','00:00:00','00:00:00','00:00:00','00:00:00','2018-06-07 08:30:01'),
('15','2018-06-07 00:00:00','08:29:00','17:15:00','00:00:00','00:00:00','00:00:00','00:00:00','00:00:00','00:00:00','00:00:00','00:00:00','2018-06-07 08:30:01'),
('14','2018-06-07 00:00:00','08:30:00','19:22:00','00:00:00','00:00:00','00:00:00','00:00:00','00:00:00','00:00:00','00:00:00','00:00:00','2018-06-07 08:30:01'),
('17','2018-06-07 00:00:00','08:45:00','17:34:00','00:00:00','00:00:00','00:00:00','00:00:00','00:00:00','00:00:00','00:00:00','00:00:00','2018-06-07 09:00:00'),
('9','2018-06-07 00:00:00','18:32:00','00:00:00','00:00:00','00:00:00','00:00:00','00:00:00','00:00:00','00:00:00','00:00:00','00:00:00','2018-06-07 18:30:06'),
('6','2018-06-08 00:00:00','07:39:00','17:34:00','00:00:00','00:00:00','00:00:00','00:00:00','00:00:00','00:00:00','00:00:00','00:00:00','2018-06-08 08:30:01'),
('12','2018-06-08 00:00:00','07:40:00','17:30:00','00:00:00','00:00:00','00:00:00','00:00:00','00:00:00','00:00:00','00:00:00','00:00:00','2018-06-08 08:30:01'),
('8','2018-06-08 00:00:00','07:58:00','17:20:00','00:00:00','00:00:00','00:00:00','00:00:00','00:00:00','00:00:00','00:00:00','00:00:00','2018-06-08 08:30:01'),
('5','2018-06-08 00:00:00','07:59:00','00:00:00','00:00:00','00:00:00','00:00:00','00:00:00','00:00:00','00:00:00','00:00:00','00:00:00','2018-06-08 08:30:01'),
('25','2018-06-08 00:00:00','08:00:00','17:21:00','00:00:00','00:00:00','00:00:00','00:00:00','00:00:00','00:00:00','00:00:00','00:00:00','2018-06-08 08:30:01'),
('14','2018-06-08 00:00:00','08:00:00','18:19:00','00:00:00','00:00:00','00:00:00','00:00:00','00:00:00','00:00:00','00:00:00','00:00:00','2018-06-08 08:30:01'),
('9','2018-06-08 00:00:00','08:02:00','18:19:00','00:00:00','00:00:00','00:00:00','00:00:00','00:00:00','00:00:00','00:00:00','00:00:00','2018-06-08 08:30:01'),
('23','2018-06-08 00:00:00','08:03:00','17:31:00','00:00:00','00:00:00','00:00:00','00:00:00','00:00:00','00:00:00','00:00:00','00:00:00','2018-06-08 08:30:01'),
('11','2018-06-08 00:00:00','08:05:00','17:36:00','00:00:00','00:00:00','00:00:00','00:00:00','00:00:00','00:00:00','00:00:00','00:00:00','2018-06-08 08:30:01'),
('16','2018-06-08 00:00:00','08:08:00','17:23:00','00:00:00','00:00:00','00:00:00','00:00:00','00:00:00','00:00:00','00:00:00','00:00:00','2018-06-08 08:30:02'),
('24','2018-06-08 00:00:00','08:09:00','17:27:00','00:00:00','00:00:00','00:00:00','00:00:00','00:00:00','00:00:00','00:00:00','00:00:00','2018-06-08 08:30:02'),
('7','2018-06-08 00:00:00','08:18:00','17:30:00','00:00:00','00:00:00','00:00:00','00:00:00','00:00:00','00:00:00','00:00:00','00:00:00','2018-06-08 08:30:02'),
('15','2018-06-08 00:00:00','08:30:00','17:28:00','00:00:00','00:00:00','00:00:00','00:00:00','00:00:00','00:00:00','00:00:00','00:00:00','2018-06-08 08:30:02'),
('13','2018-06-08 00:00:00','08:31:00','17:36:00','00:00:00','00:00:00','00:00:00','00:00:00','00:00:00','00:00:00','00:00:00','00:00:00','2018-06-08 08:30:02'),
('1','2018-06-08 00:00:00','08:31:00','18:21:00','00:00:00','00:00:00','00:00:00','00:00:00','00:00:00','00:00:00','00:00:00','00:00:00','2018-06-08 08:30:02'),
('17','2018-06-08 00:00:00','08:40:00','17:32:00','00:00:00','00:00:00','00:00:00','00:00:00','00:00:00','00:00:00','00:00:00','00:00:00','2018-06-08 09:00:01'),
('8','2018-06-09 00:00:00','07:41:00','12:09:00','00:00:00','00:00:00','00:00:00','00:00:00','00:00:00','00:00:00','00:00:00','00:00:00','2018-06-09 08:30:04'),
('12','2018-06-09 00:00:00','07:48:00','12:13:00','00:00:00','00:00:00','00:00:00','00:00:00','00:00:00','00:00:00','00:00:00','00:00:00','2018-06-09 08:30:07'),
('5','2018-06-09 00:00:00','07:53:00','11:52:00','00:00:00','00:00:00','00:00:00','00:00:00','00:00:00','00:00:00','00:00:00','00:00:00','2018-06-09 08:30:09'),
('6','2018-06-09 00:00:00','08:00:00','11:59:00','00:00:00','00:00:00','00:00:00','00:00:00','00:00:00','00:00:00','00:00:00','00:00:00','2018-06-09 08:30:11'),
('14','2018-06-09 00:00:00','08:00:00','11:53:00','00:00:00','00:00:00','00:00:00','00:00:00','00:00:00','00:00:00','00:00:00','00:00:00','2018-06-09 08:30:13'),
('11','2018-06-09 00:00:00','08:00:00','12:07:00','00:00:00','00:00:00','00:00:00','00:00:00','00:00:00','00:00:00','00:00:00','00:00:00','2018-06-09 08:30:14'),
('9','2018-06-09 00:00:00','08:01:00','00:00:00','00:00:00','00:00:00','00:00:00','00:00:00','00:00:00','00:00:00','00:00:00','00:00:00','2018-06-09 08:30:16'),
('25','2018-06-09 00:00:00','08:02:00','12:08:00','00:00:00','00:00:00','00:00:00','00:00:00','00:00:00','00:00:00','00:00:00','00:00:00','2018-06-09 08:30:18'),
('13','2018-06-09 00:00:00','08:07:00','14:11:00','00:00:00','00:00:00','00:00:00','00:00:00','00:00:00','00:00:00','00:00:00','00:00:00','2018-06-09 08:30:19'),
('7','2018-06-09 00:00:00','08:09:00','11:58:00','00:00:00','00:00:00','00:00:00','00:00:00','00:00:00','00:00:00','00:00:00','00:00:00','2018-06-09 08:30:20'),
('23','2018-06-09 00:00:00','08:09:00','12:25:00','00:00:00','00:00:00','00:00:00','00:00:00','00:00:00','00:00:00','00:00:00','00:00:00','2018-06-09 08:30:20'),
('16','2018-06-09 00:00:00','08:17:00','14:42:00','00:00:00','00:00:00','00:00:00','00:00:00','00:00:00','00:00:00','00:00:00','00:00:00','2018-06-09 08:30:20'),
('24','2018-06-09 00:00:00','08:27:00','12:09:00','00:00:00','00:00:00','00:00:00','00:00:00','00:00:00','00:00:00','00:00:00','00:00:00','2018-06-09 08:30:20'),
('15','2018-06-09 00:00:00','08:31:00','12:17:00','00:00:00','00:00:00','00:00:00','00:00:00','00:00:00','00:00:00','00:00:00','00:00:00','2018-06-09 08:30:20'),
('1','2018-06-09 00:00:00','08:41:00','11:59:00','00:00:00','00:00:00','00:00:00','00:00:00','00:00:00','00:00:00','00:00:00','00:00:00','2018-06-09 09:00:01'),
('17','2018-06-09 00:00:00','08:54:00','12:07:00','00:00:00','00:00:00','00:00:00','00:00:00','00:00:00','00:00:00','00:00:00','00:00:00','2018-06-09 09:00:01'),
('8','2018-06-11 00:00:00','05:45:00','17:35:00','00:00:00','00:00:00','00:00:00','00:00:00','00:00:00','00:00:00','00:00:00','00:00:00','2018-06-11 08:30:18'),
('16','2018-06-11 00:00:00','07:55:00','17:30:00','00:00:00','00:00:00','00:00:00','00:00:00','00:00:00','00:00:00','00:00:00','00:00:00','2018-06-11 08:30:18'),
('6','2018-06-11 00:00:00','07:56:00','17:19:00','00:00:00','00:00:00','00:00:00','00:00:00','00:00:00','00:00:00','00:00:00','00:00:00','2018-06-11 08:30:19'),
('5','2018-06-11 00:00:00','07:56:00','17:35:00','00:00:00','00:00:00','00:00:00','00:00:00','00:00:00','00:00:00','00:00:00','00:00:00','2018-06-11 08:30:19'),
('12','2018-06-11 00:00:00','07:56:00','17:37:00','00:00:00','00:00:00','00:00:00','00:00:00','00:00:00','00:00:00','00:00:00','00:00:00','2018-06-11 08:30:19'),
('1','2018-06-11 00:00:00','08:00:00','00:00:00','00:00:00','00:00:00','00:00:00','00:00:00','00:00:00','00:00:00','00:00:00','00:00:00','2018-06-11 08:30:19'),
('25','2018-06-11 00:00:00','08:05:00','17:42:00','00:00:00','00:00:00','00:00:00','00:00:00','00:00:00','00:00:00','00:00:00','00:00:00','2018-06-11 08:30:19'),
('11','2018-06-11 00:00:00','08:05:00','17:26:00','00:00:00','00:00:00','00:00:00','00:00:00','00:00:00','00:00:00','00:00:00','00:00:00','2018-06-11 08:30:19'),
('13','2018-06-11 00:00:00','08:08:00','17:41:00','00:00:00','00:00:00','00:00:00','00:00:00','00:00:00','00:00:00','00:00:00','00:00:00','2018-06-11 08:30:19'),
('7','2018-06-11 00:00:00','08:14:00','17:26:00','00:00:00','00:00:00','00:00:00','00:00:00','00:00:00','00:00:00','00:00:00','00:00:00','2018-06-11 08:30:19'),
('24','2018-06-11 00:00:00','08:15:00','17:47:00','00:00:00','00:00:00','00:00:00','00:00:00','00:00:00','00:00:00','00:00:00','00:00:00','2018-06-11 08:30:19'),
('23','2018-06-11 00:00:00','08:17:00','17:47:00','00:00:00','00:00:00','00:00:00','00:00:00','00:00:00','00:00:00','00:00:00','00:00:00','2018-06-11 08:30:19'),
('17','2018-06-11 00:00:00','08:31:00','17:37:00','00:00:00','00:00:00','00:00:00','00:00:00','00:00:00','00:00:00','00:00:00','00:00:00','2018-06-11 08:30:19'),
('14','2018-06-11 00:00:00','08:33:00','17:35:00','00:00:00','00:00:00','00:00:00','00:00:00','00:00:00','00:00:00','00:00:00','00:00:00','2018-06-11 08:30:19'),
('9','2018-06-11 00:00:00','08:42:00','18:12:00','00:00:00','00:00:00','00:00:00','00:00:00','00:00:00','00:00:00','00:00:00','00:00:00','2018-06-11 09:00:01'),
('15','2018-06-11 00:00:00','09:05:00','17:22:00','00:00:00','00:00:00','00:00:00','00:00:00','00:00:00','00:00:00','00:00:00','00:00:00','2018-06-11 09:30:01'),
('5','2018-06-12 00:00:00','07:45:00','18:00:00','00:00:00','00:00:00','00:00:00','00:00:00','00:00:00','00:00:00','00:00:00','00:00:00','2018-06-12 08:30:00'),
('25','2018-06-12 00:00:00','07:56:00','17:25:00','00:00:00','00:00:00','00:00:00','00:00:00','00:00:00','00:00:00','00:00:00','00:00:00','2018-06-12 08:30:01'),
('8','2018-06-12 00:00:00','07:59:00','17:24:00','00:00:00','00:00:00','00:00:00','00:00:00','00:00:00','00:00:00','00:00:00','00:00:00','2018-06-12 08:30:01'),
('1','2018-06-12 00:00:00','08:02:00','17:30:00','00:00:00','00:00:00','00:00:00','00:00:00','00:00:00','00:00:00','00:00:00','00:00:00','2018-06-12 08:30:01'),
('6','2018-06-12 00:00:00','08:02:00','17:09:00','00:00:00','00:00:00','00:00:00','00:00:00','00:00:00','00:00:00','00:00:00','00:00:00','2018-06-12 08:30:01'),
('16','2018-06-12 00:00:00','08:02:00','17:23:00','00:00:00','00:00:00','00:00:00','00:00:00','00:00:00','00:00:00','00:00:00','00:00:00','2018-06-12 08:30:01'),
('14','2018-06-12 00:00:00','08:02:00','18:00:00','00:00:00','00:00:00','00:00:00','00:00:00','00:00:00','00:00:00','00:00:00','00:00:00','2018-06-12 08:30:01'),
('12','2018-06-12 00:00:00','08:03:00','17:37:00','00:00:00','00:00:00','00:00:00','00:00:00','00:00:00','00:00:00','00:00:00','00:00:00','2018-06-12 08:30:01'),
('13','2018-06-12 00:00:00','08:06:00','00:00:00','00:00:00','00:00:00','00:00:00','00:00:00','00:00:00','00:00:00','00:00:00','00:00:00','2018-06-12 08:30:01'),
('23','2018-06-12 00:00:00','08:07:00','17:28:00','00:00:00','00:00:00','00:00:00','00:00:00','00:00:00','00:00:00','00:00:00','00:00:00','2018-06-12 08:30:01'),
('24','2018-06-12 00:00:00','08:08:00','17:41:00','00:00:00','00:00:00','00:00:00','00:00:00','00:00:00','00:00:00','00:00:00','00:00:00','2018-06-12 08:30:02'),
('7','2018-06-12 00:00:00','08:19:00','17:30:00','00:00:00','00:00:00','00:00:00','00:00:00','00:00:00','00:00:00','00:00:00','00:00:00','2018-06-12 08:30:05'),
('17','2018-06-12 00:00:00','08:40:00','17:30:00','00:00:00','00:00:00','00:00:00','00:00:00','00:00:00','00:00:00','00:00:00','00:00:00','2018-06-12 09:00:01'),
('11','2018-06-12 00:00:00','12:15:00','17:23:00','00:00:00','00:00:00','00:00:00','00:00:00','00:00:00','00:00:00','00:00:00','00:00:00','2018-06-12 16:00:17'),
('15','2018-06-12 00:00:00','12:29:00','17:22:00','00:00:00','00:00:00','00:00:00','00:00:00','00:00:00','00:00:00','00:00:00','00:00:00','2018-06-12 16:00:17'),
('13','2018-06-13 00:00:00','07:48:00','18:14:00','00:00:00','00:00:00','00:00:00','00:00:00','00:00:00','00:00:00','00:00:00','00:00:00','2018-06-13 08:30:12'),
('12','2018-06-13 00:00:00','07:49:00','17:55:00','00:00:00','00:00:00','00:00:00','00:00:00','00:00:00','00:00:00','00:00:00','00:00:00','2018-06-13 08:30:13'),
('14','2018-06-13 00:00:00','07:54:00','12:07:00','18:14:00','00:00:00','00:00:00','00:00:00','00:00:00','00:00:00','00:00:00','00:00:00','2018-06-13 08:30:14'),
('1','2018-06-13 00:00:00','07:54:00','17:45:00','18:30:00','00:00:00','00:00:00','00:00:00','00:00:00','00:00:00','00:00:00','00:00:00','2018-06-13 08:30:15'),
('7','2018-06-13 00:00:00','07:58:00','17:09:00','00:00:00','00:00:00','00:00:00','00:00:00','00:00:00','00:00:00','00:00:00','00:00:00','2018-06-13 08:30:15'),
('16','2018-06-13 00:00:00','07:58:00','17:35:00','00:00:00','00:00:00','00:00:00','00:00:00','00:00:00','00:00:00','00:00:00','00:00:00','2018-06-13 08:30:16'),
('5','2018-06-13 00:00:00','07:58:00','17:25:00','00:00:00','00:00:00','00:00:00','00:00:00','00:00:00','00:00:00','00:00:00','00:00:00','2018-06-13 08:30:16'),
('8','2018-06-13 00:00:00','07:58:00','18:10:00','00:00:00','00:00:00','00:00:00','00:00:00','00:00:00','00:00:00','00:00:00','00:00:00','2018-06-13 08:30:16'),
('11','2018-06-13 00:00:00','07:59:00','17:45:00','00:00:00','00:00:00','00:00:00','00:00:00','00:00:00','00:00:00','00:00:00','00:00:00','2018-06-13 08:30:17'),
('25','2018-06-13 00:00:00','08:00:00','17:25:00','00:00:00','00:00:00','00:00:00','00:00:00','00:00:00','00:00:00','00:00:00','00:00:00','2018-06-13 08:30:17'),
('24','2018-06-13 00:00:00','08:06:00','18:27:00','00:00:00','00:00:00','00:00:00','00:00:00','00:00:00','00:00:00','00:00:00','00:00:00','2018-06-13 08:30:17'),
('6','2018-06-13 00:00:00','08:08:00','18:27:00','00:00:00','00:00:00','00:00:00','00:00:00','00:00:00','00:00:00','00:00:00','00:00:00','2018-06-13 08:30:17'),
('9','2018-06-13 00:00:00','08:26:00','18:21:00','00:00:00','00:00:00','00:00:00','00:00:00','00:00:00','00:00:00','00:00:00','00:00:00','2018-06-13 08:30:17'),
('15','2018-06-13 00:00:00','08:33:00','17:16:00','00:00:00','00:00:00','00:00:00','00:00:00','00:00:00','00:00:00','00:00:00','00:00:00','2018-06-13 08:30:17'),
('23','2018-06-13 00:00:00','08:34:00','17:40:00','00:00:00','00:00:00','00:00:00','00:00:00','00:00:00','00:00:00','00:00:00','00:00:00','2018-06-13 08:30:17'),
('17','2018-06-13 00:00:00','08:49:00','17:59:00','00:00:00','00:00:00','00:00:00','00:00:00','00:00:00','00:00:00','00:00:00','00:00:00','2018-06-13 09:00:00'),
('8','2018-06-14 00:00:00','07:36:00','17:10:00','00:00:00','00:00:00','00:00:00','00:00:00','00:00:00','00:00:00','00:00:00','00:00:00','2018-06-14 08:30:10'),
('12','2018-06-14 00:00:00','07:45:00','17:56:00','00:00:00','00:00:00','00:00:00','00:00:00','00:00:00','00:00:00','00:00:00','00:00:00','2018-06-14 08:30:11'),
('5','2018-06-14 00:00:00','07:50:00','17:56:00','00:00:00','00:00:00','00:00:00','00:00:00','00:00:00','00:00:00','00:00:00','00:00:00','2018-06-14 08:30:12'),
('6','2018-06-14 00:00:00','07:53:00','17:03:00','00:00:00','00:00:00','00:00:00','00:00:00','00:00:00','00:00:00','00:00:00','00:00:00','2018-06-14 08:30:13'),
('25','2018-06-14 00:00:00','07:54:00','17:27:00','00:00:00','00:00:00','00:00:00','00:00:00','00:00:00','00:00:00','00:00:00','00:00:00','2018-06-14 08:30:14'),
('13','2018-06-14 00:00:00','07:57:00','17:56:00','00:00:00','00:00:00','00:00:00','00:00:00','00:00:00','00:00:00','00:00:00','00:00:00','2018-06-14 08:30:15'),
('1','2018-06-14 00:00:00','07:57:00','00:00:00','00:00:00','00:00:00','00:00:00','00:00:00','00:00:00','00:00:00','00:00:00','00:00:00','2018-06-14 08:30:16'),
('23','2018-06-14 00:00:00','07:59:00','17:23:00','00:00:00','00:00:00','00:00:00','00:00:00','00:00:00','00:00:00','00:00:00','00:00:00','2018-06-14 08:30:16'),
('24','2018-06-14 00:00:00','08:10:00','17:34:00','00:00:00','00:00:00','00:00:00','00:00:00','00:00:00','00:00:00','00:00:00','00:00:00','2018-06-14 08:30:16'),
('7','2018-06-14 00:00:00','08:12:00','17:24:00','00:00:00','00:00:00','00:00:00','00:00:00','00:00:00','00:00:00','00:00:00','00:00:00','2018-06-14 08:30:16'),
('11','2018-06-14 00:00:00','08:13:00','17:29:00','00:00:00','00:00:00','00:00:00','00:00:00','00:00:00','00:00:00','00:00:00','00:00:00','2018-06-14 08:30:16'),
('14','2018-06-14 00:00:00','08:16:00','17:56:00','00:00:00','00:00:00','00:00:00','00:00:00','00:00:00','00:00:00','00:00:00','00:00:00','2018-06-14 08:30:16'),
('9','2018-06-14 00:00:00','08:16:00','18:16:00','00:00:00','00:00:00','00:00:00','00:00:00','00:00:00','00:00:00','00:00:00','00:00:00','2018-06-14 08:30:17'),
('16','2018-06-14 00:00:00','08:18:00','17:26:00','00:00:00','00:00:00','00:00:00','00:00:00','00:00:00','00:00:00','00:00:00','00:00:00','2018-06-14 08:30:17'),
('15','2018-06-14 00:00:00','08:29:00','17:23:00','00:00:00','00:00:00','00:00:00','00:00:00','00:00:00','00:00:00','00:00:00','00:00:00','2018-06-14 08:30:17'),
('17','2018-06-14 00:00:00','08:47:00','17:35:00','00:00:00','00:00:00','00:00:00','00:00:00','00:00:00','00:00:00','00:00:00','00:00:00','2018-06-14 09:00:00'),
('8','2018-06-15 00:00:00','07:25:00','18:19:00','00:00:00','00:00:00','00:00:00','00:00:00','00:00:00','00:00:00','00:00:00','00:00:00','2018-06-15 08:30:00'),
('12','2018-06-15 00:00:00','07:31:00','17:26:00','00:00:00','00:00:00','00:00:00','00:00:00','00:00:00','00:00:00','00:00:00','00:00:00','2018-06-15 08:30:00'),
('11','2018-06-15 00:00:00','07:47:00','17:48:00','00:00:00','00:00:00','00:00:00','00:00:00','00:00:00','00:00:00','00:00:00','00:00:00','2018-06-15 08:30:00'),
('13','2018-06-15 00:00:00','07:58:00','17:42:00','00:00:00','00:00:00','00:00:00','00:00:00','00:00:00','00:00:00','00:00:00','00:00:00','2018-06-15 08:30:00'),
('1','2018-06-15 00:00:00','08:00:00','17:23:00','00:00:00','00:00:00','00:00:00','00:00:00','00:00:00','00:00:00','00:00:00','00:00:00','2018-06-15 08:30:01'),
('14','2018-06-15 00:00:00','08:01:00','18:16:00','00:00:00','00:00:00','00:00:00','00:00:00','00:00:00','00:00:00','00:00:00','00:00:00','2018-06-15 08:30:01'),
('16','2018-06-15 00:00:00','08:01:00','17:23:00','00:00:00','00:00:00','00:00:00','00:00:00','00:00:00','00:00:00','00:00:00','00:00:00','2018-06-15 08:30:02'),
('9','2018-06-15 00:00:00','08:04:00','18:18:00','00:00:00','00:00:00','00:00:00','00:00:00','00:00:00','00:00:00','00:00:00','00:00:00','2018-06-15 08:30:05'),
('7','2018-06-15 00:00:00','08:04:00','17:14:00','00:00:00','00:00:00','00:00:00','00:00:00','00:00:00','00:00:00','00:00:00','00:00:00','2018-06-15 08:30:06'),
('23','2018-06-15 00:00:00','08:06:00','17:06:00','00:00:00','00:00:00','00:00:00','00:00:00','00:00:00','00:00:00','00:00:00','00:00:00','2018-06-15 08:30:07'),
('6','2018-06-15 00:00:00','08:07:00','17:35:00','00:00:00','00:00:00','00:00:00','00:00:00','00:00:00','00:00:00','00:00:00','00:00:00','2018-06-15 08:30:08'),
('25','2018-06-15 00:00:00','08:07:00','17:35:00','00:00:00','00:00:00','00:00:00','00:00:00','00:00:00','00:00:00','00:00:00','00:00:00','2018-06-15 08:30:09'),
('24','2018-06-15 00:00:00','08:22:00','17:35:00','00:00:00','00:00:00','00:00:00','00:00:00','00:00:00','00:00:00','00:00:00','00:00:00','2018-06-15 08:30:10'),
('15','2018-06-15 00:00:00','08:23:00','17:11:00','00:00:00','00:00:00','00:00:00','00:00:00','00:00:00','00:00:00','00:00:00','00:00:00','2018-06-15 08:30:11'),
('17','2018-06-15 00:00:00','08:39:00','17:38:00','00:00:00','00:00:00','00:00:00','00:00:00','00:00:00','00:00:00','00:00:00','00:00:00','2018-06-15 09:00:00'),
('8','2018-06-16 00:00:00','07:43:00','13:07:00','00:00:00','00:00:00','00:00:00','00:00:00','00:00:00','00:00:00','00:00:00','00:00:00','2018-06-16 09:30:01'),
('11','2018-06-16 00:00:00','07:53:00','12:17:00','00:00:00','00:00:00','00:00:00','00:00:00','00:00:00','00:00:00','00:00:00','00:00:00','2018-06-16 09:30:01'),
('23','2018-06-16 00:00:00','07:56:00','12:16:00','12:16:00','00:00:00','00:00:00','00:00:00','00:00:00','00:00:00','00:00:00','00:00:00','2018-06-16 09:30:01'),
('25','2018-06-16 00:00:00','07:59:00','12:16:00','00:00:00','00:00:00','00:00:00','00:00:00','00:00:00','00:00:00','00:00:00','00:00:00','2018-06-16 09:30:01'),
('12','2018-06-16 00:00:00','08:01:00','08:10:00','12:16:00','00:00:00','00:00:00','00:00:00','00:00:00','00:00:00','00:00:00','00:00:00','2018-06-16 09:30:01'),
('13','2018-06-16 00:00:00','08:03:00','12:26:00','00:00:00','00:00:00','00:00:00','00:00:00','00:00:00','00:00:00','00:00:00','00:00:00','2018-06-16 09:30:05'),
('7','2018-06-16 00:00:00','08:03:00','12:10:00','00:00:00','00:00:00','00:00:00','00:00:00','00:00:00','00:00:00','00:00:00','00:00:00','2018-06-16 09:30:07'),
('24','2018-06-16 00:00:00','08:09:00','00:00:00','00:00:00','00:00:00','00:00:00','00:00:00','00:00:00','00:00:00','00:00:00','00:00:00','2018-06-16 09:30:07'),
('5','2018-06-16 00:00:00','08:10:00','13:59:00','00:00:00','00:00:00','00:00:00','00:00:00','00:00:00','00:00:00','00:00:00','00:00:00','2018-06-16 09:30:08'),
('6','2018-06-16 00:00:00','08:13:00','15:53:00','00:00:00','00:00:00','00:00:00','00:00:00','00:00:00','00:00:00','00:00:00','00:00:00','2018-06-16 09:30:10'),
('9','2018-06-16 00:00:00','08:16:00','00:00:00','00:00:00','00:00:00','00:00:00','00:00:00','00:00:00','00:00:00','00:00:00','00:00:00','2018-06-16 09:30:10'),
('16','2018-06-16 00:00:00','08:20:00','15:53:00','00:00:00','00:00:00','00:00:00','00:00:00','00:00:00','00:00:00','00:00:00','00:00:00','2018-06-16 09:30:11'),
('15','2018-06-16 00:00:00','08:21:00','12:05:00','00:00:00','00:00:00','00:00:00','00:00:00','00:00:00','00:00:00','00:00:00','00:00:00','2018-06-16 09:30:11'),
('14','2018-06-16 00:00:00','08:27:00','00:00:00','00:00:00','00:00:00','00:00:00','00:00:00','00:00:00','00:00:00','00:00:00','00:00:00','2018-06-16 09:30:11'),
('1','2018-06-16 00:00:00','08:44:00','12:26:00','00:00:00','00:00:00','00:00:00','00:00:00','00:00:00','00:00:00','00:00:00','00:00:00','2018-06-16 09:30:12'),
('17','2018-06-16 00:00:00','08:58:00','15:53:00','00:00:00','00:00:00','00:00:00','00:00:00','00:00:00','00:00:00','00:00:00','00:00:00','2018-06-16 09:30:12'),
('8','2018-06-19 00:00:00','07:42:00','18:07:00','00:00:00','00:00:00','00:00:00','00:00:00','00:00:00','00:00:00','00:00:00','00:00:00','2018-06-19 08:30:15'),
('1','2018-06-19 00:00:00','07:43:00','17:49:00','00:00:00','00:00:00','00:00:00','00:00:00','00:00:00','00:00:00','00:00:00','00:00:00','2018-06-19 08:30:15'),
('5','2018-06-19 00:00:00','07:46:00','17:42:00','00:00:00','00:00:00','00:00:00','00:00:00','00:00:00','00:00:00','00:00:00','00:00:00','2018-06-19 08:30:16'),
('25','2018-06-19 00:00:00','08:04:00','17:43:00','00:00:00','00:00:00','00:00:00','00:00:00','00:00:00','00:00:00','00:00:00','00:00:00','2018-06-19 08:30:16'),
('24','2018-06-19 00:00:00','08:04:00','00:00:00','00:00:00','00:00:00','00:00:00','00:00:00','00:00:00','00:00:00','00:00:00','00:00:00','2018-06-19 08:30:16'),
('16','2018-06-19 00:00:00','08:05:00','17:23:00','00:00:00','00:00:00','00:00:00','00:00:00','00:00:00','00:00:00','00:00:00','00:00:00','2018-06-19 08:30:16'),
('13','2018-06-19 00:00:00','08:10:00','17:31:00','00:00:00','00:00:00','00:00:00','00:00:00','00:00:00','00:00:00','00:00:00','00:00:00','2018-06-19 08:30:16'),
('6','2018-06-19 00:00:00','08:13:00','17:17:00','00:00:00','00:00:00','00:00:00','00:00:00','00:00:00','00:00:00','00:00:00','00:00:00','2018-06-19 08:30:16'),
('11','2018-06-19 00:00:00','08:15:00','17:25:00','00:00:00','00:00:00','00:00:00','00:00:00','00:00:00','00:00:00','00:00:00','00:00:00','2018-06-19 08:30:16'),
('7','2018-06-19 00:00:00','08:16:00','17:22:00','00:00:00','00:00:00','00:00:00','00:00:00','00:00:00','00:00:00','00:00:00','00:00:00','2018-06-19 08:30:16'),
('9','2018-06-19 00:00:00','08:25:00','18:07:00','00:00:00','00:00:00','00:00:00','00:00:00','00:00:00','00:00:00','00:00:00','00:00:00','2018-06-19 08:30:16'),
('14','2018-06-19 00:00:00','08:27:00','18:06:00','00:00:00','00:00:00','00:00:00','00:00:00','00:00:00','00:00:00','00:00:00','00:00:00','2018-06-19 08:30:16'),
('15','2018-06-19 00:00:00','08:31:00','17:24:00','00:00:00','00:00:00','00:00:00','00:00:00','00:00:00','00:00:00','00:00:00','00:00:00','2018-06-19 08:30:16'),
('17','2018-06-19 00:00:00','12:24:00','17:42:00','00:00:00','00:00:00','00:00:00','00:00:00','00:00:00','00:00:00','00:00:00','00:00:00','2018-06-19 17:30:24'),
('23','2018-06-19 00:00:00','12:54:00','00:00:00','00:00:00','00:00:00','00:00:00','00:00:00','00:00:00','00:00:00','00:00:00','00:00:00','2018-06-19 17:30:27'),
('5','2018-06-20 00:00:00','07:46:00','00:00:00','00:00:00','00:00:00','00:00:00','00:00:00','00:00:00','00:00:00','00:00:00','00:00:00','2018-06-20 08:30:01'),
('8','2018-06-20 00:00:00','07:46:00','17:20:00','00:00:00','00:00:00','00:00:00','00:00:00','00:00:00','00:00:00','00:00:00','00:00:00','2018-06-20 08:30:01'),
('23','2018-06-20 00:00:00','07:47:00','17:17:00','00:00:00','00:00:00','00:00:00','00:00:00','00:00:00','00:00:00','00:00:00','00:00:00','2018-06-20 08:30:01'),
('16','2018-06-20 00:00:00','07:52:00','17:17:00','00:00:00','00:00:00','00:00:00','00:00:00','00:00:00','00:00:00','00:00:00','00:00:00','2018-06-20 08:30:03'),
('1','2018-06-20 00:00:00','07:52:00','00:00:00','00:00:00','00:00:00','00:00:00','00:00:00','00:00:00','00:00:00','00:00:00','00:00:00','2018-06-20 08:30:05'),
('14','2018-06-20 00:00:00','07:56:00','17:42:00','00:00:00','00:00:00','00:00:00','00:00:00','00:00:00','00:00:00','00:00:00','00:00:00','2018-06-20 08:30:07'),
('25','2018-06-20 00:00:00','07:58:00','17:19:00','00:00:00','00:00:00','00:00:00','00:00:00','00:00:00','00:00:00','00:00:00','00:00:00','2018-06-20 08:30:08'),
('24','2018-06-20 00:00:00','08:06:00','17:19:00','00:00:00','00:00:00','00:00:00','00:00:00','00:00:00','00:00:00','00:00:00','00:00:00','2018-06-20 08:30:11'),
('13','2018-06-20 00:00:00','08:08:00','17:46:00','00:00:00','00:00:00','00:00:00','00:00:00','00:00:00','00:00:00','00:00:00','00:00:00','2018-06-20 08:30:12'),
('11','2018-06-20 00:00:00','08:09:00','17:22:00','00:00:00','00:00:00','00:00:00','00:00:00','00:00:00','00:00:00','00:00:00','00:00:00','2018-06-20 08:30:13'),
('7','2018-06-20 00:00:00','08:10:00','17:22:00','00:00:00','00:00:00','00:00:00','00:00:00','00:00:00','00:00:00','00:00:00','00:00:00','2018-06-20 08:30:14'),
('15','2018-06-20 00:00:00','08:21:00','17:16:00','00:00:00','00:00:00','00:00:00','00:00:00','00:00:00','00:00:00','00:00:00','00:00:00','2018-06-20 08:30:15'),
('17','2018-06-20 00:00:00','09:03:00','17:46:00','00:00:00','00:00:00','00:00:00','00:00:00','00:00:00','00:00:00','00:00:00','00:00:00','2018-06-20 09:00:01'),
('9','2018-06-20 00:00:00','17:49:00','00:00:00','00:00:00','00:00:00','00:00:00','00:00:00','00:00:00','00:00:00','00:00:00','00:00:00','2018-06-20 18:00:12'),
('1','2018-06-21 00:00:00','07:45:00','17:28:00','00:00:00','00:00:00','00:00:00','00:00:00','00:00:00','00:00:00','00:00:00','00:00:00','2018-06-21 16:00:06'),
('16','2018-06-21 00:00:00','07:46:00','17:21:00','00:00:00','00:00:00','00:00:00','00:00:00','00:00:00','00:00:00','00:00:00','00:00:00','2018-06-21 16:00:17'),
('25','2018-06-21 00:00:00','07:46:00','17:22:00','00:00:00','00:00:00','00:00:00','00:00:00','00:00:00','00:00:00','00:00:00','00:00:00','2018-06-21 16:00:17'),
('6','2018-06-21 00:00:00','07:51:00','17:22:00','00:00:00','00:00:00','00:00:00','00:00:00','00:00:00','00:00:00','00:00:00','00:00:00','2018-06-21 16:00:19'),
('11','2018-06-21 00:00:00','07:54:00','12:08:00','00:00:00','00:00:00','00:00:00','00:00:00','00:00:00','00:00:00','00:00:00','00:00:00','2018-06-21 16:00:20'),
('5','2018-06-21 00:00:00','07:58:00','17:36:00','00:00:00','00:00:00','00:00:00','00:00:00','00:00:00','00:00:00','00:00:00','00:00:00','2018-06-21 16:00:20'),
('7','2018-06-21 00:00:00','07:59:00','17:30:00','00:00:00','00:00:00','00:00:00','00:00:00','00:00:00','00:00:00','00:00:00','00:00:00','2018-06-21 16:00:21'),
('8','2018-06-21 00:00:00','07:59:00','17:08:00','00:00:00','00:00:00','00:00:00','00:00:00','00:00:00','00:00:00','00:00:00','00:00:00','2018-06-21 16:00:22'),
('24','2018-06-21 00:00:00','08:04:00','17:46:00','00:00:00','00:00:00','00:00:00','00:00:00','00:00:00','00:00:00','00:00:00','00:00:00','2018-06-21 16:00:22'),
('15','2018-06-21 00:00:00','08:05:00','17:20:00','00:00:00','00:00:00','00:00:00','00:00:00','00:00:00','00:00:00','00:00:00','00:00:00','2018-06-21 16:00:23'),
('17','2018-06-21 00:00:00','08:06:00','17:24:00','00:00:00','00:00:00','00:00:00','00:00:00','00:00:00','00:00:00','00:00:00','00:00:00','2018-06-21 16:00:24'),
('14','2018-06-21 00:00:00','08:09:00','00:00:00','00:00:00','00:00:00','00:00:00','00:00:00','00:00:00','00:00:00','00:00:00','00:00:00','2018-06-21 16:00:25'),
('13','2018-06-21 00:00:00','17:26:00','00:00:00','00:00:00','00:00:00','00:00:00','00:00:00','00:00:00','00:00:00','00:00:00','00:00:00','2018-06-21 17:30:14'),
('25','2018-06-22 00:00:00','07:51:00','17:14:00','00:00:00','00:00:00','00:00:00','00:00:00','00:00:00','00:00:00','00:00:00','00:00:00','2018-06-22 08:30:11'),
('7','2018-06-22 00:00:00','07:52:00','17:45:00','00:00:00','00:00:00','00:00:00','00:00:00','00:00:00','00:00:00','00:00:00','00:00:00','2018-06-22 08:30:11'),
('1','2018-06-22 00:00:00','07:54:00','17:22:00','00:00:00','00:00:00','00:00:00','00:00:00','00:00:00','00:00:00','00:00:00','00:00:00','2018-06-22 08:30:11'),
('16','2018-06-22 00:00:00','08:01:00','12:10:00','00:00:00','00:00:00','00:00:00','00:00:00','00:00:00','00:00:00','00:00:00','00:00:00','2018-06-22 08:30:12'),
('8','2018-06-22 00:00:00','08:01:00','17:12:00','00:00:00','00:00:00','00:00:00','00:00:00','00:00:00','00:00:00','00:00:00','00:00:00','2018-06-22 08:30:12'),
('5','2018-06-22 00:00:00','08:01:00','18:09:00','00:00:00','00:00:00','00:00:00','00:00:00','00:00:00','00:00:00','00:00:00','00:00:00','2018-06-22 08:30:12'),
('14','2018-06-22 00:00:00','08:07:00','18:07:00','00:00:00','00:00:00','00:00:00','00:00:00','00:00:00','00:00:00','00:00:00','00:00:00','2018-06-22 08:30:12'),
('24','2018-06-22 00:00:00','08:07:00','18:22:00','00:00:00','00:00:00','00:00:00','00:00:00','00:00:00','00:00:00','00:00:00','00:00:00','2018-06-22 08:30:12'),
('13','2018-06-22 00:00:00','08:08:00','17:27:00','00:00:00','00:00:00','00:00:00','00:00:00','00:00:00','00:00:00','00:00:00','00:00:00','2018-06-22 08:30:12'),
('23','2018-06-22 00:00:00','08:10:00','17:19:00','17:21:00','00:00:00','00:00:00','00:00:00','00:00:00','00:00:00','00:00:00','00:00:00','2018-06-22 08:30:12'),
('6','2018-06-22 00:00:00','08:26:00','00:00:00','00:00:00','00:00:00','00:00:00','00:00:00','00:00:00','00:00:00','00:00:00','00:00:00','2018-06-22 08:30:12'),
('17','2018-06-22 00:00:00','08:37:00','17:32:00','00:00:00','00:00:00','00:00:00','00:00:00','00:00:00','00:00:00','00:00:00','00:00:00','2018-06-22 09:00:01'),
('9','2018-06-22 00:00:00','17:58:00','00:00:00','00:00:00','00:00:00','00:00:00','00:00:00','00:00:00','00:00:00','00:00:00','00:00:00','2018-06-22 18:00:04'),
('8','2018-06-23 00:00:00','07:30:00','15:11:00','00:00:00','00:00:00','00:00:00','00:00:00','00:00:00','00:00:00','00:00:00','00:00:00','2018-06-23 08:30:01'),
('16','2018-06-23 00:00:00','07:45:00','12:17:00','00:00:00','00:00:00','00:00:00','00:00:00','00:00:00','00:00:00','00:00:00','00:00:00','2018-06-23 08:30:02'),
('7','2018-06-23 00:00:00','08:01:00','15:35:00','00:00:00','00:00:00','00:00:00','00:00:00','00:00:00','00:00:00','00:00:00','00:00:00','2018-06-23 08:30:04'),
('25','2018-06-23 00:00:00','08:01:00','12:29:00','00:00:00','00:00:00','00:00:00','00:00:00','00:00:00','00:00:00','00:00:00','00:00:00','2018-06-23 08:30:09'),
('13','2018-06-23 00:00:00','08:01:00','12:21:00','00:00:00','00:00:00','00:00:00','00:00:00','00:00:00','00:00:00','00:00:00','00:00:00','2018-06-23 08:30:12'),
('24','2018-06-23 00:00:00','08:06:00','15:34:00','00:00:00','00:00:00','00:00:00','00:00:00','00:00:00','00:00:00','00:00:00','00:00:00','2018-06-23 08:30:13'),
('5','2018-06-23 00:00:00','08:08:00','12:01:00','00:00:00','00:00:00','00:00:00','00:00:00','00:00:00','00:00:00','00:00:00','00:00:00','2018-06-23 08:30:15'),
('23','2018-06-23 00:00:00','08:10:00','12:51:00','00:00:00','00:00:00','00:00:00','00:00:00','00:00:00','00:00:00','00:00:00','00:00:00','2018-06-23 08:30:15'),
('11','2018-06-23 00:00:00','08:13:00','12:08:00','00:00:00','00:00:00','00:00:00','00:00:00','00:00:00','00:00:00','00:00:00','00:00:00','2018-06-23 08:30:16'),
('14','2018-06-23 00:00:00','08:35:00','00:00:00','00:00:00','00:00:00','00:00:00','00:00:00','00:00:00','00:00:00','00:00:00','00:00:00','2018-06-23 09:00:00'),
('17','2018-06-23 00:00:00','08:47:00','13:04:00','00:00:00','00:00:00','00:00:00','00:00:00','00:00:00','00:00:00','00:00:00','00:00:00','2018-06-23 09:00:00'),
('1','2018-06-25 00:00:00','07:33:00','00:00:00','00:00:00','00:00:00','00:00:00','00:00:00','00:00:00','00:00:00','00:00:00','00:00:00','2018-06-25 08:30:05'),
('11','2018-06-25 00:00:00','07:39:00','17:24:00','00:00:00','00:00:00','00:00:00','00:00:00','00:00:00','00:00:00','00:00:00','00:00:00','2018-06-25 08:30:09'),
('15','2018-06-25 00:00:00','07:45:00','17:17:00','00:00:00','00:00:00','00:00:00','00:00:00','00:00:00','00:00:00','00:00:00','00:00:00','2018-06-25 08:30:12'),
('9','2018-06-25 00:00:00','07:48:00','19:25:00','00:00:00','00:00:00','00:00:00','00:00:00','00:00:00','00:00:00','00:00:00','00:00:00','2018-06-25 08:30:14'),
('5','2018-06-25 00:00:00','07:48:00','17:14:00','00:00:00','00:00:00','00:00:00','00:00:00','00:00:00','00:00:00','00:00:00','00:00:00','2018-06-25 08:30:15'),
('7','2018-06-25 00:00:00','07:57:00','17:47:00','00:00:00','00:00:00','00:00:00','00:00:00','00:00:00','00:00:00','00:00:00','00:00:00','2018-06-25 08:30:15'),
('25','2018-06-25 00:00:00','07:58:00','17:40:00','00:00:00','00:00:00','00:00:00','00:00:00','00:00:00','00:00:00','00:00:00','00:00:00','2018-06-25 08:30:16'),
('8','2018-06-25 00:00:00','07:59:00','17:32:00','18:58:00','00:00:00','00:00:00','00:00:00','00:00:00','00:00:00','00:00:00','00:00:00','2018-06-25 08:30:18'),
('13','2018-06-25 00:00:00','08:01:00','17:59:00','00:00:00','00:00:00','00:00:00','00:00:00','00:00:00','00:00:00','00:00:00','00:00:00','2018-06-25 08:30:20'),
('24','2018-06-25 00:00:00','08:09:00','18:13:00','00:00:00','00:00:00','00:00:00','00:00:00','00:00:00','00:00:00','00:00:00','00:00:00','2018-06-25 08:30:20'),
('23','2018-06-25 00:00:00','08:18:00','00:00:00','00:00:00','00:00:00','00:00:00','00:00:00','00:00:00','00:00:00','00:00:00','00:00:00','2018-06-25 08:30:21'),
('6','2018-06-25 00:00:00','08:21:00','17:17:00','00:00:00','00:00:00','00:00:00','00:00:00','00:00:00','00:00:00','00:00:00','00:00:00','2018-06-25 08:30:21'),
('14','2018-06-25 00:00:00','08:30:00','19:24:00','00:00:00','00:00:00','00:00:00','00:00:00','00:00:00','00:00:00','00:00:00','00:00:00','2018-06-25 08:30:21'),
('17','2018-06-25 00:00:00','08:48:00','18:11:00','00:00:00','00:00:00','00:00:00','00:00:00','00:00:00','00:00:00','00:00:00','00:00:00','2018-06-25 09:00:01'),
('8','2018-06-26 00:00:00','07:42:00','00:00:00','00:00:00','00:00:00','00:00:00','00:00:00','00:00:00','00:00:00','00:00:00','00:00:00','2018-06-26 08:30:03'),
('1','2018-06-26 00:00:00','07:44:00','00:00:00','00:00:00','00:00:00','00:00:00','00:00:00','00:00:00','00:00:00','00:00:00','00:00:00','2018-06-26 08:30:05'),
('7','2018-06-26 00:00:00','07:53:00','00:00:00','00:00:00','00:00:00','00:00:00','00:00:00','00:00:00','00:00:00','00:00:00','00:00:00','2018-06-26 08:30:07'),
('25','2018-06-26 00:00:00','07:54:00','00:00:00','00:00:00','00:00:00','00:00:00','00:00:00','00:00:00','00:00:00','00:00:00','00:00:00','2018-06-26 08:30:10'),
('11','2018-06-26 00:00:00','07:55:00','00:00:00','00:00:00','00:00:00','00:00:00','00:00:00','00:00:00','00:00:00','00:00:00','00:00:00','2018-06-26 08:30:12'),
('9','2018-06-26 00:00:00','07:59:00','00:00:00','00:00:00','00:00:00','00:00:00','00:00:00','00:00:00','00:00:00','00:00:00','00:00:00','2018-06-26 08:30:13'),
('24','2018-06-26 00:00:00','08:04:00','00:00:00','00:00:00','00:00:00','00:00:00','00:00:00','00:00:00','00:00:00','00:00:00','00:00:00','2018-06-26 08:30:14'),
('13','2018-06-26 00:00:00','08:05:00','00:00:00','00:00:00','00:00:00','00:00:00','00:00:00','00:00:00','00:00:00','00:00:00','00:00:00','2018-06-26 08:30:15'),
('15','2018-06-26 00:00:00','08:06:00','00:00:00','00:00:00','00:00:00','00:00:00','00:00:00','00:00:00','00:00:00','00:00:00','00:00:00','2018-06-26 08:30:15'),
('23','2018-06-26 00:00:00','08:13:00','00:00:00','00:00:00','00:00:00','00:00:00','00:00:00','00:00:00','00:00:00','00:00:00','00:00:00','2018-06-26 08:30:16'),
('6','2018-06-26 00:00:00','08:16:00','00:00:00','00:00:00','00:00:00','00:00:00','00:00:00','00:00:00','00:00:00','00:00:00','00:00:00','2018-06-26 08:30:16'),
('14','2018-06-26 00:00:00','08:31:00','00:00:00','00:00:00','00:00:00','00:00:00','00:00:00','00:00:00','00:00:00','00:00:00','00:00:00','2018-06-26 08:30:16'),
('17','2018-06-26 00:00:00','08:41:00','00:00:00','00:00:00','00:00:00','00:00:00','00:00:00','00:00:00','00:00:00','00:00:00','00:00:00','2018-06-26 09:00:00'),
('16','2018-06-26 00:00:00','12:38:00','00:00:00','00:00:00','00:00:00','00:00:00','00:00:00','00:00:00','00:00:00','00:00:00','00:00:00','2018-06-26 16:00:14'),
('000001','2020-01-01 00:00:00','00:00:00','00:00:00','00:00:00','00:00:00','00:00:00','00:00:00','00:00:00','00:00:00','00:00:00','00:00:00','2018-07-08 16:35:02'),
('000001','2020-01-01 00:00:00','00:00:00','00:00:00','00:00:00','00:00:00','00:00:00','00:00:00','00:00:00','00:00:00','00:00:00','00:00:00','2018-07-08 16:42:09'),
('000001','2020-01-13 00:00:00','00:00:00','00:00:00','00:00:00','00:00:00','00:00:00','00:00:00','00:00:00','00:00:00','00:00:00','00:00:00','2018-07-08 16:42:09'),
('000001','2020-01-14 00:00:00','00:00:00','00:00:00','00:00:00','00:00:00','00:00:00','00:00:00','00:00:00','00:00:00','00:00:00','00:00:00','2018-07-08 16:42:09'),
('000002','2020-01-01 00:00:00','00:00:00','00:00:00','00:00:00','00:00:00','00:00:00','00:00:00','00:00:00','00:00:00','00:00:00','00:00:00','2018-07-08 16:42:09'),
('000002','2020-01-13 00:00:00','00:00:00','00:00:00','00:00:00','00:00:00','00:00:00','00:00:00','00:00:00','00:00:00','00:00:00','00:00:00','2018-07-08 16:42:09'),
('000002','2020-01-14 00:00:00','00:00:00','00:00:00','00:00:00','00:00:00','00:00:00','00:00:00','00:00:00','00:00:00','00:00:00','00:00:00','2018-07-08 16:42:09');

-- 
-- Definition of hrm_timesheet_holiday
-- 

CREATE TABLE IF NOT EXISTS `hrm_timesheet_holiday` (
  `Holiday_ID` varchar(255) NOT NULL DEFAULT '',
  `Holiday_Name` varchar(255) DEFAULT NULL,
  `Holiday_Type` varchar(255) DEFAULT NULL,
  `Holiday_Duration` int(11) DEFAULT NULL,
  `Holiday_StartDate` date DEFAULT NULL,
  `Holiday_EndDate` date DEFAULT NULL,
  `Holiday_Description` text,
  PRIMARY KEY (`Holiday_ID`)
) ENGINE=MyISAM DEFAULT CHARSET=utf8;

-- 
-- Dumping data for table hrm_timesheet_holiday
-- 

INSERT INTO `hrm_timesheet_holiday`(`Holiday_ID`,`Holiday_Name`,`Holiday_Type`,`Holiday_Duration`,`Holiday_StartDate`,`Holiday_EndDate`,`Holiday_Description`) VALUES
('Holiday-00001','មាខបូជា','All',1,'2018-01-31 00:00:00','2018-01-31 00:00:00',''),
('Holiday-00002','សិទ្ធិនារី','All',1,'2018-03-08 00:00:00','2018-03-08 00:00:00',''),
('Holiday-00003','Khmer New Year','All',4,'2018-04-14 00:00:00','2018-04-17 00:00:00',''),
('Holiday-00004','Visak Bochea Day','All',1,'2018-04-29 00:00:00','2018-04-29 00:00:00',''),
('Holiday-00005','Labor Day','All',1,'2018-05-01 00:00:00','2018-05-01 00:00:00',''),
('Holiday-00006','Royal Ploughing Ceremony','All',1,'2018-05-03 00:00:00','2018-05-03 00:00:00',''),
('Holiday-00007','King''s Birthday','All',3,'2018-05-13 00:00:00','2018-05-15 00:00:00',''),
('Holiday-00008','H.M. King Mother''s Birthday','All',1,'2018-06-18 00:00:00','2018-06-18 00:00:00',''),
('Holiday-00009','Constitution Day','All',1,'2018-09-24 00:00:00','2018-09-24 00:00:00',''),
('Holiday-00010','Pchum Ben Day','All',3,'2018-10-08 00:00:00','2018-10-10 00:00:00',''),
('Holiday-00011','Commemoration Day of King Norodom Sihanouk','All',1,'2018-10-15 00:00:00','2018-10-15 00:00:00',''),
('Holiday-00012','King''s Coronation Day','All',1,'2018-10-29 00:00:00','2018-10-29 00:00:00',''),
('Holiday-00013','National Independence Day','All',1,'2018-11-09 00:00:00','2018-11-09 00:00:00',''),
('Holiday-00014','Water Festival','All',3,'2018-11-21 00:00:00','2018-11-23 00:00:00',''),
('Holiday-00015','Human Rights'' Day','All',1,'2018-12-10 00:00:00','2018-12-10 00:00:00',''),
('Holiday-00016','tet','Custom',1,'2018-07-08 00:00:00','2018-07-08 00:00:00','');

-- 
-- Definition of hrm_timesheet_holiday_detail
-- 

CREATE TABLE IF NOT EXISTS `hrm_timesheet_holiday_detail` (
  `HolidayD_ID` varchar(255) DEFAULT '',
  `HolidayD_Status` varchar(255) DEFAULT '',
  `HolidayD_BranchID` varchar(255) DEFAULT '',
  `HolidayD_DepartmentID` varchar(255) DEFAULT '',
  `HolidayD_Index` int(11) DEFAULT NULL
) ENGINE=MyISAM DEFAULT CHARSET=utf8;

-- 
-- Dumping data for table hrm_timesheet_holiday_detail
-- 

INSERT INTO `hrm_timesheet_holiday_detail`(`HolidayD_ID`,`HolidayD_Status`,`HolidayD_BranchID`,`HolidayD_DepartmentID`,`HolidayD_Index`) VALUES
('Holiday-00016','Branch & Department','BRANCH-00001','DEP-00001',1);

-- 
-- Definition of hrm_timesheet_late_duration
-- 

CREATE TABLE IF NOT EXISTS `hrm_timesheet_late_duration` (
  `LD_From` int(11) DEFAULT NULL,
  `LD_To` int(11) DEFAULT NULL,
  `LD_Deduction` int(11) DEFAULT NULL
) ENGINE=InnoDB DEFAULT CHARSET=utf8;

-- 
-- Dumping data for table hrm_timesheet_late_duration
-- 



-- 
-- Definition of hrm_timesheet_leave
-- 

CREATE TABLE IF NOT EXISTS `hrm_timesheet_leave` (
  `Leave_ID` varchar(255) NOT NULL DEFAULT '',
  `Leave_EmpID` varchar(255) DEFAULT NULL,
  `Leave_Tel` varchar(255) DEFAULT NULL,
  `Leave_Email` varchar(255) DEFAULT NULL,
  `Leave_Reason` text,
  `Leave_From` date DEFAULT NULL,
  `Leave_To` date DEFAULT NULL,
  `Leave_Description` text,
  `Leave_AttachmentName` varchar(255) DEFAULT NULL,
  `Leave_AttachmentPath` varchar(255) DEFAULT NULL,
  `Leave_Status` varchar(255) DEFAULT NULL,
  `Leave_AuthID` varchar(255) DEFAULT NULL,
  PRIMARY KEY (`Leave_ID`)
) ENGINE=MyISAM DEFAULT CHARSET=utf8;

-- 
-- Dumping data for table hrm_timesheet_leave
-- 

INSERT INTO `hrm_timesheet_leave`(`Leave_ID`,`Leave_EmpID`,`Leave_Tel`,`Leave_Email`,`Leave_Reason`,`Leave_From`,`Leave_To`,`Leave_Description`,`Leave_AttachmentName`,`Leave_AttachmentPath`,`Leave_Status`,`Leave_AuthID`) VALUES
('Leave-00004','E-00014','015 993 551','ssay@balancikacambodia.com','Go to Dentist','2018-02-09 00:00:00','2018-02-09 00:00:00','','','','approved',''),
('Leave-00005','E-00011','','','Chinese New Year','2018-02-13 00:00:00','2018-02-14 00:00:00','','leaveform.jpg','phbAKBdapX974Vm9zyg7Sw20180212115549leaveform.jpg','approved',''),
('Leave-00006','E-00007','010878804','pchea@balancikacambodia.com','go to hometown','2018-02-15 00:00:00','2018-02-15 00:00:00','','','','approved',''),
('Leave-00007','E-00010','096 976 7772','cchun@balancikacambodia.com','Going back to my hometown and complete an important task','2018-02-16 00:00:00','2018-02-17 00:00:00','','','','approved',''),
('Leave-00008','E-00004','089 741 058','suong@balancikacambodia.com','Homesick','2018-02-14 00:00:00','2018-02-17 00:00:00','','','','approved',''),
('Leave-00009','E-00008','017614488','nchea@balancikacambodia.com','Joining Grandparents'' Death Anniversary','2018-02-16 00:00:00','2018-02-17 00:00:00','','','','approved',''),
('Leave-00010','E-00013','015955247','vichet297@gmail.com','Go to hometown','2018-02-16 00:00:00','2018-02-17 00:00:00','','','','approved','Auth-00001'),
('Leave-00011','E-00012','070510024','fsim@balancikacambodia.com','I''m attend my friend''s wedding','2018-02-24 00:00:00','2018-02-26 00:00:00','','','','approved','Auth-00001'),
('Leave-00012','E-00007','010878804','pchea@balancikacambodia.com','join wedding friend','2018-02-28 00:00:00','2018-02-28 00:00:00','','','','approved','Auth-00001'),
('Leave-00013','E-00014','015 993 551','ssay@balancikacambodia.com','Go to Dentist','2018-02-26 00:00:00','2018-02-26 00:00:00','I go to meet dentist for make a teeth''s template today at afternoon.','','','approved','Auth-00001'),
('Leave-00014','E-00002','070809096','schum@balancikacambodia.com','ធ្វើដំណើរទៅខេត្ដព្រៃវែងនៅថ្ងៃសុក្រ ដើម្បីជូនម្ដាយក្មេកមកភ្នំពេញហៅភ្ញៀវចូលរួមពិធីមគ្គលការចុងសប្ដាហ៍នេះ','2018-03-02 00:00:00','2018-03-03 00:00:00','','','','approved','Auth-00003'),
('Leave-00015','E-00003','098 333 208','sthorn@balancikacambodia.com','Trip to thailand','2018-03-09 00:00:00','2018-03-10 00:00:00','','','','approved','Auth-00003'),
('Leave-00016','E-00008','017614488','nchea@balancikacambodia.com','Go to visit the doctor','2018-03-09 00:00:00','2018-03-09 00:00:00','','','','approved','Auth-00001'),
('Leave-00017','E-00018','098396472','shanh@balancikacambodia.com','I am go to my hometown in Battambang','2018-03-09 00:00:00','2018-03-10 00:00:00','','','','approved','Auth-00004'),
('Leave-00018','E-00021','015667727','vandournp@gmail.com','Join wedding relative','2018-03-12 00:00:00','2018-03-12 00:00:00','I''m fully afraid that i don''t come back on time.','','','approved','Auth-00001'),
('Leave-00019','E-00011','010948999','ckheav@balancikacambodia.com','I got a headache','2018-03-10 00:00:00','2018-03-10 00:00:00','','','','approved','Auth-00002'),
('Leave-00020','E-00002','070809096','schum@balancikacambodia.com','I am going to getting married and go to Singapore','2018-03-15 00:00:00','2018-03-24 00:00:00','','','','approved','Auth-00003'),
('Leave-00021','E-00009','010948460','ypen@balancikacambodia.com','Sick','2018-03-12 00:00:00','2018-03-13 00:00:00','','','','approved','Auth-00001'),
('Leave-00022','E-00010','096 97 67 772','cchun@balancikacambodia.com','Having importance appointment','2018-03-13 00:00:00','2018-03-13 00:00:00','','','','approved','Auth-00001'),
('Leave-00023','E-00008','017614488','nchea@balancikacambodia.com','Going to Cambodia Post Office for product shipment to abroad','2018-03-16 00:00:00','2018-03-16 00:00:00','','','','approved','Auth-00001'),
('Leave-00024','E-00007','010878804','','join party new house my sister','2018-03-20 00:00:00','2018-03-20 00:00:00','','','','approved','Auth-00001'),
('Leave-00025','E-00007','101878804','','join wedding niece','2018-03-26 00:00:00','2018-03-26 00:00:00','','','','approved','Auth-00001'),
('Leave-00026','E-00021','015667727','vandournp@gmail.com','Go to the final exam at Royal University of Phnom Penh (year 4 final exam)','2018-03-28 00:00:00','2018-03-30 00:00:00','This is the exam of my year 4 student.','','','approved','Auth-00001'),
('Leave-00027','E-00013','015955247','vichet297@gmail.com','ទៅមើលបងឈឺនៅឯវៀតណាម','2018-03-28 00:00:00','2018-03-29 00:00:00','','','','approved','Auth-00001'),
('Leave-00028','E-00011','010948999','ckheav@balancikacambodia.com','ជួយម៉ាក់ដុតនំថ្ងៃសែនឆេងម៉េង','2018-03-30 00:00:00','2018-03-31 00:00:00','','','','approved','Auth-00002'),
('Leave-00029','E-00013','015955247','vichet297@gmail.com','my brother is surgerying so, i have to stay in Vietnam one more day','2018-03-30 00:00:00','2018-03-30 00:00:00','','','','approved','Auth-00001'),
('Leave-00030','E-00005','069606747','vsakhan@balancikacambodia.com','សូត្រមន្ដនៅផ្ទះ','2018-03-30 00:00:00','2018-03-30 00:00:00','រៀបចំផ្ទះ សូត្រមន្ដ','','','approved','Auth-00001'),
('Leave-00031','E-00002','070809096','schum@balancikacambodia.com','Sick (គ្រុនឈាម)','2018-03-29 00:00:00','2018-03-29 00:00:00','','','','approved','Auth-00003'),
('Leave-00032','E-00001','069297800','sambathchy.chy@gmail.com','ចូលរួមកម្មរិធីឆេងម៉េងនៅខេត្តកណ្ដាល','2018-03-31 00:00:00','2018-03-31 00:00:00','','','','approved','Auth-00002'),
('Leave-00033','E-00007','','','go to hometown','2018-04-04 00:00:00','2018-04-04 00:00:00','','','','approved','Auth-00001'),
('Leave-00034','E-00007','','','go to hometown','2018-04-05 00:00:00','2018-04-05 00:00:00','','','','approved','Auth-00001'),
('Leave-00035','E-00008','017614488','navycheatv@gmail.com','Go to hometown','2018-04-02 00:00:00','2018-04-02 00:00:00','','','','approved','Auth-00001'),
('Leave-00036','E-00003','098 333 208','Sereyvong98@gmail.com','Busy at home','2018-04-02 00:00:00','2018-04-02 00:00:00','','','','approved','Auth-00003'),
('Leave-00037','E-00014','015993551','ssay@balancikacambodia.com','Busy at home.','2018-04-04 00:00:00','2018-04-04 00:00:00','My parent goes to Cheng Meng. so I have to help my parent business and I go to meet Dentist on Afternoon.','','','approved','Auth-00001'),
('Leave-00038','E-00003','098 333 208','sereyvong98@gmail.com','Trip to Koh Kong province','2018-04-07 00:00:00','2018-04-09 00:00:00','','','','approved','Auth-00003'),
('Leave-00039','E-00021','015667727','vandournp@gmail.com','Join HRD center reunion','2018-04-07 00:00:00','2018-04-07 00:00:00','Go to join 5th Reunion of HRD center.','','','approved','Auth-00001'),
('Leave-00040','E-00026','010456323','cgnem@balancikacambodia.com','Join HRD center reunion','2018-04-07 00:00:00','2018-04-07 00:00:00','','','','approved','Auth-00001'),
('Leave-00041','E-00009','010948460','ypen@balancikacambodia.com','Participate in football competition','2018-04-07 00:00:00','2018-04-07 00:00:00','','','','approved','Auth-00001'),
('Leave-00042','E-00012','070510024','fsim@balancikacambodia.com','HRD 5th Reunion Event','2018-04-07 00:00:00','2018-04-07 00:00:00','','','','approved','Auth-00001'),
('Leave-00043','E-00009','010948460','ypen@balancikacambodia.com','Sick','2018-04-09 00:00:00','2018-04-09 00:00:00','','','','approved','Auth-00001'),
('Leave-00044','E-00010','0969767772','cchun@balancikacambodia','Going back to hometown for Khmer New Year','2018-04-13 00:00:00','2018-04-13 00:00:00','','','','approved','Auth-00001'),
('Leave-00045','E-00013','015955247','vichet297@gmail.com','Go to hometown','2018-04-12 00:00:00','2018-04-13 00:00:00','','','','approved','Auth-00001'),
('Leave-00046','E-00018','098396472','shanh@balancikacambodia.com','I am go to my homeland','2018-04-13 00:00:00','2018-04-17 00:00:00','','','','approved','Auth-00004'),
('Leave-00056','E-00006','','','Busy at home','2018-04-20 00:00:00','2018-04-20 00:00:00','','','','approved','Auth-00003'),
('Leave-00057','E-00009','010948460','ypen@balancikacambodia.com','Brother Wedding','2018-04-23 00:00:00','2018-04-24 00:00:00','','','','approved','Auth-00001'),
('Leave-00058','E-00014','015 993 551','ssay@balancikacambodia.com','Examination','2018-04-24 00:00:00','2018-04-24 00:00:00','Do project for examination.','','','approved','Auth-00001'),
('Leave-00059','E-00018','098396472','shanh@balancikacambodia.com','I take my sister to hospital','2018-04-24 00:00:00','2018-04-24 00:00:00','','','','approved','Auth-00004'),
('Leave-00049','E-00008','017614488','navycheatv@gmail.com','Visiting hometown in Khmer New Year','2018-04-13 00:00:00','2018-04-17 00:00:00','','','','approved','Auth-00001'),
('Leave-00050','E-00025','069778829','bly@balancikacambodia.com','Khmer New Year','2018-04-13 00:00:00','2018-04-17 00:00:00','','','','approved','Auth-00001'),
('Leave-00051','E-00004','089741058','suong@balancikacambodia.com','ធ្វើបុណ្យ','2018-04-12 00:00:00','2018-04-17 00:00:00','','','','approved','Auth-00003'),
('Leave-00052','E-00006','010888497','cheasophorn.balancika@gmail.com','Go to hometown','2018-04-13 00:00:00','2018-04-13 00:00:00','','','','approved','Auth-00003'),
('Leave-00053','E-00014','015993551','ssay@balancikacambodia.com','Busy at home','2018-04-12 00:00:00','2018-04-12 00:00:00','My parents go to Pagoda at morning. so  i have to stay home ultil they back','','','approved','Auth-00001'),
('Leave-00054','E-00021','015667727','vandournp@gmail.com','Visit Family at hometown','2018-04-13 00:00:00','2018-04-13 00:00:00','','','','approved','Auth-00001'),
('Leave-00055','E-00014','015993551','ssay@balancikacambodia.com','Go to Province','2018-04-18 00:00:00','2018-04-19 00:00:00','On 19th, i''m not yet come Phnom Penh.','','','approved','Auth-00001'),
('Leave-00060','E-00025','069778829','bly@balancikacambodia.com','Attending Friend''s Wedding at Skon','2018-04-27 00:00:00','2018-04-27 00:00:00','','','','approved','Auth-00001'),
('Leave-00061','E-00013','015 955 247','vichet297@gmail.com','Go to join Graduation Ceremony at Human Resources University','2018-04-30 00:00:00','2018-04-30 00:00:00','','','','approved','Auth-00001'),
('Leave-00062','E-00006','010888497','cheasophorn.balancika@gmail.com','I''m sick','2018-05-04 00:00:00','2018-05-04 00:00:00','','','','approved','Auth-00003'),
('Leave-00063','E-00008','017614488','navycheatv@gmail.com','Join Grandfather''s Funeral','2018-05-07 00:00:00','2018-05-07 00:00:00','','','','approved','Auth-00001'),
('Leave-00064','E-00014','015 993 551','ssay@balancikacambodia.com','I go to Banteay Meanchey Province.','2018-05-09 00:00:00','2018-05-10 00:00:00','I go to Svay Sisophorn for 2 days because i have to join grand open of my sister.','','','approved','Auth-00001'),
('Leave-00065','E-00003','098 333 208','sereyvong98@gmail.com','Sick','2018-05-09 00:00:00','2018-05-09 00:00:00','','','','approved','Auth-00003'),
('Leave-00066','E-00004','','','ការមិត្តនូវខេត្ត','2018-05-11 00:00:00','2018-05-12 00:00:00','','','','approved','Auth-00003'),
('Leave-00067','E-00026','010456323','cgnem@balancikacambodia.com','Go to join sister engagement at kompongcham province.','2018-05-16 00:00:00','2018-05-16 00:00:00','','','','approved','Auth-00001'),
('Leave-00068','E-00018','098396472','shanh@balancikacambodia.com','I go to pick up my mother at the bus station','2018-05-12 00:00:00','2018-05-12 00:00:00','','','','approved','Auth-00004'),
('Leave-00069','E-00001','','','Bring my wife to hospital','2018-05-12 00:00:00','2018-05-12 00:00:00','','','','approved','Auth-00002'),
('Leave-00070','E-00001','098532100','','ចូលរួមពិធីសូត្រមន្តនៅផ្ទះ','2018-05-16 00:00:00','2018-05-16 00:00:00','','','','approved','Auth-00002'),
('Leave-00071','E-00012','070510024','fsim@balancikacambodia.com','Go to homelands','2018-05-19 00:00:00','2018-05-19 00:00:00','','','','approved','Auth-00001'),
('Leave-00072','E-00001','','','I got a headache','2018-05-19 00:00:00','2018-05-19 00:00:00','','','','approved','Auth-00002'),
('Leave-00073','E-00002','070809096','schum@balancikacambodia.com','I am sick.','2018-05-21 00:00:00','2018-05-21 00:00:00','','','','approved','Auth-00003'),
('Leave-00074','E-00008','017614488','navycheatv@gmail.com','Go to hospital for health checking','2018-05-22 00:00:00','2018-05-22 00:00:00','','','','approved','Auth-00001'),
('Leave-00075','E-00009','010948460','ypen@balancikacambodia.com','Sick','2018-05-24 00:00:00','2018-05-24 00:00:00','','','','approved','Auth-00001'),
('Leave-00076','E-00003','098 333 208','Sereyvong98@gmail.com','Sick','2018-05-31 00:00:00','2018-05-31 00:00:00','','','','approved','Auth-00003'),
('Leave-00077','E-00021','015667727','vandournp@gmail.com','Do a test for ACE entrance and taking my mom to Bank .','2018-06-04 00:00:00','2018-06-04 00:00:00','','','','approved','Auth-00001'),
('Leave-00078','E-00012','070510024','fsim@balancikacambodia.com','Sick','2018-06-05 00:00:00','2018-06-05 00:00:00','','','','approved','Auth-00001'),
('Leave-00079','E-00003','098 333 208','sereyvong98@gmail.com','Busy at home','2018-06-06 00:00:00','2018-06-06 00:00:00','','','','approved','Auth-00003'),
('Leave-00080','E-00008','017614488','navycheatv@gmail.com','Meeting at Royal University of Phnom Penh for graduation day','2018-06-12 00:00:00','2018-06-12 00:00:00','','','','approved','Auth-00001'),
('Leave-00081','E-00012','070510024','fsim@balancikacambodia.com','Prepare graduate day at RUPP','2018-06-12 00:00:00','2018-06-12 00:00:00','','','','requested','Auth-00001'),
('Leave-00082','E-00002','070809096','schum@balancikacambodia.com','My wife got sick last night and I take her to hospital.','2018-06-15 00:00:00','2018-06-15 00:00:00','','','','approved','Auth-00003'),
('Leave-00083','E-00021','015667727','vandournp@gmail.com','Join my friend''s wedding at homeland.','2018-06-19 00:00:00','2018-06-19 00:00:00','','','','requested','Auth-00001'),
('Leave-00084','E-00014','015 993 551','ssay@balancikacambodia.com','I''m busy at home','2018-06-19 00:00:00','2018-06-19 00:00:00','','','','requested','Auth-00001'),
('Leave-00085','E-00008','017614488','navycheatv@gmail.com','Preparing  and joining Graduation Day','2018-06-21 00:00:00','2018-06-22 00:00:00','','','','requested','Auth-00001'),
('Leave-00086','E-00013','015 955 247','vichet297@gmail.com','Join friend''s wedding at Kondal Province','2018-06-22 00:00:00','2018-06-22 00:00:00','','','','requested','Auth-00001'),
('Leave-00087','E-00012','070510024','fsim@balancikacambodia.com','RUPP Graduation and Join wedding relatives at Kompung Cham province','2018-06-22 00:00:00','2018-06-23 00:00:00','','','','requested','Auth-00001'),
('Leave-00088','E-00013','015 955 247','vichet297@gmail.com','Go to hometown','2018-06-25 00:00:00','2018-06-25 00:00:00','','','','requested','Auth-00001'),
('Leave-00089','E-00002','070809096','chumsamnang.bb@gmail.com','សូត្រមន្ដនៅផ្ទះអូឬស្សីពេលព្រឹក','2018-06-26 00:00:00','2018-06-26 00:00:00','','','','requested','Auth-00003'),
('Leave-00090','E-00001','test','','test','2018-07-04 00:00:00','2018-07-04 00:00:00','','','','requested','Auth-00002'),
('Leave-00091','E-00005','test','','sdfasdf','2018-07-09 00:00:00','2018-07-09 00:00:00','asdfasdfsadf','','','requested','Auth-00001'),
('Leave-00092','E-00005','','','test','2018-07-09 00:00:00','2018-07-09 00:00:00','','','','approved',''),
('Leave-00093','E00001','','','sdfasfsadfsdf','2018-07-10 00:00:00','2018-07-10 00:00:00','','','','approved',''),
('Leave-00094','E00001','','','test','2018-07-11 00:00:00','2018-07-11 00:00:00','','','','rejected','Auth-00008');

-- 
-- Definition of hrm_timesheet_leave_detail
-- 

CREATE TABLE IF NOT EXISTS `hrm_timesheet_leave_detail` (
  `LeaveD_ID` varchar(255) NOT NULL,
  `LeaveD_Date` date DEFAULT NULL,
  `LeaveD_Duration` varchar(255) DEFAULT NULL,
  `LeaveD_TypeID` varchar(255) DEFAULT NULL,
  `LeaveD_TimeFrom` time DEFAULT NULL,
  `LeaveD_TimeTo` time DEFAULT NULL,
  `Leave_Total` float DEFAULT NULL,
  `Leave_Amount` float DEFAULT NULL,
  `Leave_TotalWorkHour` float DEFAULT NULL
) ENGINE=InnoDB DEFAULT CHARSET=utf8;

-- 
-- Dumping data for table hrm_timesheet_leave_detail
-- 

INSERT INTO `hrm_timesheet_leave_detail`(`LeaveD_ID`,`LeaveD_Date`,`LeaveD_Duration`,`LeaveD_TypeID`,`LeaveD_TimeFrom`,`LeaveD_TimeTo`,`Leave_Total`,`Leave_Amount`,`Leave_TotalWorkHour`) VALUES
('Leave-00004','2018-02-09 00:00:00','Hourly','LT-00002','13:00:00','17:00:00',4,0.5,8),
('Leave-00005','2018-02-13 00:00:00','Full Day','LT-00002','00:00:00','00:00:00',1,1,0),
('Leave-00005','2018-02-14 00:00:00','Full Day','LT-00002','00:00:00','00:00:00',1,1,0),
('Leave-00006','2018-02-15 00:00:00','Full Day','LT-00002','00:00:00','00:00:00',1,1,0),
('Leave-00007','2018-02-16 00:00:00','Full Day','LT-00002','00:00:00','00:00:00',1,1,0),
('Leave-00007','2018-02-17 00:00:00','Hourly','LT-00002','08:00:00','12:00:00',4,0.5,8),
('Leave-00008','2018-02-14 00:00:00','Hourly','LT-00002','01:00:00','05:00:00',4,0.5,8),
('Leave-00008','2018-02-15 00:00:00','Full Day','LT-00002','00:00:00','00:00:00',1,1,0),
('Leave-00008','2018-02-16 00:00:00','Full Day','LT-00002','00:00:00','00:00:00',1,1,0),
('Leave-00008','2018-02-17 00:00:00','Hourly','LT-00002','08:00:00','12:00:00',4,0.5,8),
('Leave-00009','2018-02-16 00:00:00','Full Day','LT-00002','00:00:00','00:00:00',1,1,0),
('Leave-00009','2018-02-17 00:00:00','Hourly','LT-00002','08:00:00','12:00:00',4,0.5,8),
('Leave-00010','2018-02-16 00:00:00','Full Day','LT-00002','00:00:00','00:00:00',1,1,0),
('Leave-00010','2018-02-17 00:00:00','Hourly','LT-00002','08:00:00','12:00:00',4,0.5,8),
('Leave-00011','2018-02-24 00:00:00','Hourly','LT-00002','08:00:00','12:00:00',4,0.5,8),
('Leave-00011','2018-02-26 00:00:00','Full Day','LT-00002','00:00:00','00:00:00',1,1,0),
('Leave-00012','2018-02-28 00:00:00','Hourly','LT-00002','08:00:00','12:00:00',4,0.5,8),
('Leave-00013','2018-02-26 00:00:00','Hourly','LT-00002','13:00:00','17:00:00',4,0.5,8),
('Leave-00014','2018-03-02 00:00:00','Hourly','LT-00002','13:00:00','17:00:00',4,0.5,8),
('Leave-00014','2018-03-03 00:00:00','Hourly','LT-00002','08:00:00','12:00:00',4,0.5,8),
('Leave-00015','2018-03-09 00:00:00','Full Day','LT-00002','00:00:00','00:00:00',1,1,0),
('Leave-00015','2018-03-10 00:00:00','Hourly','LT-00002','08:00:00','12:00:00',4,0.5,8),
('Leave-00016','2018-03-09 00:00:00','Hourly','LT-00002','13:00:00','17:00:00',4,0.5,8),
('Leave-00017','2018-03-09 00:00:00','Hourly','LT-00002','13:00:00','17:00:00',4,0.5,8),
('Leave-00017','2018-03-10 00:00:00','Hourly','LT-00002','08:00:00','12:00:00',4,0.5,8),
('Leave-00018','2018-03-12 00:00:00','Hourly','LT-00002','08:00:00','12:00:00',4,0.5,8),
('Leave-00019','2018-03-10 00:00:00','Hourly','LT-00002','08:00:00','12:00:00',4,0.5,8),
('Leave-00020','2018-03-15 00:00:00','Full Day','LT-00003','00:00:00','00:00:00',1,1,0),
('Leave-00020','2018-03-16 00:00:00','Full Day','LT-00003','00:00:00','00:00:00',1,1,0),
('Leave-00020','2018-03-17 00:00:00','Full Day','LT-00003','00:00:00','00:00:00',1,1,0),
('Leave-00020','2018-03-18 00:00:00','Full Day','LT-00003','00:00:00','00:00:00',1,1,0),
('Leave-00020','2018-03-19 00:00:00','Full Day','LT-00003','00:00:00','00:00:00',1,1,0),
('Leave-00020','2018-03-20 00:00:00','Full Day','LT-00003','00:00:00','00:00:00',1,1,0),
('Leave-00020','2018-03-21 00:00:00','Full Day','LT-00003','00:00:00','00:00:00',1,1,0),
('Leave-00020','2018-03-22 00:00:00','Full Day','LT-00002','00:00:00','00:00:00',1,1,0),
('Leave-00020','2018-03-23 00:00:00','Full Day','LT-00002','00:00:00','00:00:00',1,1,0),
('Leave-00020','2018-03-24 00:00:00','Hourly','LT-00002','08:00:00','12:00:00',4,0.5,8),
('Leave-00021','2018-03-12 00:00:00','Full Day','LT-00002','00:00:00','00:00:00',1,1,0),
('Leave-00021','2018-03-13 00:00:00','Full Day','LT-00002','00:00:00','00:00:00',1,1,0),
('Leave-00022','2018-03-13 00:00:00','Hourly','LT-00002','15:30:00','17:00:00',1.5,0.5,8),
('Leave-00023','2018-03-16 00:00:00','Hourly','LT-00002','13:00:00','17:00:00',4,0.5,8),
('Leave-00024','2018-03-20 00:00:00','Hourly','LT-00002','13:00:00','17:00:00',4,0.5,8),
('Leave-00025','2018-03-26 00:00:00','Hourly','LT-00002','01:00:00','05:00:00',4,0.5,8),
('Leave-00026','2018-03-28 00:00:00','Full Day','LT-00002','00:00:00','00:00:00',1,1,0),
('Leave-00026','2018-03-29 00:00:00','Full Day','LT-00002','00:00:00','00:00:00',1,1,0),
('Leave-00026','2018-03-30 00:00:00','Hourly','LT-00002','08:00:00','12:00:00',4,0.5,8),
('Leave-00012','2018-02-28 00:00:00','Full Day','LT-00002','00:00:00','00:00:00',1.5,1.5,0),
('Leave-00004','2018-02-09 00:00:00','Full Day','LT-00002','00:00:00','00:00:00',2,2,0),
('Leave-00011','2018-02-26 00:00:00','Full Day','LT-00002','00:00:00','00:00:00',1.5,1.5,0),
('Leave-00027','2018-03-28 00:00:00','Full Day','LT-00002','00:00:00','00:00:00',1,1,0),
('Leave-00027','2018-03-29 00:00:00','Full Day','LT-00002','00:00:00','00:00:00',1,1,0),
('Leave-00028','2018-03-30 00:00:00','Full Day','LT-00002','00:00:00','00:00:00',1,1,0),
('Leave-00028','2018-03-31 00:00:00','Hourly','LT-00002','08:00:00','12:00:00',4,0.5,8),
('Leave-00029','2018-03-30 00:00:00','Full Day','LT-00002','00:00:00','00:00:00',1,1,0),
('Leave-00030','2018-03-30 00:00:00','Full Day','LT-00002','00:00:00','00:00:00',1,1,0),
('Leave-00031','2018-03-29 00:00:00','Full Day','LT-00002','00:00:00','00:00:00',1,1,0),
('Leave-00032','2018-03-31 00:00:00','Hourly','LT-00002','08:00:00','12:00:00',4,0.5,8),
('Leave-00033','2018-04-04 00:00:00','Hourly','LT-00002','13:00:00','17:00:00',4,0.5,8),
('Leave-00034','2018-04-05 00:00:00','Hourly','LT-00002','08:00:00','12:00:00',4,0.5,8),
('Leave-00035','2018-04-02 00:00:00','Full Day','LT-00002','00:00:00','00:00:00',1,1,8),
('Leave-00036','2018-04-02 00:00:00','Full Day','LT-00002','00:00:00','00:00:00',1,1,0),
('Leave-00037','2018-04-04 00:00:00','Full Day','LT-00002','00:00:00','00:00:00',1,1,0),
('Leave-00038','2018-04-07 00:00:00','Hourly','LT-00002','08:00:00','12:00:00',4,0.5,8),
('Leave-00038','2018-04-09 00:00:00','Full Day','LT-00002','00:00:00','00:00:00',1,1,0),
('Leave-00039','2018-04-07 00:00:00','Hourly','LT-00002','08:00:00','12:00:00',4,0.5,8),
('Leave-00040','2018-04-07 00:00:00','Hourly','LT-00002','08:00:00','12:00:00',4,0.5,8),
('Leave-00041','2018-04-07 00:00:00','Hourly','LT-00002','08:00:00','12:00:00',4,0.5,8),
('Leave-00042','2018-04-07 00:00:00','Hourly','LT-00002','08:00:00','12:00:00',4,0.5,8),
('Leave-00043','2018-04-09 00:00:00','Full Day','LT-00002','00:00:00','00:00:00',1,1,0),
('Leave-00044','2018-04-13 00:00:00','Full Day','LT-00002','00:00:00','00:00:00',1,1,0),
('Leave-00045','2018-04-12 00:00:00','Hourly','LT-00002','12:00:00','17:00:00',4,0.5,8),
('Leave-00045','2018-04-13 00:00:00','Full Day','LT-00002','00:00:00','00:00:00',1,1,0),
('Leave-00046','2018-04-13 00:00:00','Full Day','LT-00002','08:00:00','17:00:00',1,1,0),
('Leave-00049','2018-04-13 00:00:00','Full Day','LT-00002','00:00:00','00:00:00',1,1,0),
('Leave-00050','2018-04-13 00:00:00','Hourly','LT-00002','13:00:00','17:00:00',4,0.5,8),
('Leave-00051','2018-04-12 00:00:00','Hourly','LT-00002','12:00:00','17:00:00',4,0.5,8),
('Leave-00051','2018-04-13 00:00:00','Full Day','LT-00002','00:00:00','00:00:00',1,1,0),
('Leave-00052','2018-04-13 00:00:00','Full Day','LT-00002','00:00:00','00:00:00',1,1,0),
('Leave-00053','2018-04-12 00:00:00','Hourly','LT-00002','08:00:00','12:00:00',4,0.5,8),
('Leave-00054','2018-04-13 00:00:00','Hourly','LT-00002','12:00:00','17:00:00',4,0.5,8),
('Leave-00055','2018-04-18 00:00:00','Full Day','LT-00002','00:00:00','00:00:00',1,1,0),
('Leave-00055','2018-04-19 00:00:00','Full Day','LT-00002','00:00:00','00:00:00',1,1,0),
('Leave-00056','2018-04-20 00:00:00','Hourly','LT-00002','14:00:00','17:00:00',3,0.5,8),
('Leave-00057','2018-04-23 00:00:00','Hourly','LT-00002','13:00:00','17:00:00',4,0.5,8),
('Leave-00057','2018-04-24 00:00:00','Full Day','LT-00002','00:00:00','00:00:00',1,1,0),
('Leave-00058','2018-04-24 00:00:00','Full Day','LT-00002','00:00:00','00:00:00',1,1,0),
('Leave-00059','2018-04-24 00:00:00','Hourly','LT-00002','13:00:00','17:00:00',4,0.5,8),
('Leave-00060','2018-04-27 00:00:00','Hourly','LT-00002','13:00:00','17:00:00',4,0.5,8),
('Leave-00061','2018-04-30 00:00:00','Full Day','LT-00002','00:00:00','00:00:00',1,1,0),
('Leave-00062','2018-05-04 00:00:00','Full Day','LT-00002','00:00:00','00:00:00',1,1,0),
('Leave-00063','2018-05-07 00:00:00','Full Day','LT-00002','00:00:00','00:00:00',1,1,0),
('Leave-00064','2018-05-09 00:00:00','Full Day','LT-00002','00:00:00','00:00:00',1,1,0),
('Leave-00064','2018-05-10 00:00:00','Full Day','LT-00002','00:00:00','00:00:00',1,1,0),
('Leave-00065','2018-05-09 00:00:00','Hourly','LT-00002','12:00:00','17:00:00',4,0.5,8),
('Leave-00066','2018-05-11 00:00:00','Full Day','LT-00002','00:00:00','00:00:00',1,1,0),
('Leave-00066','2018-05-12 00:00:00','Hourly','LT-00002','08:00:00','12:00:00',4,0.5,8),
('Leave-00067','2018-05-16 00:00:00','Full Day','LT-00002','00:00:00','00:00:00',1,1,0),
('Leave-00068','2018-05-12 00:00:00','Hourly','LT-00002','08:00:00','12:00:00',4,0.5,8),
('Leave-00069','2018-05-12 00:00:00','Hourly','LT-00002','08:00:00','12:00:00',4,0.5,8),
('Leave-00070','2018-05-16 00:00:00','Hourly','LT-00002','08:00:00','12:00:00',4,0.5,8),
('Leave-00071','2018-05-19 00:00:00','Hourly','LT-00002','08:00:00','12:00:00',4,0.5,8),
('Leave-00072','2018-05-19 00:00:00','Hourly','LT-00002','08:00:00','12:00:00',4,0.5,8),
('Leave-00073','2018-05-21 00:00:00','Hourly','LT-00002','13:00:00','17:00:00',4,0.5,8),
('Leave-00074','2018-05-22 00:00:00','Full Day','LT-00002','00:00:00','00:00:00',1,1,0),
('Leave-00075','2018-05-24 00:00:00','Hourly','LT-00002','13:00:00','17:00:00',4,0.5,8),
('Leave-00076','2018-05-31 00:00:00','Full Day','LT-00002','00:00:00','00:00:00',1,1,0),
('Leave-00077','2018-06-04 00:00:00','Hourly','LT-00002','12:00:00','17:00:00',4,0.5,8),
('Leave-00078','2018-06-05 00:00:00','Hourly','LT-00002','08:00:00','12:00:00',4,0.5,8),
('Leave-00079','2018-06-06 00:00:00','Hourly','LT-00002','10:00:00','12:00:00',2,0.5,8),
('Leave-00080','2018-06-12 00:00:00','Full Day','LT-00002','00:00:00','00:00:00',1,1,0),
('Leave-00081','2018-06-12 00:00:00','Hourly','LT-00002','08:00:00','12:00:00',4,0.5,8),
('Leave-00082','2018-06-15 00:00:00','Full Day','LT-00002','00:00:00','00:00:00',1,1,0),
('Leave-00083','2018-06-19 00:00:00','Hourly','LT-00002','08:00:00','12:00:00',4,0.5,8),
('Leave-00084','2018-06-19 00:00:00','Hourly','LT-00002','08:00:00','12:00:00',4,0.5,8),
('Leave-00085','2018-06-21 00:00:00','Hourly','LT-00002','01:00:00','17:00:00',15,1,8),
('Leave-00085','2018-06-22 00:00:00','Full Day','LT-00002','00:00:00','00:00:00',1,1,0),
('Leave-00086','2018-06-22 00:00:00','Hourly','LT-00002','12:00:00','17:00:00',4,0.5,8),
('Leave-00087','2018-06-22 00:00:00','Full Day','LT-00002','00:00:00','00:00:00',1,1,0),
('Leave-00087','2018-06-23 00:00:00','Hourly','LT-00002','08:00:00','12:00:00',4,0.5,8),
('Leave-00088','2018-06-25 00:00:00','Full Day','LT-00002','00:00:00','00:00:00',1,1,0),
('Leave-00089','2018-06-26 00:00:00','Hourly','LT-00002','07:00:00','12:00:00',5,1,8),
('Leave-00090','2018-07-04 00:00:00','Full Day','LT-00002','00:00:00','00:00:00',1,1,0),
('Leave-00091','2018-07-09 00:00:00','Full Day','LT-00002','00:00:00','00:00:00',1,1,0),
('Leave-00092','2018-07-09 00:00:00','Full Day','LT-00002','00:00:00','00:00:00',1,1,0),
('Leave-00093','2018-07-10 00:00:00','Full Day','LT-00003','00:00:00','00:00:00',1,1,0),
('Leave-00094','2018-07-11 00:00:00','Full Day','LT-00003','00:00:00','00:00:00',1,1,0);

-- 
-- Definition of hrm_timesheet_leave_type
-- 

CREATE TABLE IF NOT EXISTS `hrm_timesheet_leave_type` (
  `LeaveType_ID` varchar(255) NOT NULL DEFAULT '',
  `LeaveType_Name` varchar(255) NOT NULL DEFAULT '',
  `LeaveType_PayStatus` varchar(20) DEFAULT NULL,
  `LeaveType_Year` int(11) DEFAULT '0',
  `LeaveType_AmountAllowed` float DEFAULT '0',
  `LeaveType_GenderRestriction` varchar(255) DEFAULT NULL,
  `LeaveType_PayType` varchar(255) DEFAULT NULL,
  `LeaveType_PayAmount` double DEFAULT '0',
  `LeaveType_BaseBalance` varchar(255) DEFAULT 'Year',
  PRIMARY KEY (`LeaveType_ID`,`LeaveType_Name`)
) ENGINE=InnoDB DEFAULT CHARSET=utf8;

-- 
-- Dumping data for table hrm_timesheet_leave_type
-- 

INSERT INTO `hrm_timesheet_leave_type`(`LeaveType_ID`,`LeaveType_Name`,`LeaveType_PayStatus`,`LeaveType_Year`,`LeaveType_AmountAllowed`,`LeaveType_GenderRestriction`,`LeaveType_PayType`,`LeaveType_PayAmount`,`LeaveType_BaseBalance`) VALUES
('LT-00001','Annual Leave 2017','Paid',2017,18,'All','',0,'Join Date & Probation End Date'),
('LT-00002','Annual Leave 2018','Paid',2018,18,'All','',0,'Join Date & Probation End Date'),
('LT-00003','Marriage Leave 2018','Paid',2018,7,'All','',0,'Year'),
('LT-00004','tets','Paid',2018,3,'All','',0,'Year'),
('LT-00005','test','Unpaid',0,0,'All','Fixed Dialy',5,'');

-- 
-- Definition of hrm_timesheet_leave_type_employee
-- 

CREATE TABLE IF NOT EXISTS `hrm_timesheet_leave_type_employee` (
  `Leave_EmpID` varchar(255) NOT NULL DEFAULT '',
  `Leave_TypeID` varchar(255) NOT NULL DEFAULT '',
  PRIMARY KEY (`Leave_EmpID`,`Leave_TypeID`)
) ENGINE=InnoDB DEFAULT CHARSET=utf8;

-- 
-- Dumping data for table hrm_timesheet_leave_type_employee
-- 

INSERT INTO `hrm_timesheet_leave_type_employee`(`Leave_EmpID`,`Leave_TypeID`) VALUES
('E-00001','LT-00001'),
('E-00001','LT-00002'),
('E-00002','LT-00001'),
('E-00002','LT-00002'),
('E-00002','LT-00003'),
('E-00003','LT-00001'),
('E-00003','LT-00002'),
('E-00005','LT-00001'),
('E-00005','LT-00002'),
('E-00005','LT-00005'),
('E-00006','LT-00001'),
('E-00006','LT-00002'),
('E-00006','LT-00003'),
('E-00006','LT-00005'),
('E-00007','LT-00001'),
('E-00007','LT-00002'),
('E-00007','LT-00003'),
('E-00008','LT-00001'),
('E-00008','LT-00002'),
('E-00008','LT-00003'),
('E-00009','LT-00001'),
('E-00009','LT-00002'),
('E-00009','LT-00003'),
('E-00010','LT-00001'),
('E-00010','LT-00002'),
('E-00010','LT-00003'),
('E-00011','LT-00001'),
('E-00011','LT-00002'),
('E-00011','LT-00003'),
('E-00012','LT-00001'),
('E-00012','LT-00002'),
('E-00012','LT-00003'),
('E-00013','LT-00001'),
('E-00013','LT-00002'),
('E-00014','LT-00001'),
('E-00014','LT-00002'),
('E-00014','LT-00003'),
('E-00015','LT-00001'),
('E-00016','LT-00001'),
('E-00016','LT-00002'),
('E-00016','LT-00003'),
('E-00017','LT-00001'),
('E-00018','LT-00002'),
('E-00018','LT-00003'),
('E-00021','LT-00002'),
('E-00021','LT-00003'),
('E-00025','LT-00002'),
('E-00025','LT-00003'),
('E-00026','LT-00002'),
('E-00026','LT-00003'),
('E00001','LT-00003');

-- 
-- Definition of hrm_timesheet_leave_type_history
-- 

CREATE TABLE IF NOT EXISTS `hrm_timesheet_leave_type_history` (
  `LeaveType_ID` varchar(255) NOT NULL DEFAULT '',
  `LeaveType_Date` date NOT NULL,
  `LeaveType_PayStatus` varchar(20) DEFAULT NULL,
  `LeaveType_Year` int(11) DEFAULT '0',
  `LeaveType_AmountAllowed` float DEFAULT '0',
  `LeaveType_GenderRestriction` varchar(255) DEFAULT NULL,
  `LeaveType_PayType` varchar(255) DEFAULT NULL,
  `LeaveType_PayAmount` double DEFAULT '0',
  `LeaveType_Line` bigint(20) NOT NULL AUTO_INCREMENT,
  PRIMARY KEY (`LeaveType_Line`)
) ENGINE=MyISAM AUTO_INCREMENT=36 DEFAULT CHARSET=utf8;

-- 
-- Dumping data for table hrm_timesheet_leave_type_history
-- 

INSERT INTO `hrm_timesheet_leave_type_history`(`LeaveType_ID`,`LeaveType_Date`,`LeaveType_PayStatus`,`LeaveType_Year`,`LeaveType_AmountAllowed`,`LeaveType_GenderRestriction`,`LeaveType_PayType`,`LeaveType_PayAmount`,`LeaveType_Line`) VALUES
('LT-00001','2017-11-22 00:00:00','Paid',2017,18,'All','',0,29),
('LT-00002','2018-02-03 00:00:00','Paid',2018,18,'All','',0,30),
('LT-00003','2018-03-12 00:00:00','Paid',2018,7,'All','',0,31),
('LT-00004','2018-07-09 00:00:00','Paid',2018,3,'All','',0,32),
('LT-00005','2018-07-09 00:00:00','Unpaid',0,0,'All','Fixed Dialy',5,33),
('LT-00005','2018-07-09 00:00:00','Unpaid',0,0,'All','Fixed Dialy',5,34),
('LT-00004','2018-07-09 00:00:00','Paid',2018,3,'All','',0,35);

-- 
-- Definition of hrm_timesheet_roster
-- 

CREATE TABLE IF NOT EXISTS `hrm_timesheet_roster` (
  `Roster_Date` date NOT NULL DEFAULT '0000-00-00',
  `Roster_EmpID` varchar(255) NOT NULL DEFAULT '',
  `Roster_ShiftID` varchar(255) DEFAULT NULL,
  PRIMARY KEY (`Roster_Date`,`Roster_EmpID`)
) ENGINE=MyISAM DEFAULT CHARSET=utf8;

-- 
-- Dumping data for table hrm_timesheet_roster
-- 

INSERT INTO `hrm_timesheet_roster`(`Roster_Date`,`Roster_EmpID`,`Roster_ShiftID`) VALUES
('2018-07-09 00:00:00','E-00006','WS-00003'),
('2018-07-10 00:00:00','E-00006','WS-00003');

-- 
-- Definition of hrm_timesheet_workshift
-- 

CREATE TABLE IF NOT EXISTS `hrm_timesheet_workshift` (
  `Shift_ID` varchar(255) NOT NULL DEFAULT '',
  `Shift_Name` varchar(255) DEFAULT NULL,
  `Shift_Type` varchar(255) DEFAULT NULL,
  `Shift_Description` text,
  PRIMARY KEY (`Shift_ID`)
) ENGINE=MyISAM DEFAULT CHARSET=utf8;

-- 
-- Dumping data for table hrm_timesheet_workshift
-- 

INSERT INTO `hrm_timesheet_workshift`(`Shift_ID`,`Shift_Name`,`Shift_Type`,`Shift_Description`) VALUES
('WS-00001','Head Office','Normal',''),
('WS-00002','tet','Normal',''),
('WS-00003','tetstes','Roster','');

-- 
-- Definition of hrm_timesheet_workshift_detail
-- 

CREATE TABLE IF NOT EXISTS `hrm_timesheet_workshift_detail` (
  `Shift_ID` varchar(255) DEFAULT NULL,
  `Shift_Day` varchar(255) DEFAULT NULL,
  `Shift_TotalWorkHour` float DEFAULT '0',
  `Shift_TotalWorkOvertime` float DEFAULT '0',
  `Shift_TimeIn1` time DEFAULT '00:00:00',
  `Shift_TimeInPeriod1` time DEFAULT '00:00:00',
  `Shift_TimeIn1LateDuration` int(11) DEFAULT '0',
  `Shift_TimeOut1` time DEFAULT '00:00:00',
  `Shift_TimeOutPeriod1` time DEFAULT '00:00:00',
  `Shift_TimeOut1LateDuration` int(11) DEFAULT '0',
  `Shift_TimeIn2` time DEFAULT '00:00:00',
  `Shift_TimeInPeriod2` time DEFAULT '00:00:00',
  `Shift_TimeIn2LateDuration` int(11) DEFAULT '0',
  `Shift_TimeOut2` time DEFAULT '00:00:00',
  `Shift_TimeOutPeriod2` time DEFAULT '00:00:00',
  `Shift_TimeOut2LateDuration` int(11) DEFAULT '0',
  `Shift_TimeIn3` time DEFAULT '00:00:00',
  `Shift_TimeInPeriod3` time DEFAULT '00:00:00',
  `Shift_TimeIn3LateDuration` int(11) DEFAULT '0',
  `Shift_TimeOut3` time DEFAULT '00:00:00',
  `Shift_TimeOutPeriod3` time DEFAULT '00:00:00',
  `Shift_TimeOut3LateDuration` int(11) DEFAULT '0',
  `Shift_TimeIn4` time DEFAULT '00:00:00',
  `Shift_TimeInPeriod4` time DEFAULT '00:00:00',
  `Shift_TimeIn4LateDuration` int(11) DEFAULT '0',
  `Shift_TimeOut4` time DEFAULT '00:00:00',
  `Shift_TimeOutPeriod4` time DEFAULT '00:00:00',
  `Shift_TimeOut4LateDuration` int(11) DEFAULT '0',
  `Shift_TimeIn5` time DEFAULT '00:00:00',
  `Shift_TimeInPeriod5` time DEFAULT '00:00:00',
  `Shift_TimeIn5LateDuration` int(11) DEFAULT '0',
  `Shift_TimeOut5` time DEFAULT '00:00:00',
  `Shift_TimeOutPeriod5` time DEFAULT '00:00:00',
  `Shift_TimeOut5LateDuration` int(11) DEFAULT '0',
  `Shift_TimeInOvertime` time DEFAULT '00:00:00',
  `Shift_TimeOutOvertime` time DEFAULT '00:00:00',
  `Shift_TimeBreak1` varchar(255) DEFAULT '',
  `Shift_TimeBreak2` varchar(255) DEFAULT '',
  `Shift_TimeBreak3` varchar(255) DEFAULT '',
  `Shift_TimeBreak4` varchar(255) DEFAULT '',
  `Shift_TimeBreak5` varchar(255) DEFAULT ''
) ENGINE=MyISAM DEFAULT CHARSET=utf8;

-- 
-- Dumping data for table hrm_timesheet_workshift_detail
-- 

INSERT INTO `hrm_timesheet_workshift_detail`(`Shift_ID`,`Shift_Day`,`Shift_TotalWorkHour`,`Shift_TotalWorkOvertime`,`Shift_TimeIn1`,`Shift_TimeInPeriod1`,`Shift_TimeIn1LateDuration`,`Shift_TimeOut1`,`Shift_TimeOutPeriod1`,`Shift_TimeOut1LateDuration`,`Shift_TimeIn2`,`Shift_TimeInPeriod2`,`Shift_TimeIn2LateDuration`,`Shift_TimeOut2`,`Shift_TimeOutPeriod2`,`Shift_TimeOut2LateDuration`,`Shift_TimeIn3`,`Shift_TimeInPeriod3`,`Shift_TimeIn3LateDuration`,`Shift_TimeOut3`,`Shift_TimeOutPeriod3`,`Shift_TimeOut3LateDuration`,`Shift_TimeIn4`,`Shift_TimeInPeriod4`,`Shift_TimeIn4LateDuration`,`Shift_TimeOut4`,`Shift_TimeOutPeriod4`,`Shift_TimeOut4LateDuration`,`Shift_TimeIn5`,`Shift_TimeInPeriod5`,`Shift_TimeIn5LateDuration`,`Shift_TimeOut5`,`Shift_TimeOutPeriod5`,`Shift_TimeOut5LateDuration`,`Shift_TimeInOvertime`,`Shift_TimeOutOvertime`,`Shift_TimeBreak1`,`Shift_TimeBreak2`,`Shift_TimeBreak3`,`Shift_TimeBreak4`,`Shift_TimeBreak5`) VALUES
('WS-00001','Friday',8,8,'08:00:00','08:10:00',480,'17:00:00','16:50:00',480,'00:00:00','00:00:00',0,'00:00:00','00:00:00',0,'00:00:00','00:00:00',0,'00:00:00','00:00:00',0,'00:00:00','00:00:00',0,'00:00:00','00:00:00',0,'00:00:00','00:00:00',0,'00:00:00','00:00:00',0,'17:00:00','22:00:00','12:00:00-13:00:00;','','','',''),
('WS-00001','Thursday',8,8,'08:00:00','08:10:00',480,'17:00:00','16:50:00',480,'00:00:00','00:00:00',0,'00:00:00','00:00:00',0,'00:00:00','00:00:00',0,'00:00:00','00:00:00',0,'00:00:00','00:00:00',0,'00:00:00','00:00:00',0,'00:00:00','00:00:00',0,'00:00:00','00:00:00',0,'17:00:00','22:00:00','12:00:00-13:00:00;','','','',''),
('WS-00001','Wednesday',8,8,'08:00:00','08:10:00',480,'17:00:00','16:50:00',480,'00:00:00','00:00:00',0,'00:00:00','00:00:00',0,'00:00:00','00:00:00',0,'00:00:00','00:00:00',0,'00:00:00','00:00:00',0,'00:00:00','00:00:00',0,'00:00:00','00:00:00',0,'00:00:00','00:00:00',0,'17:00:00','22:00:00','12:00:00-13:00:00;','','','',''),
('WS-00001','Tuesday',8,8,'08:00:00','08:10:00',480,'17:00:00','16:50:00',480,'00:00:00','00:00:00',0,'00:00:00','00:00:00',0,'00:00:00','00:00:00',0,'00:00:00','00:00:00',0,'00:00:00','00:00:00',0,'00:00:00','00:00:00',0,'00:00:00','00:00:00',0,'00:00:00','00:00:00',0,'17:00:00','22:00:00','12:00:00-13:00:00;','','','',''),
('WS-00001','Monday',8,8,'08:00:00','08:10:00',480,'17:00:00','16:50:00',480,'00:00:00','00:00:00',0,'00:00:00','00:00:00',0,'00:00:00','00:00:00',0,'00:00:00','00:00:00',0,'00:00:00','00:00:00',0,'00:00:00','00:00:00',0,'00:00:00','00:00:00',0,'00:00:00','00:00:00',0,'17:00:00','22:00:00','12:00:00-13:00:00;','','','',''),
('WS-00001','Saturday',8,8,'08:00:00','08:10:00',180,'12:00:00','11:50:00',180,'00:00:00','00:00:00',0,'00:00:00','00:00:00',0,'00:00:00','00:00:00',0,'00:00:00','00:00:00',0,'00:00:00','00:00:00',0,'00:00:00','00:00:00',0,'00:00:00','00:00:00',0,'00:00:00','00:00:00',0,'01:00:00','21:00:00','','','','',''),
('WS-00002','Monday',3,3,'16:59:00','16:59:00',0,'16:59:00','16:59:00',0,'00:00:00','00:00:00',0,'00:00:00','00:00:00',0,'00:00:00','00:00:00',0,'00:00:00','00:00:00',0,'00:00:00','00:00:00',0,'00:00:00','00:00:00',0,'00:00:00','00:00:00',0,'00:00:00','00:00:00',0,'00:00:00','00:00:00','','','','',''),
('WS-00003','',4,4,'09:27:00','09:27:00',0,'09:27:00','09:27:00',0,'00:00:00','00:00:00',0,'00:00:00','00:00:00',0,'00:00:00','00:00:00',0,'00:00:00','00:00:00',0,'00:00:00','00:00:00',0,'00:00:00','00:00:00',0,'00:00:00','00:00:00',0,'00:00:00','00:00:00',0,'00:00:00','00:00:00','','','','','');

-- 
-- Definition of hrm_transfer
-- 

CREATE TABLE IF NOT EXISTS `hrm_transfer` (
  `TransferID` varchar(255) NOT NULL DEFAULT '',
  `TransferEmployee` varchar(255) DEFAULT NULL,
  `TransferDate` date DEFAULT NULL,
  `CreateDate` date DEFAULT NULL,
  `TransferReason` text,
  `RequestFromEmployee` varchar(255) DEFAULT NULL,
  `PositionFrom` varchar(255) DEFAULT NULL,
  `PositionTo` varchar(255) DEFAULT NULL,
  `BranchFrom` varchar(255) DEFAULT NULL,
  `BranchTo` varchar(255) DEFAULT NULL,
  `DepartmentFrom` varchar(255) DEFAULT NULL,
  `DepartmentTo` varchar(255) DEFAULT NULL,
  `TransferForwardTo` varchar(255) DEFAULT NULL,
  PRIMARY KEY (`TransferID`)
) ENGINE=MyISAM DEFAULT CHARSET=utf8;

-- 
-- Dumping data for table hrm_transfer
-- 



-- 
-- Definition of hrm_transfer_cc
-- 

CREATE TABLE IF NOT EXISTS `hrm_transfer_cc` (
  `TransferID` varchar(255) DEFAULT NULL,
  `EmployeeForwarder` varchar(255) DEFAULT NULL,
  `CC` varchar(255) DEFAULT NULL
) ENGINE=MyISAM DEFAULT CHARSET=utf8;

-- 
-- Dumping data for table hrm_transfer_cc
-- 



-- 
-- Definition of hrm_transfer_file
-- 

CREATE TABLE IF NOT EXISTS `hrm_transfer_file` (
  `TransferID` varchar(255) DEFAULT NULL,
  `TransferFile` varchar(255) DEFAULT NULL,
  `Main` bigint(20) NOT NULL AUTO_INCREMENT,
  PRIMARY KEY (`Main`)
) ENGINE=MyISAM DEFAULT CHARSET=utf8;

-- 
-- Dumping data for table hrm_transfer_file
-- 



-- 
-- Definition of hrm_transfer_forwardto
-- 

CREATE TABLE IF NOT EXISTS `hrm_transfer_forwardto` (
  `TransferID` varchar(255) DEFAULT NULL,
  `EmpID` varchar(255) DEFAULT NULL,
  `Approved` tinyint(4) DEFAULT '0'
) ENGINE=MyISAM DEFAULT CHARSET=utf8;

-- 
-- Dumping data for table hrm_transfer_forwardto
-- 



-- 
-- Definition of hrm_warning
-- 

CREATE TABLE IF NOT EXISTS `hrm_warning` (
  `WarningID` varchar(255) DEFAULT NULL,
  `WarningTo` varchar(255) DEFAULT NULL,
  `WarningFrom` varchar(255) DEFAULT NULL,
  `WarningDate` date DEFAULT NULL,
  `CreateDate` date DEFAULT NULL,
  `WarningSubject` varchar(255) DEFAULT NULL,
  `WarningDescription` text
) ENGINE=MyISAM DEFAULT CHARSET=utf8;

-- 
-- Dumping data for table hrm_warning
-- 



-- 
-- Definition of hrm_warning_file
-- 

CREATE TABLE IF NOT EXISTS `hrm_warning_file` (
  `WarningID` varchar(255) DEFAULT NULL,
  `WarningFile` varchar(255) DEFAULT NULL,
  `Main` bigint(20) NOT NULL AUTO_INCREMENT,
  PRIMARY KEY (`Main`)
) ENGINE=MyISAM DEFAULT CHARSET=utf8;

-- 
-- Dumping data for table hrm_warning_file
-- 



-- 
-- Definition of int_collaboration
-- 

CREATE TABLE IF NOT EXISTS `int_collaboration` (
  `CB_ID` int(11) NOT NULL AUTO_INCREMENT,
  `CB_Des` text NOT NULL,
  `CB_UID` varchar(50) NOT NULL,
  `CB_CreateDate` datetime NOT NULL,
  `CB_RToID` varchar(11) DEFAULT NULL,
  `CB_RToType` varchar(50) DEFAULT NULL,
  `CB_ActivityType` varchar(50) DEFAULT NULL,
  `CB_ActvityID` varchar(11) DEFAULT NULL,
  `CB_Own` varchar(11) DEFAULT NULL,
  PRIMARY KEY (`CB_ID`),
  KEY `CB_UID` (`CB_UID`) USING BTREE
) ENGINE=MyISAM AUTO_INCREMENT=229 DEFAULT CHARSET=utf8;

-- 
-- Dumping data for table int_collaboration
-- 

INSERT INTO `int_collaboration`(`CB_ID`,`CB_Des`,`CB_UID`,`CB_CreateDate`,`CB_RToID`,`CB_RToType`,`CB_ActivityType`,`CB_ActvityID`,`CB_Own`) VALUES
(112,'asdasdasda','balancika','2017-09-12 09:08:31','C01161','Customer_Approval',NULL,NULL,'true'),
(113,'sdasdasd','balancika','2017-09-12 09:08:47','C01161','Customer_Approval',NULL,NULL,'true'),
(177,'asdasd','balancika','2017-09-15 11:41:10','QUO00042','Quote_Approval',NULL,NULL,'true'),
(122,'sdasdasd','balancika','2017-09-12 09:38:35','C01162','Customer_Approval',NULL,NULL,'true'),
(124,'sdfdsf','balancika','2017-09-12 09:45:03','C01162','Customer_Approval',NULL,NULL,'true'),
(132,'SA','balancika','2017-09-12 11:50:39','C01155','Customer_Approval',NULL,NULL,'true'),
(133,'ASDSADASD','balancika','2017-09-12 11:50:43','C01155','Customer_Approval',NULL,NULL,'true'),
(134,'sfsfsgsgs','balancika','2017-09-12 11:55:11','IN00014','Temporary Credit_Approval',NULL,NULL,'true'),
(178,'asdad','balancika','2017-09-15 11:41:16','QUO00042','Quote_Approval',NULL,NULL,'true'),
(146,'asdasdasdas\ndasdasdasdasdasdasd','balancika','2017-09-12 14:11:44','C01155','Customer_Approval',NULL,NULL,'true'),
(179,'adasd\nsddfds','balancika','2017-09-25 14:06:35','QUO00042','Quote_Approval',NULL,NULL,'true'),
(163,'asdasdasdasddsds\nfdsf\ndsdsdsfdsf','balancika','2017-09-12 14:42:32','IN00013','Temporary Credit_Approval',NULL,NULL,'true'),
(164,'sadasdasdasdasd\nasd.\nasdasdasd','balancika','2017-09-12 14:45:52','QUO00034','Quote_Approval',NULL,NULL,'true'),
(165,'asdasd\nasdasdasdasd','balancika','2017-09-12 14:46:21','SO00169','Sale Order_Approval',NULL,NULL,'true'),
(166,'sfsfsfsgsg','balancika','2017-09-12 14:54:51','IN00013','Temporary Credit_Approval',NULL,NULL,'true'),
(147,'asdasdasd\nasdasdasd','balancika','2017-09-12 14:12:41','C01155','Customer_Approval',NULL,NULL,'true'),
(167,'Zas\ndasd\nasd\nasdasdasdasdas','balancika','2017-09-12 15:10:19','SO00169','Sale Order_Approval',NULL,NULL,'true'),
(168,'asdasd\nasdas\ndas\ndas\ndas\ndas\ndas\ndas\ndas\ndasd\nasd\nasd\nasdasdasdasd','balancika','2017-09-12 15:10:25','SO00169','Sale Order_Approval',NULL,NULL,'true'),
(169,'ហាសកដាសហដលាសដាសដាស\nដាស\nដាស\nដាសដាសហ្ា្ដាថមលាស្ាស\nដាសដាស\nដ្ផិឆ្ហរេមឆឹើដុំឹមដ\nាសដាស\nដាសដ្មផឆឹោ្េឌាសើលដាសដ\nាដាសដាសដា','balancika','2017-09-12 15:10:37','SO00169','Sale Order_Approval',NULL,NULL,'true'),
(153,'asdasdasdaasdsd\nasdas\ndas\ndasd','balancika','2017-09-12 14:16:22','C01155','Customer_Approval',NULL,NULL,'true'),
(189,'DADASASDASDAS\nDASDASDASD','G1-EMP10','2017-10-18 09:33:44','R_BG0000010','Budget Requisition_Approval',NULL,NULL,'true'),
(190,'asdfhkajsd fasdkjfas dfaskdnfasdfasdfasd','G1-EMP10','2017-10-18 09:36:03','C01240','Customer_Approval',NULL,NULL,'true'),
(191,'ASDASDASD\nASD\nASDAS\nDAS\nDASDASDASDASDASD','G1-EMP10','2017-10-18 09:40:59','R_BG0000010','Budget Requisition_Approval',NULL,NULL,'true'),
(192,'dsfn.msa,djbnf asdklfasldkfasdfasdfasd','G1-EMP10','2017-10-18 09:43:15','C01240','Customer_Approval',NULL,NULL,'true'),
(193,'asdasd\nasdas\ndasdas','G1-EMP10','2017-10-18 09:50:57','C01240','Customer_Approval',NULL,NULL,'true'),
(194,'asdasd\nasd\nasd\nasdas\ndas\ndasdasd','G1-EMP10','2017-10-18 09:51:01','C01240','Customer_Approval',NULL,NULL,'true'),
(195,'asdfklasd fasdkaf sdfkajsdfasdfasdf','G1-EMP10','2017-10-18 10:07:23','C01240','Customer_Approval',NULL,NULL,'true'),
(196,'sdfasdfsdfasdfas','G1-EMP10','2017-10-18 10:37:36','C01248','Customer_Approval',NULL,NULL,'true'),
(197,'hgjfghjfgh jgh jgh','G1-EMP10','2017-10-18 12:14:55','C01240','Customer_Approval',NULL,NULL,'true'),
(198,'fasdfasdfasdf','G1-EMP10','2017-10-23 10:27:09','IN00051','Temporary Credit_Approval',NULL,NULL,'true'),
(199,'asdfasdfa sdfasdfasdf','G1-EMP10','2017-10-23 10:27:19','IN00051','Temporary Credit_Approval',NULL,NULL,'true'),
(200,'sdfasdfasfdasd','G1-EMP10','2017-10-24 08:26:55','QUO00076','Quote_Approval',NULL,NULL,'true'),
(201,'sdfsfasfdsadf','G1-EMP11','2017-10-24 10:23:15','R_BG0000010','Budget Requisition_Approval',NULL,NULL,'true'),
(202,'asdasdasdasd\nasd\nasd\nasd\nasd\nasdasdasdasd','G1-EMP10','2017-11-11 09:19:09','C02358','Customer_Approval',NULL,NULL,'true'),
(204,'APPRRRasdasdasdasdasdasd','G1-EMP11','2017-11-11 11:02:06','C02360','Customer_Approval',NULL,NULL,'true'),
(205,'asd\nasdas\ndas\ndasdasdas','G1-EMP10','2017-11-15 11:32:04','R_BG0000015','Budget Requisition_Approval',NULL,NULL,'true'),
(206,'5555555.\n\n5544545','G2-EMP13','2017-11-17 11:54:25','R_BG0000038','Budget Requisition_Approval',NULL,NULL,'true'),
(207,'asdasdasdasdadasd','balancika','2017-12-14 09:12:16','OD00090','Over Due Date_Approval',NULL,NULL,'true'),
(208,'Hello Is Me','balancika','2017-12-14 09:56:01','OD00090','Over Due Date_Approval',NULL,NULL,'true'),
(209,'sdasdjklasjdlkajskldjklasjdlkajslkdjalksdjlkajsdljaklsjdlkjaldk;qjwkljeoqwjheoihsadkfsajdlkfjkladjsflk;jdslkfjaldksfadsfs sdasdasjdlkajsdlkjaslkdjlkajsdlkajlskdjklsajdflk;jskldfjlkasdjflkjsadlkfjaskldjflkadjflkajdklfja;ldjfkl;ajd;lkfjas;kl','balancika','2017-12-14 10:08:16','OD00090','Over Due Date_Approval',NULL,NULL,'true'),
(210,'sdasdjklasjdlkajskldjklasjdlkajslkdjalksdjlkajsdljaklsjdlkjaldk;qjwkljeoqwjheoihsadkfsajdlkfjkladjsflk;jdslkfjaldksfadsfs sdasdasjdlkajsdlkjaslkdjlkajsdlkajlskdjklsajdflk;jskldfjlkasdjflkjsadlkfjaskldjflkadjflkajdklfja;ldjfkl;ajd;lkfjas;kl','balancika','2017-12-14 10:10:06','OD00090','Over Due Date_Approval',NULL,NULL,'true'),
(211,'asdqweqweqwasdasd','balancika','2017-12-14 10:17:52','OD00090','Over Due Date_Approval',NULL,NULL,'true'),
(212,'I found a love for meDarling, just dive right in and follow my leadWell, I found a girl, beautiful and sweetOh, I never knew you were the someone waiting for meCause we were just kids when we fell in loveNot knowing what it wasI will not give you up this','balancika','2017-12-14 10:29:10','OD00090','Over Due Date_Approval',NULL,NULL,'true'),
(213,'How to make a CHRISTMAS TREE.','balancika','2017-12-14 14:32:50','OD00088','Over Due Date_Approval',NULL,NULL,'true'),
(214,'kkkkljkl','balancika','2017-12-14 16:37:01','IN00077','Temporary Credit_Approval',NULL,NULL,'true'),
(215,';lk;lk;l','balancika','2017-12-14 16:37:47','OD00091','Over Due Date_Approval',NULL,NULL,'true'),
(216,'approve','balancika','2017-12-15 09:07:25','OD00071','Over Due Date_Approval',NULL,NULL,'true'),
(219,'Hello','G2-EMP12','2017-12-20 11:02:36','OD00089','Over Due Date_Approval',NULL,NULL,'true'),
(220,'asdasd','G2-EMP12','2017-12-20 11:25:35','OD00089','Over Due Date_Approval',NULL,NULL,'true'),
(221,'asdasd\nasdasd','G1-EMP10','2017-12-28 10:02:06','R_BG0000035','Budget Requisition_Approval',NULL,NULL,'true'),
(224,'asdasd\nasdasdasd','SA000001','2018-04-03 12:30:20','C06514','Customer_Approval',NULL,NULL,'true'),
(225,'jlklkjj','balancika','2018-05-11 17:00:25','IN00092','Temporary Credit_Approval',NULL,NULL,'true'),
(228,'dfdsfds','balancika','2018-07-18 12:23:16','C00026','Customer_Approval',NULL,NULL,'true');

-- 
-- Definition of int_collaboration_details
-- 

CREATE TABLE IF NOT EXISTS `int_collaboration_details` (
  `CommentID` int(11) NOT NULL AUTO_INCREMENT,
  `PostID` int(11) DEFAULT '0',
  `Comment` text,
  `CreateDate` datetime DEFAULT NULL,
  `Username` varchar(11) DEFAULT NULL,
  PRIMARY KEY (`CommentID`),
  UNIQUE KEY `CommentID` (`CommentID`) USING BTREE,
  KEY `FK_i4losw5huxfmcs73ej6oexdtn` (`PostID`) USING BTREE
) ENGINE=MyISAM AUTO_INCREMENT=242 DEFAULT CHARSET=utf8;

-- 
-- Dumping data for table int_collaboration_details
-- 

INSERT INTO `int_collaboration_details`(`CommentID`,`PostID`,`Comment`,`CreateDate`,`Username`) VALUES
(67,112,'dsfdsdsfs','2017-09-12 09:08:38','balancika'),
(73,122,'ddsfdsfds','2017-09-12 09:44:16','balancika'),
(74,122,'ddsfdsfdsddsfdsfdsddsfdsfdsddsfdsfdsddsfdsfdsddsfdsfdsddsfdsfdsddsfdsfdsddsfdsfdsddsfdsfdsddsfdsfdsddsfdsfdsddsfdsfdsddsfdsfdsddsfdsfdsdsfdsfdsddsfdsfdsddsfdsfdsddsfdsfdsddsfdsfdsddsfdsfdsddsfdsfdsddsfdsfdsddsfdsfdsddsfdsfdsddsfdsfdsddsfdsfds','2017-09-12 09:44:35','balancika'),
(75,0,NULL,'2017-09-12 11:43:34',NULL),
(76,0,NULL,'2017-09-12 11:43:41',NULL),
(83,132,'ASDASDASDASD','2017-09-12 11:50:47','balancika'),
(84,132,'ASDASDASDASD','2017-09-12 11:50:49','balancika'),
(85,132,'ASDASD','2017-09-12 11:50:51','balancika'),
(86,132,'ASDSADSADASD','2017-09-12 11:50:54','balancika'),
(87,132,'ASDSADSADASDASDSADSADASDASDSADSADASDASDSADSADASDASDSADSADASDASDSADSADASDASDSADSADASDASDSADSADASDASDSADSADASDASDSADSADASDASDSADSADASDASDSADSADASDASDSADSADASDASDSADSADASDASDSADSADASDASDSADSADASDASDSADSADASDASDSADSADASDASDSADSADASDASDSADSADASD','2017-09-12 11:50:58','balancika'),
(88,134,'sfsfsgsghwegw3g3g3g3g3g','2017-09-12 11:55:20','balancika'),
(89,134,'sfwsgwwgwegweg','2017-09-12 11:55:33','balancika'),
(90,134,'afwegegheh','2017-09-12 11:55:43','balancika'),
(91,134,'gdgdhgfhdrhrh','2017-09-12 11:56:01','balancika'),
(208,214,'http://localhost:8080/app/authorization/approved/view/IN00077/Temporary%20Credit/detail/view-requested/1rew2wi3','2017-12-14 16:58:04','balancika'),
(141,163,'asdasdasd','2017-09-12 14:42:34','balancika'),
(142,164,'asdasd','2017-09-12 14:45:54','balancika'),
(143,165,'asd','2017-09-12 14:46:22','balancika'),
(144,165,'asd','2017-09-12 14:46:23','balancika'),
(149,169,'ហាសកដាសហដលាសដាសដាស ដាស ដាស ដាសដាសហ្ា្ដាថមលាស្ាស ដាសដាស ដ្ផិឆ្ហរេមឆឹើដុំឹមដ ាសដាស ដាសដ្មផឆឹោ្េឌាសើលដាសដ ាដាសដាសដា','2017-09-12 15:10:42','balancika'),
(146,166,'svsgsgweghwe','2017-09-12 14:54:58','balancika'),
(147,166,'sgwegweheheheh','2017-09-12 14:55:01','balancika'),
(148,166,'sfwsgwg','2017-09-12 14:55:05','balancika'),
(150,169,'ាសដាសដ','2017-09-12 15:10:44','balancika'),
(151,169,'ដថងដថង','2017-09-12 15:10:47','balancika'),
(152,169,'ហហហ','2017-09-12 15:10:53','balancika'),
(153,169,'dsfdsdsf','2017-09-12 15:12:37','balancika'),
(158,168,'dsfdsds','2017-09-12 15:14:41','balancika'),
(162,167,'hgksjfjdsfhdsfds','2017-09-12 15:14:57','balancika'),
(217,219,'asdasd','2017-12-20 11:17:56','G2-EMP12'),
(218,219,'adsasd','2017-12-20 11:21:46','G2-EMP12'),
(219,220,'asdsad','2017-12-20 11:25:57','G2-EMP12'),
(220,220,'qweqweqwe','2017-12-20 11:26:23','G2-EMP12'),
(221,219,'Edit Reply','2017-12-20 11:26:51','G2-EMP12'),
(232,224,'zxvbdfgdnfgf','2018-04-03 12:30:36','SA000001'),
(209,215,'<img class=\"img-responsive\" src=\"http://localhost:8080/app/resources/images/App Logo/logo.png\">','2017-12-14 17:01:31','balancika'),
(210,206,'approve','2017-12-15 09:06:13','balancika'),
(230,224,'asdasdasdasd','2018-04-03 12:30:26','SA000001'),
(231,224,'asdasdas','2018-04-03 12:30:31','SA000001'),
(203,213,'Amazing! Love how that came out. :) I was supposed to have left to run some errands but I noticed this video in my feed so I had to stay to check it out first. Not sorry at all that I did. I love that!! Wonderful idea. - Heidi﻿','2017-12-14 14:33:05','balancika'),
(183,177,'asdasd','2017-09-15 11:41:12','balancika'),
(184,177,'asda','2017-09-15 11:41:13','balancika'),
(185,177,'adsasd','2017-09-15 11:41:18','balancika'),
(190,190,'sdjrkfsd fasdf asdfaskdf asdlfkasd','2017-10-18 09:36:13','G1-EMP10'),
(191,192,'sadfasjkd fasdfjasdkfajsdf askdfas','2017-10-18 09:43:20','G1-EMP10'),
(192,194,'asdasdasdasdasdas','2017-10-18 09:52:09','G1-EMP11'),
(193,194,'asdasdasd','2017-10-18 09:52:11','G1-EMP11'),
(194,194,'asdasd','2017-10-18 09:52:13','G1-EMP11'),
(196,200,'asdfsafsaf','2017-10-24 08:27:13','G1-EMP10'),
(199,204,'sdasdasd','2017-11-11 11:04:18','G1-EMP10'),
(200,207,'asdasd','2017-12-14 09:12:22','balancika'),
(201,207,'asdasdqwe','2017-12-14 09:12:26','balancika'),
(202,211,'I found a love for meDarling, just dive right in and follow my leadWell, I found a girl, beautiful and sweetOh, I never knew you were the someone waiting for meCause we were just kids when we fell in loveNot knowing what it wasI will not give you up this','2017-12-14 11:34:06','balancika');

-- 
-- Definition of int_colllaboration_tags
-- 

CREATE TABLE IF NOT EXISTS `int_colllaboration_tags` (
  `tagId` int(11) NOT NULL AUTO_INCREMENT,
  `username` varchar(255) NOT NULL,
  `collapId` int(11) DEFAULT NULL,
  PRIMARY KEY (`tagId`),
  KEY `collapId` (`collapId`) USING BTREE
) ENGINE=MyISAM AUTO_INCREMENT=45 DEFAULT CHARSET=utf8;

-- 
-- Dumping data for table int_colllaboration_tags
-- 

INSERT INTO `int_colllaboration_tags`(`tagId`,`username`,`collapId`) VALUES
(19,'vong',28),
(20,'vichetchann',31),
(21,'vichetchann',NULL),
(22,'vichet',33),
(23,'vichet',NULL),
(42,'balancika',49),
(41,'sambath',49),
(26,'vichet',36),
(27,'vichet',37),
(28,'vichetchann',38),
(29,'vichet',39),
(30,'balancika',39),
(31,'sambath',39),
(32,'sambath',40),
(33,'sambath',41),
(34,'balancika',42),
(35,'sambath',43),
(36,'sambath',44),
(37,'balancika',NULL),
(38,'vichet',47),
(39,'vong',47),
(40,'vichet',48),
(43,'sambath',NULL),
(44,'balancika_t',52);

-- 
-- Definition of int_seen_process
-- 

CREATE TABLE IF NOT EXISTS `int_seen_process` (
  `SN_ID` int(11) NOT NULL AUTO_INCREMENT,
  `SN_Username` varchar(255) DEFAULT NULL,
  `SN_Process` varchar(255) DEFAULT NULL,
  `SN_ProcessID` varchar(255) DEFAULT NULL,
  `SN_Date` timestamp NULL DEFAULT CURRENT_TIMESTAMP ON UPDATE CURRENT_TIMESTAMP,
  `SN_Type` int(11) DEFAULT NULL,
  PRIMARY KEY (`SN_ID`)
) ENGINE=InnoDB AUTO_INCREMENT=274 DEFAULT CHARSET=utf8;

-- 
-- Dumping data for table int_seen_process
-- 

INSERT INTO `int_seen_process`(`SN_ID`,`SN_Username`,`SN_Process`,`SN_ProcessID`,`SN_Date`,`SN_Type`) VALUES
(272,'balancika','Customer','C00026','2018-07-18 12:44:11',1),
(273,'balancika','Customer','C00053','2018-08-03 11:23:28',1);

-- 
-- Definition of int_user_like_collaboration
-- 

CREATE TABLE IF NOT EXISTS `int_user_like_collaboration` (
  `LK_ID` int(11) NOT NULL AUTO_INCREMENT,
  `LK_CBID` int(3) NOT NULL,
  `LK_UserName` varchar(11) NOT NULL,
  `LK_UID` varchar(255) NOT NULL,
  PRIMARY KEY (`LK_ID`),
  KEY `LK_CBID` (`LK_CBID`) USING BTREE,
  KEY `LK_UID` (`LK_UserName`) USING BTREE
) ENGINE=MyISAM AUTO_INCREMENT=12 DEFAULT CHARSET=utf8;

-- 
-- Dumping data for table int_user_like_collaboration
-- 



-- 
-- Definition of oauth_access_token
-- 

CREATE TABLE IF NOT EXISTS `oauth_access_token` (
  `token_id` varchar(255) DEFAULT NULL,
  `token` mediumblob,
  `authentication_id` varchar(255) NOT NULL,
  `user_name` varchar(255) DEFAULT NULL,
  `client_id` varchar(255) DEFAULT NULL,
  `authentication` mediumblob,
  `refresh_token` varchar(255) DEFAULT NULL,
  PRIMARY KEY (`authentication_id`)
) ENGINE=InnoDB DEFAULT CHARSET=utf8;

-- 
-- Dumping data for table oauth_access_token
-- 

INSERT INTO `oauth_access_token`(`token_id`,`token`,`authentication_id`,`user_name`,`client_id`,`authentication`,`refresh_token`) VALUES
('8439f0b8040357f9c04bc4601d608cad',0xACED0005737200436F72672E737072696E676672616D65776F726B2E73656375726974792E6F61757468322E636F6D6D6F6E2E44656661756C744F4175746832416363657373546F6B656E0CB29E361B24FACE0200064C00156164646974696F6E616C496E666F726D6174696F6E74000F4C6A6176612F7574696C2F4D61703B4C000A65787069726174696F6E7400104C6A6176612F7574696C2F446174653B4C000C72656672657368546F6B656E74003F4C6F72672F737072696E676672616D65776F726B2F73656375726974792F6F61757468322F636F6D6D6F6E2F4F417574683252656672657368546F6B656E3B4C000573636F706574000F4C6A6176612F7574696C2F5365743B4C0009746F6B656E547970657400124C6A6176612F6C616E672F537472696E673B4C000576616C756571007E000578707372001E6A6176612E7574696C2E436F6C6C656374696F6E7324456D7074794D6170593614855ADCE7D002000078707372000E6A6176612E7574696C2E44617465686A81014B597419030000787077080000016242800FC5787372004C6F72672E737072696E676672616D65776F726B2E73656375726974792E6F61757468322E636F6D6D6F6E2E44656661756C744578706972696E674F417574683252656672657368546F6B656E2FDF47639DD0C9B70200014C000A65787069726174696F6E71007E0002787200446F72672E737072696E676672616D65776F726B2E73656375726974792E6F61757468322E636F6D6D6F6E2E44656661756C744F417574683252656672657368546F6B656E73E10E0A6354D45E0200014C000576616C756571007E0005787074002464363531633138342D326464312D343934382D616162652D6331383362353036326331307371007E00097708000001624281E48078737200256A6176612E7574696C2E436F6C6C656374696F6E7324556E6D6F6469666961626C65536574801D92D18F9B80550200007872002C6A6176612E7574696C2E436F6C6C656374696F6E7324556E6D6F6469666961626C65436F6C6C656374696F6E19420080CB5EF71E0200014C0001637400164C6A6176612F7574696C2F436F6C6C656374696F6E3B7870737200176A6176612E7574696C2E4C696E6B656448617368536574D86CD75A95DD2A1E020000787200116A6176612E7574696C2E48617368536574BA44859596B8B7340300007870770C000000103F4000000000000374000472656164740005777269746574000574727573747874000662656172657274002436643131356134392D346530342D346232622D393535662D373639653761363934633735,'ddb77cb87ac91108186d4ebae6344365','user','client1',0x[encoded data, 4424 characters],'14bf8336bf9922b0914791764ad26f37');

-- 
-- Definition of oauth_client_details
-- 

CREATE TABLE IF NOT EXISTS `oauth_client_details` (
  `client_id` varchar(255) NOT NULL,
  `resource_ids` varchar(255) DEFAULT NULL,
  `client_secret` varchar(255) DEFAULT NULL,
  `scope` varchar(255) DEFAULT NULL,
  `authorized_grant_types` varchar(255) DEFAULT NULL,
  `web_server_redirect_uri` varchar(255) DEFAULT NULL,
  `authorities` varchar(255) DEFAULT NULL,
  `access_token_validity` int(11) DEFAULT NULL,
  `refresh_token_validity` int(11) DEFAULT NULL,
  `additional_information` varchar(4096) DEFAULT NULL,
  `autoapprove` varchar(255) DEFAULT NULL,
  PRIMARY KEY (`client_id`)
) ENGINE=InnoDB DEFAULT CHARSET=utf8;

-- 
-- Dumping data for table oauth_client_details
-- 

INSERT INTO `oauth_client_details`(`client_id`,`resource_ids`,`client_secret`,`scope`,`authorized_grant_types`,`web_server_redirect_uri`,`authorities`,`access_token_validity`,`refresh_token_validity`,`additional_information`,`autoapprove`) VALUES
('client2',NULL,'secret','read,write','password,implicit,refresh_token',NULL,NULL,60,120,NULL,'0'),
('client3',NULL,'secret','trust,read,write','password,authorization_code,refresh_token',NULL,NULL,120,36000,NULL,'0'),
('dev@balancika',NULL,'dev@Pa$$w0rd','read,write,trust','password,authorization_code,refresh_token',NULL,NULL,120,36000,NULL,'0');

-- 
-- Definition of oauth_client_token
-- 

CREATE TABLE IF NOT EXISTS `oauth_client_token` (
  `token_id` varchar(255) DEFAULT NULL,
  `token` mediumblob,
  `authentication_id` varchar(255) NOT NULL,
  `user_name` varchar(255) DEFAULT NULL,
  `client_id` varchar(255) DEFAULT NULL,
  PRIMARY KEY (`authentication_id`)
) ENGINE=InnoDB DEFAULT CHARSET=utf8;

-- 
-- Dumping data for table oauth_client_token
-- 



-- 
-- Definition of oauth_code
-- 

CREATE TABLE IF NOT EXISTS `oauth_code` (
  `CODE` varchar(255) DEFAULT NULL,
  `authentication` mediumblob
) ENGINE=InnoDB DEFAULT CHARSET=utf8;

-- 
-- Dumping data for table oauth_code
-- 



-- 
-- Definition of oauth_refresh_token
-- 

CREATE TABLE IF NOT EXISTS `oauth_refresh_token` (
  `token_id` varchar(255) DEFAULT NULL,
  `token` mediumblob,
  `authentication` mediumblob
) ENGINE=InnoDB DEFAULT CHARSET=utf8;

-- 
-- Dumping data for table oauth_refresh_token
-- 

INSERT INTO `oauth_refresh_token`(`token_id`,`token`,`authentication`) VALUES
('14bf8336bf9922b0914791764ad26f37',0xACED00057372004C6F72672E737072696E676672616D65776F726B2E73656375726974792E6F61757468322E636F6D6D6F6E2E44656661756C744578706972696E674F417574683252656672657368546F6B656E2FDF47639DD0C9B70200014C000A65787069726174696F6E7400104C6A6176612F7574696C2F446174653B787200446F72672E737072696E676672616D65776F726B2E73656375726974792E6F61757468322E636F6D6D6F6E2E44656661756C744F417574683252656672657368546F6B656E73E10E0A6354D45E0200014C000576616C75657400124C6A6176612F6C616E672F537472696E673B787074002464363531633138342D326464312D343934382D616162652D6331383362353036326331307372000E6A6176612E7574696C2E44617465686A81014B59741903000078707708000001624281E48078,0x[encoded data, 4424 characters]);

-- 
-- Definition of pos_ar_in
-- 

CREATE TABLE IF NOT EXISTS `pos_ar_in` (
  `var_id` varchar(100) NOT NULL,
  `var_type` varchar(100) DEFAULT NULL,
  `var_cusid` varchar(100) DEFAULT NULL,
  `var_empid` varchar(100) DEFAULT NULL,
  `var_pricecode` varchar(100) DEFAULT NULL,
  `var_status` varchar(100) DEFAULT 'Open',
  `var_ref` varchar(250) DEFAULT NULL,
  `var_desc` varchar(2000) DEFAULT NULL,
  `var_cur` varchar(100) DEFAULT NULL,
  `var_prefix` varchar(100) DEFAULT NULL,
  `var_create` varchar(100) DEFAULT NULL,
  `var_modify` varchar(100) DEFAULT NULL,
  `var_post` varchar(100) DEFAULT NULL,
  `var_void` varchar(100) DEFAULT NULL,
  `dat_date` datetime DEFAULT NULL,
  `dat_create` datetime DEFAULT NULL,
  `dat_modify` datetime DEFAULT NULL,
  `dat_post` datetime DEFAULT NULL,
  `dat_void` datetime DEFAULT NULL,
  `int_jid` int(11) DEFAULT NULL,
  `dou_sub` double DEFAULT '0',
  `dou_disper` double DEFAULT '0',
  `dou_disdol` double DEFAULT '0',
  `dou_taxper` double DEFAULT '0',
  `dou_taxdol` double DEFAULT '0',
  `dou_taxper1` double DEFAULT '0',
  `dou_taxdol1` double DEFAULT NULL,
  `dou_svcper` double DEFAULT NULL,
  `dou_svcdol` double DEFAULT NULL,
  `dou_net` double DEFAULT '0',
  `dou_paid` double DEFAULT '0',
  `dou_change` double DEFAULT NULL,
  `dou_rate` double DEFAULT '0',
  `dou_funsub` double DEFAULT '0',
  `dou_fundisdol` double DEFAULT '0',
  `dou_funtaxdol` double DEFAULT '0',
  `dou_funtaxdol1` double DEFAULT '0',
  `dou_funsvcdol` double DEFAULT NULL,
  `dou_funnet` double DEFAULT '0',
  `dou_funpaid` double DEFAULT '0',
  `dou_funchange` double DEFAULT NULL,
  `tin_taxbfdisc` tinyint(1) DEFAULT '0',
  `var_salmanid` varchar(255) DEFAULT NULL,
  `var_macid` varchar(255) DEFAULT NULL,
  `var_locid` varchar(255) DEFAULT NULL,
  `var_stationid` varchar(255) DEFAULT NULL,
  `dat_from` datetime DEFAULT NULL,
  `dat_to` datetime DEFAULT NULL,
  `var_shiftid` varchar(255) DEFAULT NULL,
  `var_cardid` varchar(255) DEFAULT NULL,
  `int_cus_count` int(11) DEFAULT NULL,
  `dou_rate_khr` double DEFAULT NULL,
  PRIMARY KEY (`var_id`),
  KEY `var_venid` (`var_cusid`) USING BTREE
) ENGINE=MyISAM DEFAULT CHARSET=utf8;

-- 
-- Dumping data for table pos_ar_in
-- 

INSERT INTO `pos_ar_in`(`var_id`,`var_type`,`var_cusid`,`var_empid`,`var_pricecode`,`var_status`,`var_ref`,`var_desc`,`var_cur`,`var_prefix`,`var_create`,`var_modify`,`var_post`,`var_void`,`dat_date`,`dat_create`,`dat_modify`,`dat_post`,`dat_void`,`int_jid`,`dou_sub`,`dou_disper`,`dou_disdol`,`dou_taxper`,`dou_taxdol`,`dou_taxper1`,`dou_taxdol1`,`dou_svcper`,`dou_svcdol`,`dou_net`,`dou_paid`,`dou_change`,`dou_rate`,`dou_funsub`,`dou_fundisdol`,`dou_funtaxdol`,`dou_funtaxdol1`,`dou_funsvcdol`,`dou_funnet`,`dou_funpaid`,`dou_funchange`,`tin_taxbfdisc`,`var_salmanid`,`var_macid`,`var_locid`,`var_stationid`,`dat_from`,`dat_to`,`var_shiftid`,`var_cardid`,`int_cus_count`,`dou_rate_khr`) VALUES
('IN00020','Retails','C00001','E-00004','PC002','Open','','','USD','DEFAULT','ADMIN',NULL,'ADMIN',NULL,'2018-08-10 11:00:29','2018-08-11 11:00:29',NULL,'2018-08-10 16:22:39',NULL,23,20,10,2,10,1.98,10,1.8,10,1.8,23.58,23.58,0,1,20,2,1.98,1.8,1.8,23.58,23.58,0,0,'','D0A7FE32','L001','','2018-08-10 00:00:00','2018-08-10 00:00:00','','',0,4000),
('IN00021','Retails','C00001','E-00004','PC002','Posted','','','USD','DEFAULT','ADMIN',NULL,'ADMIN',NULL,'2018-08-11 09:52:15','2018-08-11 09:52:15',NULL,'2018-08-11 09:52:20',NULL,25,30,10,3,10,2.97,10,2.7,10,2.7,35.37,36.25,0.88,1,30,3,2.97,2.7,2.7,35.37,36.25,0.88,0,'','D0A7FE32','L001','','2018-08-11 00:00:00','2018-08-11 00:00:00','','',0,4000),
('IN00022','Retails','C00001','E-00004','PC002','Posted','','','USD','DEFAULT','ADMIN',NULL,'ADMIN',NULL,'2018-08-11 09:55:51','2018-08-11 09:55:51',NULL,'2018-08-11 09:55:55',NULL,26,30,0,0,0,0,0,0,0,0,30,41,11,1,30,0,0,0,0,30,41,11,0,'','D0A7FE32','L001','','2018-08-11 00:00:00','2018-08-11 00:00:00','','',0,4000),
('IN00023','Retails','C00001','E-00004','PC002','Open','','','USD','DEFAULT','ADMIN',NULL,'ADMIN',NULL,'2018-08-11 10:27:01','2018-08-11 10:27:01',NULL,'2018-08-11 10:26:48',NULL,29,30,0,0,0,0,0,0,0,0,30,41,11,1,30,0,0,0,0,30,41,11,0,'','D0A7FE32','L001','','2018-08-11 00:00:00','2018-08-11 00:00:00','','',0,4000),
('IN00024','Retails','C00001','E-00004','PC002','Open','','','USD','DEFAULT','ADMIN',NULL,'ADMIN',NULL,'2018-08-11 15:45:43','2018-08-13 15:45:43',NULL,'2018-08-11 10:41:00',NULL,30,30,0,0,0,0,0,0,0,0,30,41,11,1,30,0,0,0,0,30,41,11,0,'','D0A7FE32','L001','','2018-08-11 00:00:00','2018-08-11 00:00:00','','',0,4000),
('IN00025','Retails','C00001','E-00004','PC002','Deleted','','','USD','DEFAULT','ADMIN',NULL,'ADMIN',NULL,'2018-08-11 11:06:37','2018-08-11 11:06:37',NULL,'2018-08-11 11:06:51',NULL,34,30,0,0,0,0,0,0,0,0,30,50,20,1,30,0,0,0,0,30,50,20,0,'','D0A7FE32','L001','','2018-08-11 00:00:00','2018-08-11 00:00:00','','',0,4000),
('IN00026','Retails','C00001','E-00004','PC002','Posted','','','USD','DEFAULT','ADMIN',NULL,'ADMIN',NULL,'2018-08-13 16:04:08','2018-08-13 16:04:08',NULL,'2018-08-13 16:04:18',NULL,38,0,0,0,0,0,0,0,0,0,0,0,0,1,0,0,0,0,0,0,0,0,0,'','D0A7FE32','L001','','2018-08-13 00:00:00','2018-08-13 00:00:00','','',0,4000),
('IN00019','Retails','C00001','E-00004','PC002','Open','','','USD','DEFAULT','ADMIN',NULL,'ADMIN',NULL,'2018-08-10 10:32:34','2018-08-11 10:32:34',NULL,'2018-08-10 16:19:37',NULL,22,30,10,3,10,2.97,10,2.7,10,2.7,35.37,35.37,0,1,30,3,2.97,2.7,2.7,35.37,35.37,0,0,'','D0A7FE32','L001','','2018-08-10 00:00:00','2018-08-10 00:00:00','','',0,4000);

-- 
-- Definition of pos_ar_in_det
-- 

CREATE TABLE IF NOT EXISTS `pos_ar_in_det` (
  `var_id` varchar(100) NOT NULL,
  `int_line` int(11) NOT NULL DEFAULT '0',
  `var_itemid` varchar(100) DEFAULT '',
  `var_uomid` varchar(100) DEFAULT NULL,
  `var_desc` varchar(2000) DEFAULT NULL,
  `var_locid` varchar(255) DEFAULT NULL,
  `dou_qty` double DEFAULT '0',
  `dou_foc` double DEFAULT '0',
  `dou_price` double DEFAULT '0',
  `dou_sub` double DEFAULT '0',
  `dou_disper` double DEFAULT '0',
  `dou_disdol` double DEFAULT '0',
  `dou_taxper` double DEFAULT '0',
  `dou_taxdol` double DEFAULT '0',
  `dou_taxper1` double DEFAULT '0',
  `dou_taxdol1` double DEFAULT '0',
  `dou_svcper` double DEFAULT NULL,
  `dou_svcdol` double DEFAULT NULL,
  `dou_net` double DEFAULT '0',
  `dou_funprice` double DEFAULT '0',
  `dou_funsub` double DEFAULT '0',
  `dou_fundisdol` double DEFAULT '0',
  `dou_funtaxdol` double DEFAULT '0',
  `dou_funtaxdol1` double DEFAULT '0',
  `dou_funsvcdol` double DEFAULT NULL,
  `dou_funnet` double DEFAULT '0',
  `int_batchno` int(11) DEFAULT '0',
  `tin_vat` tinyint(1) DEFAULT '0',
  `tin_wht` tinyint(1) DEFAULT '0',
  `tin_svc` tinyint(1) DEFAULT NULL,
  `dou_uc` double DEFAULT '0',
  `dou_ac1` double DEFAULT '0',
  `dou_ac2` double DEFAULT '0',
  `dou_ac3` double DEFAULT '0',
  `dou_ac4` double DEFAULT '0',
  `dou_ac5` double DEFAULT '0',
  PRIMARY KEY (`var_id`,`int_line`),
  KEY `ind2` (`var_itemid`) USING BTREE,
  KEY `ind5` (`var_uomid`) USING BTREE
) ENGINE=MyISAM DEFAULT CHARSET=utf8;

-- 
-- Dumping data for table pos_ar_in_det
-- 

INSERT INTO `pos_ar_in_det`(`var_id`,`int_line`,`var_itemid`,`var_uomid`,`var_desc`,`var_locid`,`dou_qty`,`dou_foc`,`dou_price`,`dou_sub`,`dou_disper`,`dou_disdol`,`dou_taxper`,`dou_taxdol`,`dou_taxper1`,`dou_taxdol1`,`dou_svcper`,`dou_svcdol`,`dou_net`,`dou_funprice`,`dou_funsub`,`dou_fundisdol`,`dou_funtaxdol`,`dou_funtaxdol1`,`dou_funsvcdol`,`dou_funnet`,`int_batchno`,`tin_vat`,`tin_wht`,`tin_svc`,`dou_uc`,`dou_ac1`,`dou_ac2`,`dou_ac3`,`dou_ac4`,`dou_ac5`) VALUES
('IN00019',1,'555-091024','Ea','','L001',5,0,6,30,10,3,10,2.97,10,2.7,10,2.7,27,6,30,3,2.97,2.7,2.7,27,0,1,1,1,0,0,0,0,0,0),
('IN00020',1,'555-091024','Ea','','L001',5,0,4,20,10,2,10,1.98,10,1.8,10,1.8,18,4,20,2,1.98,1.8,1.8,18,0,1,1,1,0,0,0,0,0,0),
('IN00021',1,'555-091024','Ea','','L001',5,0,6,30,10,3,10,2.97,10,2.7,10,2.7,27,6,30,3,2.97,2.7,2.7,27,0,1,1,1,0,0,0,0,0,0),
('IN00022',1,'555-091024','Ea','','L001',5,0,6,30,0,0,0,0,0,0,0,0,30,6,30,0,0,0,0,30,0,0,0,0,0,0,0,0,0,0),
('IN00023',1,'555-091024','Ea','','L001',5,0,6,30,0,0,0,0,0,0,0,0,30,6,30,0,0,0,0,30,0,0,0,0,0,0,0,0,0,0),
('IN00024',1,'555-091024','Ea','','L001',5,0,6,30,0,0,0,0,0,0,0,0,30,6,30,0,0,0,0,30,0,0,0,0,0,0,0,0,0,0),
('IN00025',1,'P00002','Ea','','L001',5,0,6,30,0,0,0,0,0,0,0,0,30,6,30,0,0,0,0,30,0,0,0,0,25,1.75,2,3,0.75,0.5),
('IN00026',1,'555-091024','Ea','','L001',5,0,0,0,0,0,0,0,0,0,0,0,0,0,0,0,0,0,0,0,0,0,0,0,10,0,0,0,0,0),
('IN00026',2,'555-3112531','Ea','','L001',4,0,0,0,0,0,0,0,0,0,0,0,0,0,0,0,0,0,0,0,0,0,0,0,16,0,0,0,0,0);

-- 
-- Definition of pos_ar_in_pay_met
-- 

CREATE TABLE IF NOT EXISTS `pos_ar_in_pay_met` (
  `var_salid` varchar(100) NOT NULL,
  `var_setid` varchar(100) NOT NULL,
  `var_cur` varchar(255) DEFAULT NULL,
  `dou_rate` double DEFAULT NULL,
  `dou_amt` double DEFAULT NULL,
  `dou_total` double DEFAULT NULL,
  `dou_funtotal` double DEFAULT NULL,
  PRIMARY KEY (`var_salid`,`var_setid`)
) ENGINE=MyISAM DEFAULT CHARSET=utf8;

-- 
-- Dumping data for table pos_ar_in_pay_met
-- 

INSERT INTO `pos_ar_in_pay_met`(`var_salid`,`var_setid`,`var_cur`,`dou_rate`,`dou_amt`,`dou_total`,`dou_funtotal`) VALUES
('IN00019','STM00001','USD',1,35.37,35.37,35.37),
('IN00020','STM00001','USD',1,23.58,23.58,23.58),
('IN00021','STM00001','USD',1,30,30,30),
('IN00021','STM00002','KHR',0.00025,25000,6.25,6.25),
('IN00022','STM00001','USD',1,40,40,40),
('IN00022','STM00002','KHR',0.00025,4000,1,1),
('IN00023','STM00001','USD',1,40,40,40),
('IN00023','STM00002','KHR',0.00025,4000,1,1),
('IN00024','STM00002','KHR',0.00025,4000,1,1),
('IN00025','STM00001','USD',1,50,50,50),
('IN00024','STM00001','USD',1,40,40,40);

-- 
-- Definition of pos_ar_in_settlement
-- 

CREATE TABLE IF NOT EXISTS `pos_ar_in_settlement` (
  `var_salid` varchar(255) DEFAULT NULL,
  `var_setid` varchar(255) DEFAULT NULL,
  `var_cur` varchar(255) DEFAULT NULL,
  `dou_rate` double DEFAULT NULL,
  `dou_amt` double DEFAULT NULL
) ENGINE=MyISAM DEFAULT CHARSET=utf8;

-- 
-- Dumping data for table pos_ar_in_settlement
-- 

INSERT INTO `pos_ar_in_settlement`(`var_salid`,`var_setid`,`var_cur`,`dou_rate`,`dou_amt`) VALUES
('IN00007','STM00001',NULL,1,10),
('IN00004','STM00001',NULL,NULL,5),
('IN00615','STM00001',NULL,NULL,100),
('BB-CI-00007','STM00001',NULL,NULL,6),
('IN01088','STM00002',NULL,NULL,7.7),
('IN00014','STM00001','USD',1,15),
('IN00014','STM00002','KHR',4000,10000),
('IN00016','STM00001','USD',1,5),
('IN00016','STM00002','KHR',0.00025,20000),
('IN00017','STM00001','USD',1,5),
('IN00017','STM00002','KHR',0.000243902,20000),
('IN00018','STM00001','USD',1,5),
('IN00018','STM00002','KHR',0.000243902,20000),
('IN00020','STM00001','USD',1,20),
('IN00021','STM00001','USD',1,20),
('IN00022','STM00001','USD',1,20),
('IN00023','STM00001','USD',1,20),
('IN00024','STM00001','USD',1,20),
('IN00025','STM00001','USD',1,20),
('IN00026','STM00001','USD',1,10),
('IN00028','STM00001','USD',1,16),
('IN00029','STM00001','USD',1,100);

-- 
-- Definition of pos_bill_printed
-- 

CREATE TABLE IF NOT EXISTS `pos_bill_printed` (
  `StationID` varchar(255) DEFAULT NULL,
  `BillNum` int(11) DEFAULT NULL,
  KEY `StationID` (`StationID`) USING BTREE,
  KEY `BillNo` (`BillNum`) USING BTREE
) ENGINE=MyISAM DEFAULT CHARSET=utf8;

-- 
-- Dumping data for table pos_bill_printed
-- 

INSERT INTO `pos_bill_printed`(`StationID`,`BillNum`) VALUES
('ST00008',1),
('ST00008',1),
('ST00008',1),
('ST00006',1),
('ST00006',1),
('ST00006',1),
('ST00006',1),
('ST00001',1),
('ST00001',1),
('ST00004',1),
('ST00004',1),
('ST00004',1),
('ST00004',1),
('ST00004',1),
('ST00004',1),
('ST00004',1),
('ST00004',1),
('ST00004',1),
('ST00004',1),
('ST00004',1),
('ST00004',1),
('ST00004',1),
('ST00004',1);

-- 
-- Definition of pos_pay_met
-- 

CREATE TABLE IF NOT EXISTS `pos_pay_met` (
  `var_id` varchar(255) NOT NULL DEFAULT '',
  `var_name` varchar(255) DEFAULT NULL,
  `var_desc` varchar(255) DEFAULT NULL,
  `var_cur` varchar(255) DEFAULT NULL,
  `int_sort` int(11) DEFAULT NULL,
  `tin_inactive` tinyint(1) DEFAULT NULL,
  PRIMARY KEY (`var_id`)
) ENGINE=MyISAM DEFAULT CHARSET=utf8;

-- 
-- Dumping data for table pos_pay_met
-- 

INSERT INTO `pos_pay_met`(`var_id`,`var_name`,`var_desc`,`var_cur`,`int_sort`,`tin_inactive`) VALUES
('STM00001','Cash USD','Receive In Cash USD','USD',0,0),
('STM00002','Cash KHR','Receive In Cash KHR','KHR',0,0),
('STM00003','Pipay USD','Receive In Pipay USD','USD',0,0),
('STM00004','Pipay KHR','Receive In Pipay KHR','KHR',0,0),
('STM00005','TOUN CHET USD','','USD',0,1),
('STM00006','TOUN CHET KHR','','KHR',0,1),
('M001','Visa Card','','USD',0,1);

-- 
-- Definition of pos_settlement
-- 

CREATE TABLE IF NOT EXISTS `pos_settlement` (
  `var_id` varchar(255) NOT NULL DEFAULT '',
  `var_name` varchar(255) DEFAULT NULL,
  `var_name_kh` varchar(255) DEFAULT NULL,
  `var_desc` varchar(255) DEFAULT NULL,
  `var_locid` varchar(255) DEFAULT NULL,
  `var_accid` varchar(255) DEFAULT NULL,
  `var_cur` varchar(255) DEFAULT NULL,
  PRIMARY KEY (`var_id`)
) ENGINE=MyISAM DEFAULT CHARSET=utf8;

-- 
-- Dumping data for table pos_settlement
-- 

INSERT INTO `pos_settlement`(`var_id`,`var_name`,`var_name_kh`,`var_desc`,`var_locid`,`var_accid`,`var_cur`) VALUES
('STM00001','Cash USD',NULL,'Receive In Cash USD','L003','101010','USD'),
('STM00002','Cash KHR',NULL,'Receive In Cash KHR','L003','101020','KHR'),
('STM00003','Pipay USD',NULL,'Receive In Pipay USD','L003','101030','USD'),
('STM00004','Pipay KHR',NULL,'Receive In Pipay KHR','L003','101040','KHR');

-- 
-- Definition of pos_shift
-- 

CREATE TABLE IF NOT EXISTS `pos_shift` (
  `var_id` varchar(11) NOT NULL,
  `var_uid_in` varchar(255) DEFAULT NULL,
  `dat_in` datetime DEFAULT NULL,
  `dou_in_usd` double DEFAULT '0',
  `dou_in_khr` double DEFAULT '0',
  `dou_in_total` double DEFAULT '0',
  `dou_exrate` double DEFAULT '0',
  `var_macid` varchar(255) DEFAULT NULL,
  `var_status` varchar(5) DEFAULT NULL,
  `var_uid_out` varchar(255) DEFAULT NULL,
  `dat_out` datetime DEFAULT NULL,
  `dou_d1` double DEFAULT '0',
  `dou_d2` double DEFAULT '0',
  `dou_d5` double DEFAULT '0',
  `dou_d10` double DEFAULT '0',
  `dou_d20` double DEFAULT '0',
  `dou_d50` double DEFAULT '0',
  `dou_d100` double DEFAULT '0',
  `dou_d_total` double DEFAULT '0',
  `dou_r100` double DEFAULT '0',
  `dou_r200` double DEFAULT '0',
  `dou_r500` double DEFAULT '0',
  `dou_r1000` double DEFAULT '0',
  `dou_r2000` double DEFAULT '0',
  `dou_r5000` double DEFAULT '0',
  `dou_r10000` double DEFAULT '0',
  `dou_r20000` double DEFAULT '0',
  `dou_r50000` double DEFAULT '0',
  `dou_r100000` double DEFAULT '0',
  `dou_r_total` double DEFAULT '0',
  `dou_out_total` double DEFAULT '0',
  `var_locid` varchar(255) DEFAULT NULL,
  PRIMARY KEY (`var_id`),
  KEY `inUserID` (`var_uid_in`) USING BTREE,
  KEY `machineID` (`var_macid`) USING BTREE,
  KEY `outUserID` (`var_uid_out`) USING BTREE,
  KEY `shiftNo` (`var_id`) USING BTREE
) ENGINE=MyISAM DEFAULT CHARSET=utf8;

-- 
-- Dumping data for table pos_shift
-- 

INSERT INTO `pos_shift`(`var_id`,`var_uid_in`,`dat_in`,`dou_in_usd`,`dou_in_khr`,`dou_in_total`,`dou_exrate`,`var_macid`,`var_status`,`var_uid_out`,`dat_out`,`dou_d1`,`dou_d2`,`dou_d5`,`dou_d10`,`dou_d20`,`dou_d50`,`dou_d100`,`dou_d_total`,`dou_r100`,`dou_r200`,`dou_r500`,`dou_r1000`,`dou_r2000`,`dou_r5000`,`dou_r10000`,`dou_r20000`,`dou_r50000`,`dou_r100000`,`dou_r_total`,`dou_out_total`,`var_locid`) VALUES
('1','E00001','2017-01-18 12:55:11',0,0,0,4000,'D0A7FE32','Close','E00001','2017-01-18 14:09:11',0,0,0,0,0,0,0,0,0,0,0,0,0,0,0,0,0,0,0,0,'L003'),
('2','E00001','2017-01-18 13:02:23',0,0,0,4000,'D0A7FE32','Close','E00001','2017-01-25 15:14:03',0,0,0,0,0,0,0,0,0,0,0,0,0,0,0,0,0,0,0,0,'L003'),
('3','E00001','2017-01-19 12:17:37',0,0,0,4000,'D0A7FE32','Close','E00001','2017-01-30 18:26:16',0,0,0,0,0,0,0,0,0,0,0,0,0,0,1,0,0,0,10000,2.5,'L003'),
('4','E00001','2017-01-25 15:14:13',0,0,0,4000,'D0A7FE32','Close','E00001','2017-01-31 09:47:00',5,0,5,2,4,2,0,230,0,0,0,0,0,0,0,0,0,0,0,230,'L003'),
('5','E00001','2017-01-28 21:27:20',100,0,100,4000,'D0A7FE32','Close',NULL,NULL,0,0,0,0,0,0,0,0,0,0,0,0,0,0,0,0,0,0,0,0,'L003'),
('6','E00001','2017-01-30 18:27:23',100,400000,200,4000,'D0A7FE32','Close',NULL,NULL,0,0,0,0,0,0,0,0,0,0,0,0,0,0,0,0,0,0,0,0,'L003'),
('7','E00001','2017-01-31 09:47:16',100,200,100.05,4000,'D0A7FE32','Close','E00001','2017-01-31 09:47:57',0,0,0,0,0,0,0,0,0,0,0,0,0,0,0,0,0,0,0,0,'L003'),
('8','E00001','2017-01-31 09:58:22',100,50000,112.5,4000,'D0A7FE32','Close','E00001','2017-01-31 17:11:56',0,0,0,0,0,0,0,0,0,0,0,0,0,0,0,0,0,0,0,0,'L003'),
('9','E00001','2017-01-31 17:22:38',100,50000,112.5,4000,'D0A7FE32','Close','E00001','2017-02-03 10:29:57',0,0,0,0,0,0,0,0,0,0,0,0,0,0,0,0,0,0,0,0,'L003'),
('10','E00001','2017-02-03 10:38:56',100,50000,112.5,4000,'D0A7FE32','Close','E00002','2017-02-06 15:42:34',0,0,0,0,0,0,0,0,0,0,0,0,0,0,0,0,0,0,0,0,'L003'),
('11','E00002','2017-02-03 10:38:56',10,10000,12.5,4000,'D0A7FE32','Close','E00002','2017-02-06 15:42:34',0,0,0,0,0,0,0,0,0,0,0,0,0,0,0,0,0,0,0,0,'L003'),
('12','E00003','2017-02-03 10:38:56',0,0,0,4000,'D0A7FE32','Close','E00002','2017-02-06 15:42:34',0,0,0,0,0,0,0,0,0,0,0,0,0,0,0,0,0,0,0,0,'L003'),
('13','E00002','2017-02-03 10:38:56',0,0,0,4000,'D0A7FE32','Close','E00002','2017-02-06 15:42:34',0,0,0,0,0,0,0,0,0,0,0,0,0,0,0,0,0,0,0,0,'L003'),
('14','E00002','2017-02-06 15:47:04',0,0,0,4000,'D0A7FE32','Close','E00001','2017-02-06 16:19:59',0,0,0,0,0,0,0,0,0,0,0,0,0,0,0,0,0,0,0,0,'L003'),
('15','E00003','2017-02-06 16:20:07',0,0,0,4000,'D0A7FE32','Close','E00003','2017-02-06 16:20:27',0,0,0,0,0,0,0,0,0,0,0,0,0,0,0,0,0,0,0,0,'L003'),
('16','E00002','2017-02-06 16:20:34',0,0,0,4000,'D0A7FE32','Close','E00001','2017-02-08 16:21:01',0,0,0,0,0,0,0,0,0,0,0,0,0,0,0,0,0,0,0,0,'L003'),
('17','E00003','2017-02-08 16:21:04',0,0,0,4000,'D0A7FE32','Close','E00003','2017-02-08 16:23:47',0,0,0,0,0,0,0,0,0,0,0,0,0,0,0,0,0,0,0,0,'L003'),
('18','E00003','2017-02-08 16:23:48',0,0,0,4000,'D0A7FE32','Close','E00003','2017-02-08 16:35:20',0,0,0,0,0,0,0,0,0,0,0,0,0,0,0,0,0,0,0,0,'L003'),
('19','E00001','2017-02-08 16:35:21',0,0,0,4000,'D0A7FE32','Close','E00001','2017-02-08 17:45:21',3,4,5,0,5,0,0,136,0,8,0,8,0,9,5,0,0,0,104600,162.15,'L003'),
('20','E00001','2017-02-08 17:45:23',0,0,0,4000,'D0A7FE32','Close','E00001','2017-02-08 17:47:12',0,5,0,0,4,0,0,90,0,5,0,0,0,0,5,0,0,0,51000,102.75,'L003'),
('21','E00001','2017-02-08 17:47:13',0,0,0,4000,'D0A7FE32','Close','E00001','2017-02-08 18:09:57',0,0,5,0,5,0,0,125,0,0,0,5,0,6,2,0,0,0,55000,138.75,'L003'),
('22','E00001','2017-02-08 18:09:59',0,0,0,4000,'D0A7FE32','Close','E00001','2017-02-09 14:08:43',1,1,0,0,0,0,0,3,0,0,0,1,0,0,0,0,0,0,1000,3.25,'L003'),
('23','E00001','2017-02-09 14:28:52',0,0,0,4000,'D0A7FE32','Close','E00001','2017-02-15 10:06:47',0,0,0,0,0,0,0,0,0,0,0,0,0,0,0,0,0,0,0,0,'L003'),
('24','E00001','2017-02-12 14:57:14',0,0,0,4000,'D0A7FE32','Close',NULL,NULL,0,0,0,0,0,0,0,0,0,0,0,0,0,0,0,0,0,0,0,0,'L003'),
('25','E00001','2017-02-15 11:11:42',0,0,0,4000,'D0A7FE32','Close','E00001','2017-02-15 13:22:40',0,0,0,0,0,0,0,0,0,0,0,0,0,0,0,0,0,0,0,0,'L003'),
('26','E00001','2017-02-15 16:27:34',0,0,0,4000,'D0A7FE32','Close',NULL,NULL,0,0,0,0,0,0,0,0,0,0,0,0,0,0,0,0,0,0,0,0,'L003'),
('27','EMP00032','2017-02-27 16:57:29',0,0,0,4000,'D0A7FE32','Close',NULL,NULL,0,0,0,0,0,0,0,0,0,0,0,0,0,0,0,0,0,0,0,0,'L003'),
('28','EMP00032','2017-04-05 13:32:21',0,0,0,4000,'D0A7FE32','Close',NULL,NULL,0,0,0,0,0,0,0,0,0,0,0,0,0,0,0,0,0,0,0,0,'L003'),
('29','E-00006','2017-11-24 14:13:50',70,50000,82.35,4050,'D0A7FE32','Close','E-00006','2017-11-24 14:55:57',0,0,0,0,0,0,0,0,0,0,0,0,0,0,0,0,0,0,0,0,'L003'),
('30','EMP00032','2017-04-24 08:44:12',0,0,0,4000,'D0A7FE32','Close','EMP00129','2017-05-19 11:19:05',0,0,0,0,1,0,0,20,0,0,0,0,0,1,1,0,0,0,15000,23.75,'L003'),
('31','EMP00129','2017-05-19 11:30:39',0,0,0,4000,'D0A7FE32','Close','EMP00129','2017-06-09 16:06:43',0,0,0,0,0,0,0,0,0,0,0,0,0,0,0,0,0,0,0,0,'L003'),
('32','EMP00129','2017-05-24 17:20:24',0,0,0,4000,'D0A7FE32','Close',NULL,NULL,0,0,0,0,0,0,0,0,0,0,0,0,0,0,0,0,0,0,0,0,'L003'),
('33','EMP00129','2017-06-09 16:06:47',90,40000,100,4000,'D0A7FE32','Close','E-00006','2017-08-21 14:12:48',0,0,0,0,0,0,1,100,0,0,0,0,0,0,0,0,0,0,0,100,'L003'),
('34','E-00006','2017-08-11 08:20:32',0,0,0,4000,'D0A7FE32','Close',NULL,NULL,0,0,0,0,0,0,0,0,0,0,0,0,0,0,0,0,0,0,0,0,'L003'),
('35','E-00006','2017-08-21 14:14:14',0,0,0,4000,'D0A7FE32','Close','E-00006','2017-08-24 10:08:06',0,0,0,0,0,0,0,0,0,0,0,0,0,0,0,0,0,0,0,0,'L003'),
('36','E-00006','2017-08-24 10:13:19',100,50000,112.5,4000,'D0A7FE32','Close','E-00006','2017-08-24 10:13:34',0,0,0,0,0,0,0,0,0,0,0,0,0,0,0,0,0,0,0,0,'L003'),
('37','E-00006','2017-08-24 10:13:47',100,50000,112.5,4000,'D0A7FE32','Close','E-00006','2017-08-24 10:17:00',0,0,0,0,0,0,0,0,0,0,0,0,0,0,0,0,0,0,0,0,'L003'),
('38','E-00006','2017-08-24 10:18:01',100,20000,105,4000,'D0A7FE32','Close','E-00006','2017-08-24 10:18:48',0,0,0,0,0,0,0,0,0,0,0,0,0,0,0,0,0,0,0,0,'L003'),
('39','E-00006','2017-08-24 10:18:51',55,60000,70,4000,'D0A7FE32','Close','E-00006','2017-09-13 08:48:08',0,0,0,0,0,0,0,0,0,0,0,0,0,0,0,0,0,0,0,0,'L003'),
('40','E-00006','2017-08-29 08:53:20',101,10000,102.88,4200,'D0A7FE32','Close','E-00006','2017-08-29 08:53:46',0,0,0,0,0,0,0,0,0,0,0,0,0,0,0,0,0,0,0,0,'L003'),
('41','E-00006','2017-08-29 08:54:26',201,150000,236.21,4200,'D0A7FE32','Close','E-00006','2017-08-29 10:27:23',0,0,0,0,0,0,0,0,0,0,0,0,0,0,0,0,0,0,0,0,'L003'),
('42','E-00006','2017-08-29 09:43:11',100,0,100,4200,'D0A7FE32','Close',NULL,NULL,0,0,0,0,0,0,0,0,0,0,0,0,0,0,0,0,0,0,0,0,'L003'),
('43','E-00006','2017-08-29 10:27:45',121,55000,133.6,4200,'D0A7FE32','Close','E-00006','2017-08-29 10:28:06',0,0,0,0,0,0,0,0,0,0,0,0,0,0,0,0,0,0,0,0,'L003'),
('44','E-00006','2017-08-29 10:28:31',205,0,205,4200,'D0A7FE32','Close','E-00006','2017-08-29 10:32:32',0,0,0,0,0,0,0,0,0,0,0,0,0,0,0,0,0,0,0,0,'L003'),
('45','E-00006','2017-08-29 10:32:47',217,5500,218.31,4200,'D0A7FE32','Close',NULL,NULL,0,0,0,0,0,0,0,0,0,0,0,0,0,0,0,0,0,0,0,0,'L003'),
('46','E-00006','2017-08-30 14:10:43',0,0,0,4050,'D0A7FE32','Close',NULL,NULL,0,0,0,0,0,0,0,0,0,0,0,0,0,0,0,0,0,0,0,0,'L003'),
('47','E-00006','2017-09-11 14:32:51',0,0,0,4050,'D0A7FE32','Close',NULL,NULL,0,0,0,0,0,0,0,0,0,0,0,0,0,0,0,0,0,0,0,0,'L003'),
('48','E-00006','2017-09-13 09:18:43',0,0,0,4050,'D0A7FE32','Close','E-00006','2017-11-22 15:57:03',2,3,4,0,0,0,0,28,0,0,5,0,6,7,0,0,0,0,49500,40.22,'L003'),
('49','E-00006','2017-10-17 10:59:16',10000,0,10000,4050,'D0A7FE32','Close',NULL,NULL,0,0,0,0,0,0,0,0,0,0,0,0,0,0,0,0,0,0,0,0,'L003'),
('50','E-00006','2017-10-25 13:24:12',0,0,0,4050,'D0A7FE32','Close','E-00006','2017-11-24 14:11:10',0,0,0,0,0,0,0,0,0,0,0,0,0,0,0,0,0,0,0,0,'L003'),
('51','E-00006','2017-11-22 16:21:38',100,50000,112.35,4050,'D0A7FE32','Close','E-00006','2017-11-22 16:23:24',0,0,0,0,0,0,0,0,0,0,0,0,0,0,0,0,0,0,0,0,'L003'),
('52','E-00006','2017-11-22 16:30:50',0,0,0,4050,'D0A7FE32','Close','E-00006','2017-11-22 16:31:22',0,0,0,0,0,0,0,0,0,0,0,0,0,0,0,0,0,0,0,0,'L003'),
('53','E-00006','2017-11-22 16:31:24',110,50005,122.35,4050,'D0A7FE32','Close','E-00006','2017-11-24 15:13:48',0,0,0,0,0,0,0,0,0,0,0,0,0,0,0,0,0,0,0,0,'L003'),
('54','E-00006','2017-11-24 14:12:11',100,50000,112.35,4050,'D0A7FE32','Close','E-00006','2017-11-24 14:12:35',0,0,0,0,0,0,0,0,0,0,0,0,0,0,0,0,0,0,0,0,'L003'),
('55','E-00006','2017-11-24 14:13:50',70,50000,82.35,4050,'D0A7FE32','Close','E-00006','2017-11-24 14:55:57',0,0,0,0,0,0,0,0,0,0,0,0,0,0,0,0,0,0,0,0,'L003'),
('56','E-00006','2017-11-24 14:56:12',10,0,10,4050,'D0A7FE32','Close',NULL,NULL,0,0,0,0,0,0,0,0,0,0,0,0,0,0,0,0,0,0,0,0,'L003'),
('57','E-00006','2017-11-24 15:14:05',100,9100,102.25,4050,'D0A7FE32','Close','E-00006','2018-01-10 11:33:52',0,1,0,0,0,0,2,202,0,0,0,1,0,0,0,0,0,0,1000,202.25,'L003'),
('58','E-00006','2017-12-09 11:19:00',0,0,0,4050,'D0A7FE32','Close',NULL,NULL,0,0,0,0,0,0,0,0,0,0,0,0,0,0,0,0,0,0,0,0,'L003'),
('59','E-00006','2017-12-19 17:32:39',0,0,0,4050,'D0A7FE32','Close',NULL,NULL,0,0,0,0,0,0,0,0,0,0,0,0,0,0,0,0,0,0,0,0,'L003'),
('60','E-00006','2017-12-09 11:19:00',0,0,0,4050,'D0A7FE32','Close','E00001','2018-07-10 09:38:25',0,0,0,0,2,0,0,0,0,0,0,0,0,0,0,0,0,0,0,0,'L003'),
('61','E-00006','2018-01-10 11:34:47',0,0,0,4050,'D0A7FE32','Close','E00001','2018-07-10 09:38:16',0,0,0,0,2,0,0,0,0,0,0,0,0,0,0,0,0,0,0,0,'L003'),
('62','E-00006','2017-12-09 11:19:00',0,0,0,4050,'D0A7FE32','Close','E00001','2018-07-10 09:38:00',0,0,0,0,2,0,0,0,0,0,0,0,0,0,0,0,0,0,0,0,'L003'),
('63','E-00006','2018-04-05 10:52:58',0,0,0,4100,'D0A7FE32','Close','E00001','2018-07-10 09:21:57',0,0,0,0,2,0,1,140,0,0,0,0,0,0,1,0,0,0,10000,142.44,'L003'),
('64','E-00006','2018-05-30 11:56:55',0,0,0,4100,'D0A7FE32','Close','E00001','2018-07-09 15:24:26',3,0,1,2,0,0,1,128,0,0,0,0,0,5,5,1,0,0,95000,132.88,'L003'),
('SH00001','E00001','0001-01-01 00:00:00',100,50000,112.2,4100,'D0A7FE32','Close','E00001','2018-07-10 09:42:30',2,0,1,1,2,0,1,117,0,0,0,0,0,0,0,0,0,0,50000,129.2,'L003'),
('SH00002','E00001','0001-01-01 00:00:00',100,50000,112.2,4100,'D0A7FE32','Close','E00001','2018-07-10 09:45:34',2,0,1,1,20,0,1,117,0,0,0,0,0,0,0,0,1,0,50000,129.2,'L003'),
('SH00003','E00001','0001-01-01 00:00:00',100,50000,112.2,4100,'D0A7FE32','Close','E00001','2018-07-10 09:47:54',2,0,1,1,0,0,1,117,0,0,0,0,0,0,0,0,1,0,50000,129.2,'L003'),
('SH00004','E00001','0001-01-01 00:00:00',100,50000,112.2,4100,'D0A7FE32','Close','E00001','2018-07-10 10:14:52',2,0,1,1,0,0,1,117,0,0,0,0,0,0,0,0,1,0,50000,129.2,'L003'),
('SH00005','E00001','0001-01-01 00:00:00',110,45000,121.25,4100,'D0A7FE32','Open',NULL,NULL,0,0,0,0,0,0,0,0,0,0,0,0,0,0,0,0,0,0,0,0,'L003'),
('SH00006','E00002','0001-01-01 00:00:00',0,0,0,4000,'8850BC48','Open',NULL,NULL,0,0,0,0,0,0,0,0,0,0,0,0,0,0,0,0,0,0,0,0,'L003');

-- 
-- Definition of pos_shift_his
-- 

CREATE TABLE IF NOT EXISTS `pos_shift_his` (
  `var_id` varchar(255) NOT NULL,
  `var_shiftid` varchar(255) NOT NULL,
  `dou_addusd` double NOT NULL DEFAULT '0',
  `dou_addkhr` double NOT NULL DEFAULT '0',
  `dou_takeusd` double NOT NULL DEFAULT '0',
  `dou_takekhr` double NOT NULL DEFAULT '0',
  `var_uid` varchar(255) NOT NULL DEFAULT '',
  `dat_date` datetime NOT NULL,
  `var_locid` varchar(255) DEFAULT NULL,
  `var_desc` varchar(255) DEFAULT NULL,
  PRIMARY KEY (`var_id`)
) ENGINE=MyISAM DEFAULT CHARSET=utf8;

-- 
-- Dumping data for table pos_shift_his
-- 

INSERT INTO `pos_shift_his`(`var_id`,`var_shiftid`,`dou_addusd`,`dou_addkhr`,`dou_takeusd`,`dou_takekhr`,`var_uid`,`dat_date`,`var_locid`,`var_desc`) VALUES
('SHH00003','SH00005',100,50000,0,0,'E00001','2018-07-10 10:35:16','L003','Add Cash'),
('SHH00004','SH00005',0,0,10,10000,'E00002','2018-07-10 14:45:12','L003','Take'),
('SHH00005','SH00005',20,5000,0,0,'E00002','2018-07-10 14:45:21','L003','Add');

-- 
-- Definition of pos_sys_auth
-- 

CREATE TABLE IF NOT EXISTS `pos_sys_auth` (
  `AuthID` int(11) NOT NULL DEFAULT '0',
  `AuthName` varchar(255) DEFAULT NULL,
  `IsNeedAuth` tinyint(1) DEFAULT NULL,
  `SortOrder` int(11) DEFAULT NULL,
  `IsNeedAuth_AP` tinyint(1) DEFAULT NULL,
  PRIMARY KEY (`AuthID`)
) ENGINE=MyISAM DEFAULT CHARSET=utf8;

-- 
-- Dumping data for table pos_sys_auth
-- 

INSERT INTO `pos_sys_auth`(`AuthID`,`AuthName`,`IsNeedAuth`,`SortOrder`,`IsNeedAuth_AP`) VALUES
(11,'Cash In',0,1,0),
(23,'Cash Edit',0,2,0),
(12,'Cash Out',0,3,0),
(24,'Change Exchange Rate',0,4,0),
(25,'Change Wifi',0,5,0),
(26,'Change Customer',0,6,0),
(15,'Send Order',0,7,0),
(14,'Open Cash Drawer',0,8,0),
(13,'Change Shift',0,9,0),
(1,'Change Price',0,10,0),
(2,'Change UOM',0,11,0),
(28,'Change QTY After Sending Order',0,12,0),
(3,'Change QTY',0,12,0),
(4,'Change Discount',0,13,0),
(5,'Change Tax',0,14,0),
(6,'Change Service Charge',0,15,0),
(7,'Delete Item',0,16,0),
(27,'Delete Sent Item',0,16,0),
(8,'Change Item',0,17,0),
(9,'Transfer Item',0,18,0),
(10,'Split Bill',0,19,0),
(16,'Reprint Receipt',0,20,0),
(17,'Void Receipt',0,21,0),
(18,'Custom Discount',0,22,0),
(19,'Tips',0,23,0),
(20,'Membership Card Payment',0,24,0),
(21,'Other Settlement',0,25,0),
(22,'Customer AR',0,26,0),
(29,'Open Item',0,29,0);

-- 
-- Definition of pos_sys_auth_log
-- 

CREATE TABLE IF NOT EXISTS `pos_sys_auth_log` (
  `AuthName` varchar(255) DEFAULT NULL,
  `UID` varchar(255) DEFAULT NULL,
  `AuthDate` datetime DEFAULT NULL,
  `MacID` varchar(255) DEFAULT NULL,
  `StationID` varchar(255) DEFAULT NULL,
  `RecordID` varchar(255) DEFAULT NULL,
  `OldValue` varchar(255) DEFAULT NULL,
  `NewValue` varchar(255) DEFAULT NULL
) ENGINE=MyISAM DEFAULT CHARSET=utf8;

-- 
-- Dumping data for table pos_sys_auth_log
-- 

INSERT INTO `pos_sys_auth_log`(`AuthName`,`UID`,`AuthDate`,`MacID`,`StationID`,`RecordID`,`OldValue`,`NewValue`) VALUES
('Change Price','pos','2017-03-03 11:26:15','6C626DB1164B','ST00001','ALL-00001','2','3'),
('Change QTY After Sending Order','pos','2017-03-03 11:26:49','6C626DB1164B','ST00001','ALL-00002','1','2'),
('Delete Item','pos','2017-03-03 11:33:07','6C626DB1164B','ST00001','ALL-00016',NULL,NULL),
('Delete Sent Item','theara','2017-03-03 11:33:36','6C626DB1164B','ST00001','ALL-00002',NULL,NULL),
('Change QTY After Sending Order','pos','2017-03-03 11:39:39','6C626DB1164B','ST00001','ALL-00001','2','3'),
('Change QTY','pos','2017-03-03 11:39:44','6C626DB1164B','ST00001','ALL-00001','3','4'),
('Change QTY','pos','2017-03-03 11:40:25','6C626DB1164B','ST00001','ALL-00001','4','3'),
('Change QTY After Sending Order','pos','2017-03-03 11:42:46','6C626DB1164B','ST00001','ALL-00001','3','2'),
('Change QTY After Sending Order','pos','2017-03-03 11:42:56','6C626DB1164B','ST00001','ALL-00001','2','3'),
('Change QTY After Sending Order','pos','2017-03-03 11:43:07','6C626DB1164B','ST00001','ALL-00001','3','4'),
('Change QTY After Sending Order','pos','2017-03-03 11:43:14','6C626DB1164B','ST00001','ALL-00001','4','3'),
('Delete Sent Item','pos','2017-03-03 11:43:26','6C626DB1164B','ST00001','ALL-00001',NULL,NULL),
('Cash Out','pos','2017-03-03 13:11:19','6C626DB1164B',NULL,'47',NULL,NULL),
('Cash In','theara','2017-03-03 13:12:31','6C626DB1164B','ST00001','48',NULL,NULL),
('Cash Edit','theara','2017-03-03 13:25:24','6C626DB1164B',NULL,'48',NULL,NULL),
('Reprint Receipt','Theara','2017-03-03 13:31:19','6C626DB1164B',NULL,'IN00166',NULL,NULL),
('Void Receipt','pos','2017-03-03 13:39:29','6C626DB1164B',NULL,'IN00168',NULL,NULL),
('Change Exchange Rate','theara','2017-03-03 13:45:14','6C626DB1164B',NULL,NULL,'4,000.00','4100'),
('Change Exchange Rate','theara','2017-03-03 13:46:39','6C626DB1164B',NULL,NULL,'4100','4200'),
('Change Exchange Rate','POS','2017-03-03 13:47:10','6C626DB1164B',NULL,NULL,'4200','4000'),
('Change Wifi','pos','2017-03-03 13:51:32','6C626DB1164B',NULL,NULL,'','Theara007'),
('Change Wifi','theara','2017-03-03 13:52:19','6C626DB1164B',NULL,NULL,'Theara007','010948999'),
('Change Customer','theara','2017-03-03 14:13:25','6C626DB1164B',NULL,NULL,'C00001','C00002'),
('Change Customer','pos','2017-03-03 14:13:43','6C626DB1164B',NULL,NULL,'C00002','C00001'),
('Change Discount','theara','2017-03-03 15:41:29','6C626DB1164B','ST00001','ALL-00003','0','0.14'),
('Change Discount','theara','2017-03-03 15:41:29','6C626DB1164B','ST00001','HOT-00003','0','0.8'),
('Change QTY','pos','2017-03-03 16:12:39','6C626DB1164B','ST00001','ALL-00003','1','5'),
('Open Cash Drawer','pos','2017-06-09 10:02:43','5CF9DDDEE3E0',NULL,NULL,NULL,NULL),
('Open Cash Drawer','pos','2017-08-24 10:23:36','5CF9DDDEE3E0',NULL,NULL,NULL,NULL),
('Open Cash Drawer','pos','2017-08-29 10:34:10','C8F7339F92C4',NULL,NULL,NULL,NULL),
('Change Item','pos','2017-08-29 14:40:27','5CF9DDDEE3E0','ST00002','IBG-00001','IBG-00001','G20-00005'),
('Delete Item','pos','2017-09-25 11:25:02','5CF9DDDEE3E0','ST00003','G20-00005',NULL,NULL),
('Delete Sent Item','pos','2017-10-03 09:32:59','5CF9DDDEE3E0','ST00001','DRINK-00004',NULL,NULL),
('Delete Sent Item','pos','2017-10-03 09:33:03','5CF9DDDEE3E0','ST00001','DRINK-00006',NULL,NULL),
('Delete Sent Item','pos','2017-10-03 09:36:22','5CF9DDDEE3E0','ST00002','G20-00005',NULL,NULL),
('Delete Sent Item','pos','2017-10-03 09:36:26','5CF9DDDEE3E0','ST00002','G20-00005',NULL,NULL),
('Delete Sent Item','pos','2017-10-03 09:36:38','5CF9DDDEE3E0','ST00006','G12-00009',NULL,NULL),
('Delete Sent Item','pos','2017-10-03 09:36:45','5CF9DDDEE3E0','ST00015','ACC-00001',NULL,NULL),
('Delete Sent Item','pos','2017-10-03 09:36:49','5CF9DDDEE3E0','ST00015','ACC-00001',NULL,NULL),
('Delete Sent Item','pos','2017-10-03 09:36:52','5CF9DDDEE3E0','ST00015','DRINK-00004',NULL,NULL),
('Delete Sent Item','pos','2017-10-03 09:36:54','5CF9DDDEE3E0','ST00015','DRINK-00001',NULL,NULL),
('Delete Sent Item','pos','2017-10-03 09:37:19','5CF9DDDEE3E0','ST00090','IBG-00001',NULL,NULL),
('Delete Sent Item','pos','2017-10-03 09:37:24','5CF9DDDEE3E0','ST00090','G11-00001',NULL,NULL),
('Delete Sent Item','pos','2017-10-03 09:37:26','5CF9DDDEE3E0','ST00090','G04-00001',NULL,NULL),
('Delete Sent Item','pos','2017-10-03 09:37:29','5CF9DDDEE3E0','ST00090','G03-00002',NULL,NULL),
('Delete Sent Item','pos','2017-10-03 09:37:32','5CF9DDDEE3E0','ST00090','G05-00001',NULL,NULL),
('Delete Sent Item','pos','2017-10-03 09:37:35','5CF9DDDEE3E0','ST00090','IBG-00001',NULL,NULL),
('Delete Sent Item','pos','2017-10-03 09:37:38','5CF9DDDEE3E0','ST00090','G11-00001',NULL,NULL),
('Delete Sent Item','pos','2017-10-03 09:37:41','5CF9DDDEE3E0','ST00090','G04-00001',NULL,NULL),
('Delete Sent Item','pos','2017-10-03 09:37:43','5CF9DDDEE3E0','ST00090','G03-00002',NULL,NULL),
('Delete Sent Item','pos','2017-10-03 09:37:46','5CF9DDDEE3E0','ST00090','G05-00001',NULL,NULL),
('Delete Sent Item','pos','2017-10-03 09:37:48','5CF9DDDEE3E0','ST00090','G01-00002',NULL,NULL),
('Delete Sent Item','pos','2017-10-03 09:38:15','5CF9DDDEE3E0','ST00001','DRINK-00005',NULL,NULL),
('Delete Sent Item','pos','2017-10-03 09:39:25','5CF9DDDEE3E0','ST00001','DRINK-00006',NULL,NULL),
('Delete Sent Item','pos','2017-10-03 10:06:58','5CF9DDDEE3E0','ST00001','DRINK-00006',NULL,NULL),
('Delete Sent Item','pos','2017-10-03 10:07:02','5CF9DDDEE3E0','ST00001','DRINK-00003',NULL,NULL),
('Delete Sent Item','pos','2017-10-03 10:07:09','5CF9DDDEE3E0','ST00003','DRINK-00004',NULL,NULL),
('Delete Sent Item','pos','2017-10-04 09:16:18','5CF9DDDEE3E0','ST00001','DRINK-00002',NULL,NULL),
('Delete Sent Item','pos','2017-10-04 09:16:30','5CF9DDDEE3E0','ST00002','DRINK-00003',NULL,NULL),
('Delete Sent Item','pos','2017-10-04 09:16:38','5CF9DDDEE3E0','ST00003','DRINK-00002',NULL,NULL),
('Delete Sent Item','pos','2017-10-04 09:16:44','5CF9DDDEE3E0','ST00005','G05-00001',NULL,NULL),
('Delete Sent Item','pos','2017-10-04 09:16:51','5CF9DDDEE3E0','ST00005','DRINK-00006',NULL,NULL),
('Delete Sent Item','pos','2017-10-04 09:16:54','5CF9DDDEE3E0','ST00005','DRINK-00005',NULL,NULL),
('Delete Item','pos','2017-10-17 09:00:12','5CF9DDDEE3E0','ST00001','DRINK-00001',NULL,NULL),
('Delete Item','pos','2017-10-19 08:45:40','5CF9DDDEE3E0','ST00001','DRINK-00001',NULL,NULL),
('Delete Item','pos','2017-10-19 08:48:28','5CF9DDDEE3E0',NULL,'G12-00040',NULL,NULL),
('Delete Item','asdasd','2017-10-31 11:16:31','5CF9DDDEE3E0','ST00001','DRINK-00001',NULL,NULL),
('Delete Item','asdasd','2017-10-31 11:16:32','5CF9DDDEE3E0','ST00001','DRINK-00004',NULL,NULL),
('Change Item','asdasd','2017-10-31 11:25:04','5CF9DDDEE3E0','ST00001','DRINK-00003','DRINK-00003','DRINK-00006'),
('Change QTY','asdasd','2017-10-31 11:25:52','5CF9DDDEE3E0','ST00001','DRINK-00006','1','5'),
('Change Price','asdasd','2017-10-31 11:26:58','5CF9DDDEE3E0','ST00001','DRINK-00006','4','2'),
('Add Item','asdasd','2017-10-31 11:30:06','5CF9DDDEE3E0','ST00001','DRINK-00005',NULL,NULL),
('Change QTY','asdasd','2017-10-31 11:33:28','5CF9DDDEE3E0','ST00001','DRINK-00005','1','2'),
('Print Bill','asdasd','2017-10-31 11:35:43','5CF9DDDEE3E0','ST00001','1',NULL,NULL),
('Change QTY','asdasd','2017-11-10 16:47:27','5CF9DDDEE3E0',NULL,'DRINK-00004','2','1'),
('Reprint Receipt','asdasd','2017-11-11 09:08:17','5CF9DDDEE3E0',NULL,'IN00621',NULL,NULL),
('Reprint Receipt','asdasd','2017-11-11 09:09:12','5CF9DDDEE3E0',NULL,'IN00621',NULL,NULL),
('Open Cash Drawer','asdasd','2017-11-11 09:10:37','5CF9DDDEE3E0',NULL,NULL,NULL,NULL),
('Reprint Receipt','asdasd','2017-11-11 09:10:51','5CF9DDDEE3E0',NULL,'IN00621',NULL,NULL),
('Reprint Receipt','asdasd','2017-11-11 09:13:12','5CF9DDDEE3E0',NULL,'IN00621',NULL,NULL),
('Reprint Receipt','asdasd','2017-11-11 09:14:10','5CF9DDDEE3E0',NULL,'IN00621',NULL,NULL),
('Reprint Receipt','asdasd','2017-11-11 09:19:17','5CF9DDDEE3E0',NULL,'IN01060',NULL,NULL),
('Reprint Receipt','asdasd','2017-11-11 09:19:20','5CF9DDDEE3E0',NULL,'IN01059',NULL,NULL),
('Reprint Receipt','asdasd','2017-11-11 09:19:24','5CF9DDDEE3E0',NULL,'BB-CI-00024',NULL,NULL),
('Reprint Receipt','asdasd','2017-11-11 09:19:34','5CF9DDDEE3E0',NULL,'IN00621',NULL,NULL),
('Change Price','asdasd','2017-11-11 09:19:48','5CF9DDDEE3E0',NULL,'DRINK-00001','0','5'),
('Reprint Receipt','asdasd','2017-11-11 09:20:37','5CF9DDDEE3E0',NULL,'IN01061',NULL,NULL),
('Reprint Receipt','asdasd','2017-11-11 09:23:04','5CF9DDDEE3E0',NULL,'IN01061',NULL,NULL),
('Reprint Receipt','asdasd','2017-11-11 09:24:13','5CF9DDDEE3E0',NULL,'IN01061',NULL,NULL),
('Reprint Receipt','asdasd','2017-11-11 09:29:55','5CF9DDDEE3E0',NULL,'IN01061',NULL,NULL),
('Reprint Receipt','asdasd','2017-11-11 09:32:47','5CF9DDDEE3E0',NULL,'IN01061',NULL,NULL),
('Reprint Receipt','asdasd','2017-11-11 09:47:39','5CF9DDDEE3E0',NULL,'IN01061',NULL,NULL),
('Reprint Receipt','asdasd','2017-11-11 09:49:03','5CF9DDDEE3E0',NULL,'IN01061',NULL,NULL),
('Change Price','asdasd','2017-11-15 09:36:59','5CF9DDDEE3E0',NULL,'DRINK-00001','0','4'),
('Delete Item','asdasd','2017-11-15 14:48:33','',NULL,'101032401',NULL,NULL),
('Delete Item','asdasd','2017-11-15 14:48:34','',NULL,'ACC-00001',NULL,NULL),
('Delete Item','asdasd','2017-11-15 14:49:10','',NULL,'101032401',NULL,NULL),
('Delete Item','asdasd','2017-11-15 14:49:11','',NULL,'ACC-00001',NULL,NULL),
('Delete Item','asdasd','2017-11-15 14:55:21','',NULL,'DRINK-00001',NULL,NULL),
('Reprint Receipt','asdasd','2017-11-15 16:16:39','',NULL,'IN01065',NULL,NULL),
('Reprint Receipt','asdasd','2017-11-15 16:18:13','',NULL,'IN01065',NULL,NULL),
('Reprint Receipt','asdasd','2017-11-15 16:18:40','',NULL,'IN01065',NULL,NULL),
('Reprint Receipt','asdasd','2017-11-15 16:19:27','',NULL,'IN01065',NULL,NULL),
('Reprint Receipt','asdasd','2017-11-15 16:20:41','',NULL,'IN01065',NULL,NULL),
('Reprint Receipt','asdasd','2017-11-15 16:23:46','',NULL,'IN01065',NULL,NULL),
('Reprint Receipt','asdasd','2017-11-15 16:37:42','',NULL,'IN01065',NULL,NULL),
('Reprint Receipt','asdasd','2017-11-15 16:38:44','',NULL,'IN01065',NULL,NULL),
('Reprint Receipt','asdasd','2017-11-15 16:44:04','',NULL,'IN01065',NULL,NULL),
('Reprint Receipt','asdasd','2017-11-15 16:44:50','',NULL,'IN01065',NULL,NULL),
('Reprint Receipt','asdasd','2017-11-15 16:45:20','',NULL,'IN01065',NULL,NULL),
('Reprint Receipt','asdasd','2017-11-15 16:46:07','',NULL,'IN01065',NULL,NULL),
('Reprint Receipt','asdasd','2017-11-15 16:46:31','',NULL,'IN01065',NULL,NULL),
('Reprint Receipt','asdasd','2017-11-15 16:46:56','',NULL,'IN01065',NULL,NULL),
('Reprint Receipt','asdasd','2017-11-15 16:47:28','',NULL,'IN01065',NULL,NULL),
('Reprint Receipt','asdasd','2017-11-15 16:48:07','',NULL,'IN01065',NULL,NULL),
('Reprint Receipt','asdasd','2017-11-15 16:48:33','',NULL,'IN01065',NULL,NULL),
('Reprint Receipt','asdasd','2017-11-15 16:49:42','',NULL,'IN01065',NULL,NULL),
('Reprint Receipt','asdasd','2017-11-15 16:50:01','',NULL,'IN01065',NULL,NULL),
('Reprint Receipt','asdasd','2017-11-15 16:50:21','',NULL,'IN01065',NULL,NULL),
('Reprint Receipt','asdasd','2017-11-15 16:52:07','',NULL,'IN01065',NULL,NULL),
('Reprint Receipt','asdasd','2017-11-15 16:54:51','',NULL,'IN01065',NULL,NULL),
('Reprint Receipt','asdasd','2017-11-15 16:57:34','',NULL,'IN01065',NULL,NULL),
('Reprint Receipt','asdasd','2017-11-15 17:05:04','',NULL,'IN01065',NULL,NULL),
('Reprint Receipt','asdasd','2017-11-15 17:07:46','',NULL,'IN01065',NULL,NULL),
('Reprint Receipt','asdasd','2017-11-15 20:23:39','',NULL,'IN01065',NULL,NULL),
('Reprint Receipt','asdasd','2017-11-16 09:28:14','5CF9DDDEE3E0',NULL,'IN01062',NULL,NULL),
('Change Price','asdasd','2017-11-16 09:36:37','5CF9DDDEE3E0',NULL,'DRINK-00001','0','20'),
('Change Price','asdasd','2017-11-16 09:42:53','5CF9DDDEE3E0',NULL,'DRINK-00001','0','3'),
('Reprint Receipt','asdasd','2017-11-16 09:43:55','5CF9DDDEE3E0',NULL,'IN01066',NULL,NULL),
('Reprint Receipt','asdasd','2017-11-16 09:45:29','5CF9DDDEE3E0',NULL,'IN01066',NULL,NULL),
('Change Price','asdasd','2017-11-16 09:47:20','5CF9DDDEE3E0',NULL,'DRINK-00001','0','10'),
('Change Tax VAT','asdasd','2017-11-16 09:47:26','5CF9DDDEE3E0',NULL,'DRINK-00001','1','0'),
('Change Price','asdasd','2017-11-16 09:47:34','5CF9DDDEE3E0',NULL,'DRINK-00004','0','10'),
('Change Price','asdasd','2017-11-16 09:53:42','5CF9DDDEE3E0',NULL,'DRINK-00001','0','20'),
('Delete Item','asdasd','2017-11-16 09:53:45','5CF9DDDEE3E0',NULL,'DRINK-00001',NULL,NULL),
('Delete Item','asdasd','2017-11-16 10:15:51','5CF9DDDEE3E0',NULL,'DRINK-00001',NULL,NULL),
('Delete Item','asdasd','2017-11-16 10:37:39','5CF9DDDEE3E0',NULL,'101032401',NULL,NULL),
('Change Price','asdasd','2017-11-16 10:49:24','5CF9DDDEE3E0',NULL,'DRINK-00002','0','7'),
('Change Price','asdasd','2017-11-16 10:58:26','5CF9DDDEE3E0',NULL,'DRINK-00003','0','6'),
('Change Price','asdasd','2017-11-16 11:00:21','5CF9DDDEE3E0',NULL,'DRINK-00001','0','2'),
('Change Price','asdasd','2017-11-16 11:00:25','5CF9DDDEE3E0',NULL,'DRINK-00005','0','4'),
('Change Tax VAT','asdasd','2017-11-16 11:00:31','5CF9DDDEE3E0',NULL,'DRINK-00001','0.2','0'),
('Reprint Receipt','asdasd','2017-11-16 13:44:04','5CF9DDDEE3E0',NULL,'IN01066',NULL,NULL),
('Add Item','asdasd','2017-11-17 10:30:35','5CF9DDDEE3E0','ST00001','ACC-00006',NULL,NULL),
('Change Price','asdasd','2017-11-17 11:48:39','5CF9DDDEE3E0',NULL,'101032401','0','3'),
('Change QTY','asdasd','2017-11-17 12:02:31','5CF9DDDEE3E0',NULL,'CL3-Airconditioner-00021','1','2'),
('Change QTY','asdasd','2017-11-17 12:02:31','5CF9DDDEE3E0',NULL,'CL3-Airconditioner-00021','2','3'),
('Change QTY','asdasd','2017-11-17 12:02:32','5CF9DDDEE3E0',NULL,'CL3-Airconditioner-00021','3','4'),
('Change QTY','asdasd','2017-11-17 12:02:32','5CF9DDDEE3E0',NULL,'CL3-Airconditioner-00021','4','5'),
('Change QTY','asdasd','2017-11-17 12:02:32','5CF9DDDEE3E0',NULL,'CL3-Airconditioner-00021','5','6'),
('Change QTY','asdasd','2017-11-17 12:02:32','5CF9DDDEE3E0',NULL,'CL3-Airconditioner-00021','6','7'),
('Change QTY','asdasd','2017-11-17 12:02:33','5CF9DDDEE3E0',NULL,'CL3-Airconditioner-00021','7','8'),
('Change QTY','asdasd','2017-11-17 12:02:33','5CF9DDDEE3E0',NULL,'CL3-Airconditioner-00021','8','9'),
('Change QTY','asdasd','2017-11-17 12:02:33','5CF9DDDEE3E0',NULL,'CL3-Airconditioner-00021','9','10'),
('Change Price','asdasd','2017-11-20 10:15:12','5CF9DDDEE3E0',NULL,'DRINK-00001','0','2'),
('Reprint Receipt','asdasd','2017-11-20 10:29:45','5CF9DDDEE3E0',NULL,'IN01073',NULL,NULL),
('Delete Item','asdasd','2017-11-20 10:35:17','5CF9DDDEE3E0','ST00001','ACC-00006',NULL,NULL),
('Add Item','asdasd','2017-11-21 16:04:46','5CF9DDDEE3E0','ST00001','DRINK-00001',NULL,NULL),
('Add Item','asdasd','2017-11-21 16:04:48','5CF9DDDEE3E0','ST00001','DRINK-00002',NULL,NULL),
('Change Price','asdasd','2017-11-21 16:04:53','5CF9DDDEE3E0','ST00001','DRINK-00001','0','6'),
('Change Price','asdasd','2017-11-21 16:04:56','5CF9DDDEE3E0','ST00001','DRINK-00002','0','7'),
('Add Item','asdasd','2017-11-22 10:23:19','5CF9DDDEE3E0','ST00001','DRINK-00004',NULL,NULL),
('Change Price','asdasd','2017-11-22 10:23:25','5CF9DDDEE3E0','ST00001','DRINK-00004','0','8'),
('Add Item','asdasd','2017-11-22 10:31:34','5CF9DDDEE3E0','ST00001','DRINK-00001',NULL,NULL),
('Add Item','asdasd','2017-11-22 10:31:35','5CF9DDDEE3E0','ST00001','DRINK-00005',NULL,NULL),
('Change Price','asdasd','2017-11-22 10:31:39','5CF9DDDEE3E0','ST00001','DRINK-00001','0','5'),
('Change Price','asdasd','2017-11-22 10:31:42','5CF9DDDEE3E0','ST00001','DRINK-00005','0','6'),
('Void Receipt','asdasd','2017-11-22 10:36:37','5CF9DDDEE3E0','ST00003','IN01078',NULL,NULL),
('Void Receipt','asdasd','2017-11-22 11:34:58','5CF9DDDEE3E0','ST00003','IN01077',NULL,NULL),
('Add Item','asdasd','2017-11-22 11:36:45','5CF9DDDEE3E0','ST00001','DRINK-00006',NULL,NULL),
('Change Price','asdasd','2017-11-22 11:36:49','5CF9DDDEE3E0','ST00001','DRINK-00006','0','11'),
('Cash Out','asdasd','2017-11-22 15:57:03','5CF9DDDEE3E0',NULL,'48',NULL,NULL),
('Cash In','asdasd','2017-11-22 16:21:38','5CF9DDDEE3E0',NULL,'51',NULL,NULL),
('Add Item','asdasd','2017-11-22 16:22:41','5CF9DDDEE3E0','ST00001','DRINK-00007',NULL,NULL),
('Delete Item','asdasd','2017-11-22 16:22:42','5CF9DDDEE3E0','ST00001','DRINK-00007',NULL,NULL),
('Add Item','asdasd','2017-11-22 16:22:44','5CF9DDDEE3E0','ST00001','DRINK-00006',NULL,NULL),
('Add Item','asdasd','2017-11-22 16:22:44','5CF9DDDEE3E0','ST00001','DRINK-00005',NULL,NULL),
('Cash Out','asdasd','2017-11-22 16:23:24','5CF9DDDEE3E0','ST00001','51',NULL,NULL),
('Cash In','asdasd','2017-11-22 16:30:50','5CF9DDDEE3E0','ST00001','52',NULL,NULL),
('Cash Edit','asdasd','2017-11-22 17:02:32','5CF9DDDEE3E0',NULL,'53',NULL,NULL),
('Cash Edit','asdasd','2017-11-22 17:06:04','5CF9DDDEE3E0',NULL,'53',NULL,NULL),
('Change Price','asdasd','2017-11-24 14:07:16','',NULL,'DRINK-00001','0','4'),
('Change Price','asdasd','2017-11-24 14:07:20','',NULL,'DRINK-00003','0','5'),
('Change Price','asdasd','2017-11-24 14:08:46','',NULL,'DRINK-00004','0','5'),
('Change Price','asdasd','2017-11-24 14:08:55','',NULL,'DRINK-00005','0','2'),
('Cash Out','asdasd','2017-11-24 14:11:13','',NULL,'50',NULL,NULL),
('Cash In','asdasd','2017-11-24 14:12:11','',NULL,'54',NULL,NULL),
('Cash Out','asdasd','2017-11-24 14:12:35','',NULL,'54',NULL,NULL),
('Cash In','asdasd','2017-11-24 14:13:50','',NULL,'55',NULL,NULL),
('Open Cash Drawer','asdasd','2017-11-24 14:14:16','',NULL,NULL,NULL,NULL),
('Cash Edit','asdasd','2017-11-24 14:14:37','',NULL,'55',NULL,NULL),
('Void Receipt','asdasd','2017-11-24 14:15:37','',NULL,'IN01082',NULL,NULL),
('Void Receipt','asdasd','2017-11-24 14:40:00','',NULL,'IN01081',NULL,NULL),
('Cash Edit','asdasd','2017-11-24 14:43:11','',NULL,'29',NULL,NULL),
('Cash Edit','asdasd','2017-11-24 14:44:56','',NULL,'29',NULL,NULL),
('Cash Edit','asdasd','2017-11-24 14:45:53','',NULL,'29',NULL,NULL),
('Cash Out','asdasd','2017-11-24 14:56:00','',NULL,'29',NULL,NULL),
('Cash In','asdasd','2017-11-24 14:56:12','',NULL,'56',NULL,NULL),
('Cash Edit','asdasd','2017-11-24 14:57:28','',NULL,'56',NULL,NULL),
('Cash Out','asdasd','2017-11-24 15:13:52','5CF9DDDEE3E0',NULL,'53',NULL,NULL),
('Cash In','asdasd','2017-11-24 15:14:05','5CF9DDDEE3E0',NULL,'57',NULL,NULL),
('Cash Edit','asdasd','2017-11-24 15:14:36','5CF9DDDEE3E0',NULL,'57',NULL,NULL),
('Cash Edit','asdasd','2017-11-24 15:15:17','5CF9DDDEE3E0',NULL,'57',NULL,NULL),
('Cash Edit','asdasd','2017-11-24 15:15:41','5CF9DDDEE3E0',NULL,'57',NULL,NULL),
('Void Receipt','asdasd','2017-11-24 15:16:29','5CF9DDDEE3E0',NULL,'IN01083',NULL,NULL),
('Delete Item','asdasd','2017-11-27 08:46:51','5CF9DDDEE3E0',NULL,'101010411',NULL,NULL),
('Delete Item','asdasd','2017-11-27 08:47:24','5CF9DDDEE3E0',NULL,'101010411',NULL,NULL),
('Cash Edit','asdasd','2017-11-27 08:51:31','5CF9DDDEE3E0',NULL,'57',NULL,NULL),
('Change Price','asdasd','2017-11-29 16:33:30','5CF9DDDEE3E0',NULL,'DRINK-00002','0','7'),
('Change Price','asdasd','2017-11-29 16:36:47','5CF9DDDEE3E0',NULL,'DRINK-00002','0','5'),
('Change Price','asdasd','2017-11-29 17:24:52','5CF9DDDEE3E0',NULL,'DRINK-00001','0','5'),
('Change UOM','asdasd','2017-11-29 18:02:03','5CF9DDDEE3E0',NULL,'DRINK-00001','BAG','Ea'),
('Change Price','asdasd','2017-11-30 08:53:13','5CF9DDDEE3E0',NULL,'DRINK-00001','0','5'),
('Delete Item','asdasd','2017-11-30 08:55:52','5CF9DDDEE3E0',NULL,'DRINK-00001',NULL,NULL),
('Change Price','asdasd','2017-11-30 08:55:59','5CF9DDDEE3E0',NULL,'DRINK-00001','0','5'),
('Change Price','asdasd','2017-11-30 08:57:48','5CF9DDDEE3E0',NULL,'DRINK-00001','0','5'),
('Change Price','asdasd','2017-11-30 08:59:41','5CF9DDDEE3E0',NULL,'DRINK-00001','0','5'),
('Change Price','asdasd','2017-11-30 09:00:11','5CF9DDDEE3E0',NULL,'DRINK-00005','0','4'),
('Cash In','asdasd','2017-12-09 11:19:02','5CF9DDE51846',NULL,'58',NULL,NULL),
('Delete Item','asdasd','2017-12-09 11:45:22','5CF9DDE51846',NULL,'101010411',NULL,NULL),
('Print Bill','asdasd','2017-12-19 10:41:10','','ST00001','1',NULL,NULL),
('Change QTY','asdasd','2017-12-19 15:41:06','5CF9DDDEE3E0',NULL,'DRINK-00001','1','2'),
('Change Price','asdasd','2017-12-19 15:41:11','5CF9DDDEE3E0',NULL,'DRINK-00001','0','5'),
('Change QTY','asdasd','2017-12-19 15:41:55','5CF9DDDEE3E0',NULL,'DRINK-00001','1','2'),
('Change Price','asdasd','2017-12-19 15:41:58','5CF9DDDEE3E0',NULL,'DRINK-00001','0','5'),
('Cash In','asdasd','2017-12-19 17:32:39',NULL,NULL,'0',NULL,NULL),
('Delete Item','asdasd','2017-12-20 09:06:05','5CF9DDDEE3E0','ST00001','DRINK-00001',NULL,NULL),
('Add Item','asdasd','2017-12-20 15:12:15','5CF9DDDEE3E0','ST00002','CL3-SCANER,LED,PROJECTOR-00001',NULL,NULL),
('Add Item','asdasd','2017-12-20 15:12:17','5CF9DDDEE3E0','ST00002','CL4-Machine-00001',NULL,NULL),
('Add Item','asdasd','2017-12-20 15:12:17','5CF9DDDEE3E0','ST00002','CL4-Machine-00002',NULL,NULL),
('Add Item','asdasd','2017-12-20 15:12:18','5CF9DDDEE3E0','ST00002','CL4-Machine-00003',NULL,NULL),
('Add Item','asdasd','2017-12-20 15:12:18','5CF9DDDEE3E0','ST00002','CL4-Machine-00004',NULL,NULL),
('Delete Item','asdasd','2017-12-20 15:13:18','5CF9DDDEE3E0','ST00019','CL4-Machine-00001',NULL,NULL),
('Delete Item','asdasd','2017-12-20 15:13:18','5CF9DDDEE3E0','ST00019','CL4-Machine-00002',NULL,NULL),
('Delete Item','asdasd','2017-12-20 15:13:18','5CF9DDDEE3E0','ST00019','CL4-Machine-00003',NULL,NULL),
('Add Item','asdasd','2017-12-20 15:13:21','5CF9DDDEE3E0','ST00019','CL3-SCANER,LED,PROJECTOR-00001',NULL,NULL),
('Change QTY','asdasd','2017-12-20 15:13:25','5CF9DDDEE3E0','ST00019','CL3-SCANER,LED,PROJECTOR-00001','1','2'),
('Add Item','asdasd','2017-12-20 15:13:28','5CF9DDDEE3E0','ST00019','CL3-SCANER,LED,PROJECTOR-00001',NULL,NULL),
('Change QTY','asdasd','2017-12-20 15:13:30','5CF9DDDEE3E0','ST00019','CL3-SCANER,LED,PROJECTOR-00001','1','2'),
('Change QTY','asdasd','2017-12-20 15:13:30','5CF9DDDEE3E0','ST00019','CL3-SCANER,LED,PROJECTOR-00001','2','3'),
('Change QTY','asdasd','2017-12-20 15:13:31','5CF9DDDEE3E0','ST00019','CL3-SCANER,LED,PROJECTOR-00001','2','3'),
('Change QTY','asdasd','2017-12-20 15:13:31','5CF9DDDEE3E0','ST00019','CL3-SCANER,LED,PROJECTOR-00001','3','4'),
('Change QTY','asdasd','2017-12-20 15:13:32','5CF9DDDEE3E0','ST00019','CL3-SCANER,LED,PROJECTOR-00001','4','5'),
('Change Tax VAT','asdasd','2017-12-21 09:47:16','5CF9DDDEE3E0',NULL,'DRINK-00001','0.5','0'),
('Delete Item','asdasd','2017-12-21 10:37:04','5CF9DDDEE3E0',NULL,'DRINK-00004',NULL,NULL),
('Delete Item','asdasd','2017-12-21 10:37:04','5CF9DDDEE3E0',NULL,'DRINK-00001',NULL,NULL),
('Change Tax VAT','asdasd','2017-12-21 10:38:20','5CF9DDDEE3E0',NULL,'DRINK-00001','0.5','0'),
('Delete Item','asdasd','2017-12-21 10:39:00','5CF9DDDEE3E0',NULL,'DRINK-00001',NULL,NULL),
('Change Tax VAT','asdasd','2017-12-21 10:39:10','5CF9DDDEE3E0',NULL,'DRINK-00001','0.5','0'),
('Change QTY','asdasd','2017-12-21 11:25:04','5CF9DDDEE3E0',NULL,'DRINK-00001','1','-1'),
('Change QTY','asdasd','2017-12-21 11:25:27','5CF9DDDEE3E0',NULL,'DRINK-00001','-1','1'),
('Delete Item','Ny Sotheara','2017-12-22 08:58:39','5CF9DDDEE3E0','ST00002','CL3-SCANER,LED,PROJECTOR-00001',NULL,NULL),
('Delete Item','Ny Sotheara','2017-12-22 08:58:39','5CF9DDDEE3E0','ST00002','CL4-Machine-00004',NULL,NULL),
('Delete Item','asdasd','2017-12-22 08:59:00','5CF9DDDEE3E0','ST00018','ACC-00012',NULL,NULL),
('Change QTY','asdasd','2018-01-08 09:33:07','5CF9DDDEE3E0',NULL,'DRINK-00001','1','2'),
('Change QTY','asdasd','2018-01-08 09:33:08','5CF9DDDEE3E0',NULL,'DRINK-00001','2','3'),
('Change QTY','asdasd','2018-01-08 09:33:20','5CF9DDDEE3E0',NULL,'DRINK-00002','1','2'),
('Change QTY','asdasd','2018-01-08 09:33:20','5CF9DDDEE3E0',NULL,'DRINK-00002','2','3'),
('Change Price','asdasd','2018-01-15 10:08:42','5CF9DDDEE3E0',NULL,'DRINK-00002','0','5'),
('Change QTY','asdasd','2018-01-15 10:09:10','5CF9DDDEE3E0',NULL,'DRINK-00002','1','2'),
('Change Discount','asdasd','2018-01-15 10:09:17','5CF9DDDEE3E0',NULL,'DRINK-00002','0','1'),
('Change Price','asdasd','2018-01-15 10:18:53','5CF9DDDEE3E0',NULL,'DRINK-00004','0','5'),
('Change QTY','asdasd','2018-01-15 10:18:54','5CF9DDDEE3E0',NULL,'DRINK-00004','1','2'),
('Change Discount','asdasd','2018-01-15 10:18:58','5CF9DDDEE3E0',NULL,'DRINK-00004','0','1'),
('Change Price','asdasd','2018-01-15 16:16:50','5CF9DDDEE3E0',NULL,'DRINK-00001','0','5'),
('Reprint Receipt','asdasd','2018-01-15 16:26:59','5CF9DDDEE3E0',NULL,'IN01118',NULL,NULL),
('Reprint Receipt','asdasd','2018-01-15 16:31:45','5CF9DDDEE3E0',NULL,'IN01118',NULL,NULL),
('Reprint Receipt','asdasd','2018-01-17 16:10:05','5CF9DDDEE3E0',NULL,'IN01114',NULL,NULL),
('Reprint Receipt','asdasd','2018-01-17 16:10:29','5CF9DDDEE3E0',NULL,'IN01114',NULL,NULL),
('Reprint Receipt','asdasd','2018-01-17 16:10:41','5CF9DDDEE3E0',NULL,'IN01114',NULL,NULL),
('Reprint Receipt','asdasd','2018-01-17 16:14:39','5CF9DDDEE3E0',NULL,'IN01114',NULL,NULL),
('Add Item','asdasd','2018-02-06 13:30:04','5CF9DDDEE3E0','ST00001','CL4-Machine-00001',NULL,NULL),
('Delete Item','asdasd','2018-02-06 15:07:56','5CF9DDDEE3E0',NULL,'DRINK-00001',NULL,NULL),
('Delete Item','asdasd','2018-02-06 15:07:56','5CF9DDDEE3E0',NULL,'DRINK-00002',NULL,NULL),
('Delete Item','asdasd','2018-02-06 16:13:54','5CF9DDDEE3E0',NULL,'G17-00006',NULL,NULL),
('Change Price','asdasd','2018-02-06 16:14:08','5CF9DDDEE3E0',NULL,'DRINK-00001','0','5'),
('Change Price','asdasd','2018-02-06 16:18:32','5CF9DDDEE3E0',NULL,'DRINK-00001','0','6'),
('Delete Item','asdasd','2018-02-06 16:18:53','5CF9DDDEE3E0',NULL,'DRINK-00001',NULL,NULL),
('Change Price','asdasd','2018-02-06 16:19:01','5CF9DDDEE3E0',NULL,'DRINK-00001','0','5'),
('Add Item','asdasd','2018-02-19 09:17:49','5CF9DDDEE3E0','ST00001','BK-00001',NULL,NULL),
('Add Item','asdasd','2018-03-12 13:50:59','5CF9DDDEE3E0','ST00001','CL3-SCANER,LED,PROJECTOR-00001',NULL,NULL),
('Add Item','asdasd','2018-03-12 13:51:02','5CF9DDDEE3E0','ST00001','DRINK-00002',NULL,NULL),
('Change Price','asdasd','2018-03-12 13:51:06','5CF9DDDEE3E0','ST00001','BK-00001','0','4'),
('Change Price','asdasd','2018-03-12 13:51:08','5CF9DDDEE3E0','ST00001','CL3-SCANER,LED,PROJECTOR-00001','0','5'),
('Change Price','asdasd','2018-03-12 13:51:12','5CF9DDDEE3E0','ST00001','DRINK-00002','0','9'),
('Change Price','asdasd','2018-03-12 13:52:51','5CF9DDDEE3E0','ST00002','ACC-00002','0','3'),
('Change Price','asdasd','2018-03-12 13:52:54','5CF9DDDEE3E0','ST00002','ACC-00002','0','8'),
('Change Price','asdasd','2018-03-14 11:15:26','5CF9DDDEE3E0','ST00003','DRINK-00005','3','7'),
('Printer Receipt','asdasd','2018-03-14 11:27:00','5CF9DDDEE3E0','ST00003','IN01126','',''),
('Add Item','asdasd','2018-03-15 10:48:45','5CF9DDDEE3E0','ST00001','DRINK-00001',NULL,NULL),
('Change Exchange Rate','asdasd','2018-03-15 10:49:32','5CF9DDDEE3E0','ST00001',NULL,'4050','4100'),
('Change Exchange Rate','asdasd','2018-03-15 10:49:52','5CF9DDDEE3E0','ST00001',NULL,'4100','4150'),
('Change Exchange Rate','asdasd','2018-03-15 13:28:22','5CF9DDDEE3E0','ST00001',NULL,'4150','4100'),
('Delete Item','asdasd','2018-03-15 13:28:56','5CF9DDDEE3E0','ST00001','DRINK-00001',NULL,NULL),
('Add Item','asdasd','2018-03-15 13:29:01','5CF9DDDEE3E0','ST00001','DRINK-00001',NULL,NULL),
('Delete Item','asdasd','2018-03-15 13:29:24','5CF9DDDEE3E0','ST00001','DRINK-00001',NULL,NULL),
('Add Item','asdasd','2018-03-15 13:29:28','5CF9DDDEE3E0','ST00001','DRINK-00001',NULL,NULL),
('Reprint Receipt','asdasd','2018-03-20 11:46:49','5CF9DDDEE3E0',NULL,'IN01126',NULL,NULL),
('Change QTY','asdasd','2018-03-24 11:33:29','5CF9DDDEE3E0',NULL,'ACC-00001','1','2'),
('Change QTY','asdasd','2018-03-24 11:33:29','5CF9DDDEE3E0',NULL,'ACC-00001','2','3'),
('Change QTY','asdasd','2018-03-24 11:33:29','5CF9DDDEE3E0',NULL,'ACC-00001','3','4'),
('Change QTY','asdasd','2018-03-24 11:33:30','5CF9DDDEE3E0',NULL,'ACC-00001','4','5'),
('Change QTY','asdasd','2018-03-24 11:33:31','5CF9DDDEE3E0',NULL,'ACC-00001','5','4'),
('Change QTY','asdasd','2018-03-24 11:33:31','5CF9DDDEE3E0',NULL,'ACC-00001','4','3'),
('Change QTY','asdasd','2018-03-24 11:33:31','5CF9DDDEE3E0',NULL,'ACC-00001','3','2'),
('Change QTY','asdasd','2018-03-24 11:33:31','5CF9DDDEE3E0',NULL,'ACC-00001','2','1'),
('Change QTY','asdasd','2018-03-24 11:34:16','5CF9DDDEE3E0','ST00001','DRINK-00001','1','-1'),
('Change QTY','asdasd','2018-03-24 11:34:18','5CF9DDDEE3E0','ST00001','DRINK-00001','-1','1'),
('Change QTY','asdasd','2018-03-24 11:34:18','5CF9DDDEE3E0','ST00001','DRINK-00001','1','-1'),
('Change QTY','asdasd','2018-03-24 11:34:18','5CF9DDDEE3E0','ST00001','DRINK-00001','-1','1'),
('Reprint Receipt','asdasd','2018-03-26 09:07:25','5CF9DDDEE3E0',NULL,'IN01126',NULL,NULL),
('Cash In','asdasd','2018-04-05 10:52:58','F48C50BA864F','ST00001','63',NULL,NULL),
('Delete Item','asdasd','2018-04-05 10:54:18','F48C50BA864F',NULL,'ACC-00001',NULL,NULL),
('Add Item','asdasd','2018-04-05 11:01:13','F48C50BA864F','ST00001','CL3-SCANER,LED,PROJECTOR-00001',NULL,NULL),
('Add Item','asdasd','2018-04-05 11:01:21','F48C50BA864F','ST00001','DRINK-00001',NULL,NULL),
('Add Item','asdasd','2018-04-05 11:01:22','F48C50BA864F','ST00001','DRINK-00002',NULL,NULL),
('Delete Item','asdasd','2018-04-18 08:54:45','5CF9DDDEE3E0','ST00001','DRINK-00001',NULL,NULL),
('Delete Item','asdasd','2018-04-18 08:54:45','5CF9DDDEE3E0','ST00001','CL3-SCANER,LED,PROJECTOR-00001',NULL,NULL),
('Delete Item','asdasd','2018-04-18 08:54:45','5CF9DDDEE3E0','ST00001','DRINK-00001',NULL,NULL),
('Delete Item','asdasd','2018-04-18 08:54:45','5CF9DDDEE3E0','ST00001','DRINK-00002',NULL,NULL),
('Change Price','asdasd','2018-04-18 10:32:21','5CF9DDDEE3E0',NULL,'01-00002','0','10'),
('Change QTY','asdasd','2018-04-18 10:36:57','5CF9DDDEE3E0',NULL,'01-00002','1','2'),
('Change QTY','asdasd','2018-04-18 10:36:57','5CF9DDDEE3E0',NULL,'01-00002','2','3'),
('Change QTY','asdasd','2018-04-18 10:36:57','5CF9DDDEE3E0',NULL,'01-00002','3','4'),
('Change QTY','asdasd','2018-04-18 10:36:57','5CF9DDDEE3E0',NULL,'01-00002','4','5'),
('Change QTY','asdasd','2018-04-18 10:36:57','5CF9DDDEE3E0',NULL,'01-00002','5','6'),
('Change QTY','asdasd','2018-04-18 10:36:57','5CF9DDDEE3E0',NULL,'01-00002','6','7'),
('Change QTY','asdasd','2018-04-18 10:36:57','5CF9DDDEE3E0',NULL,'01-00002','7','8'),
('Change QTY','asdasd','2018-04-18 10:36:58','5CF9DDDEE3E0',NULL,'01-00002','8','9'),
('Change QTY','asdasd','2018-04-18 10:36:58','5CF9DDDEE3E0',NULL,'01-00002','9','10'),
('Change QTY','asdasd','2018-04-18 10:36:59','5CF9DDDEE3E0',NULL,'01-00002','10','9'),
('Change QTY','asdasd','2018-04-18 10:37:00','5CF9DDDEE3E0',NULL,'01-00002','9','8'),
('Change QTY','asdasd','2018-04-18 10:37:00','5CF9DDDEE3E0',NULL,'01-00002','8','7'),
('Change QTY','asdasd','2018-04-18 10:37:00','5CF9DDDEE3E0',NULL,'01-00002','7','6'),
('Change QTY','asdasd','2018-04-18 10:37:00','5CF9DDDEE3E0',NULL,'01-00002','6','5'),
('Change QTY','asdasd','2018-04-18 10:37:02','5CF9DDDEE3E0',NULL,'01-00002','5','6'),
('Change QTY','asdasd','2018-04-18 10:37:02','5CF9DDDEE3E0',NULL,'01-00002','6','7'),
('Change QTY','asdasd','2018-04-18 10:37:03','5CF9DDDEE3E0',NULL,'01-00002','7','8'),
('Change QTY','asdasd','2018-04-18 10:37:03','5CF9DDDEE3E0',NULL,'01-00002','8','9'),
('Change QTY','asdasd','2018-04-18 10:37:03','5CF9DDDEE3E0',NULL,'01-00002','9','10'),
('Delete Item','asdasd','2018-04-18 10:37:06','5CF9DDDEE3E0',NULL,'01-00002',NULL,NULL),
('Delete Item','asdasd','2018-04-18 10:41:10','5CF9DDDEE3E0',NULL,'01-00002',NULL,NULL),
('Change QTY','asdasd','2018-04-18 10:42:29','5CF9DDDEE3E0',NULL,'DRINK-00001','1','2'),
('Change QTY','asdasd','2018-04-18 10:42:29','5CF9DDDEE3E0',NULL,'DRINK-00001','2','3'),
('Change QTY','asdasd','2018-04-18 10:42:29','5CF9DDDEE3E0',NULL,'DRINK-00001','3','4'),
('Change QTY','asdasd','2018-04-18 10:42:29','5CF9DDDEE3E0',NULL,'DRINK-00001','4','5'),
('Change QTY','asdasd','2018-04-18 10:42:29','5CF9DDDEE3E0',NULL,'DRINK-00001','5','6'),
('Change QTY','asdasd','2018-04-18 10:42:31','5CF9DDDEE3E0',NULL,'DRINK-00001','6','5'),
('Delete Item','asdasd','2018-04-18 10:46:10','5CF9DDDEE3E0',NULL,'DRINK-00001',NULL,NULL),
('Delete Item','asdasd','2018-04-18 10:52:37','5CF9DDDEE3E0',NULL,'01-00002',NULL,NULL),
('Delete Item','asdasd','2018-04-18 11:20:18','5CF9DDDEE3E0',NULL,'01-00002',NULL,NULL),
('Delete Item','asdasd','2018-04-18 11:20:18','5CF9DDDEE3E0',NULL,'01-00002',NULL,NULL),
('Delete Item','asdasd','2018-04-18 11:20:20','5CF9DDDEE3E0',NULL,'01-00002',NULL,NULL),
('Delete Item','asdasd','2018-04-18 11:20:20','5CF9DDDEE3E0',NULL,'01-00002',NULL,NULL),
('Delete Item','asdasd','2018-04-18 11:20:21','5CF9DDDEE3E0',NULL,'01-00002',NULL,NULL),
('Delete Item','asdasd','2018-04-18 11:20:22','5CF9DDDEE3E0',NULL,'01-00002',NULL,NULL),
('Delete Item','asdasd','2018-04-18 11:20:22','5CF9DDDEE3E0',NULL,'01-00002',NULL,NULL),
('Delete Item','asdasd','2018-04-18 11:20:22','5CF9DDDEE3E0',NULL,'01-00002',NULL,NULL),
('Delete Item','asdasd','2018-04-18 11:20:23','5CF9DDDEE3E0',NULL,'01-00002',NULL,NULL),
('Delete Item','asdasd','2018-04-18 11:20:23','5CF9DDDEE3E0',NULL,'01-00002',NULL,NULL),
('Delete Item','asdasd','2018-04-18 11:20:24','5CF9DDDEE3E0',NULL,'01-00002',NULL,NULL),
('Delete Item','asdasd','2018-04-18 11:20:24','5CF9DDDEE3E0',NULL,'01-00002',NULL,NULL),
('Delete Item','asdasd','2018-04-18 11:20:25','5CF9DDDEE3E0',NULL,'01-00002',NULL,NULL),
('Delete Item','asdasd','2018-04-18 11:20:27','5CF9DDDEE3E0',NULL,'01-00002',NULL,NULL),
('Delete Item','asdasd','2018-04-18 11:20:27','5CF9DDDEE3E0',NULL,'01-00002',NULL,NULL),
('Delete Item','asdasd','2018-04-18 11:20:27','5CF9DDDEE3E0',NULL,'01-00002',NULL,NULL),
('Delete Item','asdasd','2018-04-18 11:20:27','5CF9DDDEE3E0',NULL,'01-00002',NULL,NULL),
('Delete Item','asdasd','2018-04-18 11:20:27','5CF9DDDEE3E0',NULL,'01-00002',NULL,NULL),
('Add Item','asdasd','2018-04-18 11:43:49','5CF9DDDEE3E0','ST00001','CL3-SCANER,LED,PROJECTOR-00001',NULL,NULL),
('Change Price','asdasd','2018-04-18 13:29:52','5CF9DDDEE3E0','ST00001','CL3-SCANER,LED,PROJECTOR-00001','0','5'),
('Change Tax STax','asdasd','2018-04-18 13:30:02','5CF9DDDEE3E0','ST00001','CL3-SCANER,LED,PROJECTOR-00001','0','0.5'),
('Reprint Receipt','asdasd','2018-04-18 16:33:09','5CF9DDDEE3E0',NULL,'IN01120',NULL,NULL),
('Print Bill','asdasd','2018-04-18 16:33:51','5CF9DDDEE3E0','ST00001','1',NULL,NULL),
('Reprint Receipt','asdasd','2018-04-18 16:35:53','5CF9DDDEE3E0','ST00001','IN01120',NULL,NULL),
('Print Bill','asdasd','2018-04-18 16:37:50','5CF9DDDEE3E0','ST00001','1',NULL,NULL),
('Print Bill','asdasd','2018-04-18 16:38:28','5CF9DDDEE3E0','ST00001','1',NULL,NULL),
('Print Bill','asdasd','2018-04-18 16:39:27','5CF9DDDEE3E0','ST00001','1',NULL,NULL),
('Print Bill','asdasd','2018-04-18 16:41:02','5CF9DDDEE3E0','ST00001','1',NULL,NULL),
('Reprint Receipt','asdasd','2018-04-18 16:43:06','5CF9DDDEE3E0','ST00001','IN01120',NULL,NULL),
('Print Receipt','asdasd','2018-04-18 16:45:29','5CF9DDDEE3E0','ST00001','BB-CI-00025',NULL,NULL),
('Reprint Receipt','asdasd','2018-04-18 16:46:03','5CF9DDDEE3E0',NULL,'BB-CI-00025',NULL,NULL),
('Reprint Receipt','asdasd','2018-04-18 16:46:36','5CF9DDDEE3E0',NULL,'BB-CI-00025',NULL,NULL),
('Reprint Receipt','asdasd','2018-04-18 16:47:02','5CF9DDDEE3E0',NULL,'BB-CI-00025',NULL,NULL),
('Reprint Receipt','asdasd','2018-04-18 16:49:13','5CF9DDDEE3E0',NULL,'BB-CI-00025',NULL,NULL),
('Add Item','asdasd','2018-04-18 16:49:20','5CF9DDDEE3E0','ST00001','CL3-SCANER,LED,PROJECTOR-00001',NULL,NULL),
('Print Bill','asdasd','2018-04-18 16:49:30','5CF9DDDEE3E0','ST00001','1',NULL,NULL),
('Print Bill','asdasd','2018-04-18 16:50:37','5CF9DDDEE3E0','ST00001','1',NULL,NULL),
('Change QTY','asdasd','2018-04-20 10:00:59','5CF9DDDEE3E0','ST00001','CL3-SCANER,LED,PROJECTOR-00001','1','-1'),
('Delete Item','asdasd','2018-04-21 08:45:47','5CF9DDDEE3E0',NULL,'01-00002',NULL,NULL),
('Delete Item','asdasd','2018-04-21 08:46:02','5CF9DDDEE3E0',NULL,'01-00002',NULL,NULL),
('Change QTY','asdasd','2018-04-21 09:14:58','5CF9DDDEE3E0',NULL,'01-00002','1','2'),
('Change QTY','asdasd','2018-04-21 09:14:58','5CF9DDDEE3E0',NULL,'01-00002','2','3'),
('Change QTY','asdasd','2018-04-21 09:14:58','5CF9DDDEE3E0',NULL,'01-00002','3','4'),
('Change QTY','asdasd','2018-04-21 09:14:59','5CF9DDDEE3E0',NULL,'01-00002','4','5'),
('Change QTY','asdasd','2018-04-21 09:14:59','5CF9DDDEE3E0',NULL,'01-00002','5','6'),
('Change QTY','asdasd','2018-04-21 09:14:59','5CF9DDDEE3E0',NULL,'01-00002','6','7'),
('Change QTY','asdasd','2018-04-21 09:14:59','5CF9DDDEE3E0',NULL,'01-00002','7','8'),
('Change QTY','asdasd','2018-04-21 09:14:59','5CF9DDDEE3E0',NULL,'01-00002','8','9'),
('Change QTY','asdasd','2018-04-21 09:14:59','5CF9DDDEE3E0',NULL,'01-00002','9','10'),
('Change QTY','asdasd','2018-04-21 09:15:42','5CF9DDDEE3E0',NULL,'01-00002','10','9'),
('Change QTY','asdasd','2018-04-21 09:15:42','5CF9DDDEE3E0',NULL,'01-00002','9','8'),
('Change QTY','asdasd','2018-04-21 09:15:42','5CF9DDDEE3E0',NULL,'01-00002','8','7'),
('Change QTY','asdasd','2018-04-21 09:15:42','5CF9DDDEE3E0',NULL,'01-00002','7','6'),
('Change QTY','asdasd','2018-04-21 09:15:42','5CF9DDDEE3E0',NULL,'01-00002','6','5'),
('Change QTY','asdasd','2018-04-21 09:15:42','5CF9DDDEE3E0',NULL,'01-00002','5','4'),
('Change QTY','asdasd','2018-04-21 09:15:43','5CF9DDDEE3E0',NULL,'01-00002','4','3'),
('Change QTY','asdasd','2018-04-21 09:15:43','5CF9DDDEE3E0',NULL,'01-00002','3','2'),
('Change QTY','asdasd','2018-04-21 09:15:43','5CF9DDDEE3E0',NULL,'01-00002','2','1'),
('Delete Item','asdasd','2018-04-21 09:15:45','5CF9DDDEE3E0',NULL,'01-00002',NULL,NULL),
('Change QTY','asdasd','2018-04-21 13:30:51','5CF9DDDEE3E0',NULL,'01-00002','1','2'),
('Change QTY','asdasd','2018-04-21 13:30:51','5CF9DDDEE3E0',NULL,'01-00002','2','3'),
('Change QTY','asdasd','2018-04-21 13:30:51','5CF9DDDEE3E0',NULL,'01-00002','3','4'),
('Change QTY','asdasd','2018-04-21 13:30:51','5CF9DDDEE3E0',NULL,'01-00002','4','5'),
('Change QTY','asdasd','2018-04-21 13:30:52','5CF9DDDEE3E0',NULL,'01-00002','5','6'),
('Change QTY','asdasd','2018-04-21 13:30:52','5CF9DDDEE3E0',NULL,'01-00002','6','7'),
('Change QTY','asdasd','2018-04-21 13:30:52','5CF9DDDEE3E0',NULL,'01-00002','7','8'),
('Change QTY','asdasd','2018-04-21 13:30:52','5CF9DDDEE3E0',NULL,'01-00002','8','9'),
('Change QTY','asdasd','2018-04-21 13:30:52','5CF9DDDEE3E0',NULL,'01-00002','9','10'),
('Open Cash Drawer','asdasd','2018-04-24 12:12:56','5CF9DDDEE3E0',NULL,NULL,NULL,NULL),
('Add Item','asdasd','2018-04-24 12:28:22','5CF9DDDEE3E0','ST00090','CL3-SCANER,LED,PROJECTOR-00001',NULL,NULL),
('Change Price','asdasd','2018-05-08 10:13:25','5CF9DDDEE3E0',NULL,'ACC-00001','0','5'),
('Change Price','asdasd','2018-05-08 10:13:31','5CF9DDDEE3E0',NULL,'CL2-Computer-00001','0','4'),
('Print Receipt','asdasd','2018-05-08 10:14:00','5CF9DDDEE3E0',NULL,'BB-CI-00026',NULL,NULL),
('Change QTY','asdasd','2018-05-08 10:21:57','5CF9DDDEE3E0',NULL,'01-00002','1','2'),
('Change Price','asdasd','2018-05-08 10:22:02','5CF9DDDEE3E0',NULL,'01-00002','0','100'),
('Print Receipt','asdasd','2018-05-08 10:22:11','5CF9DDDEE3E0',NULL,'BB-CI-00027',NULL,NULL),
('Change Price','asdasd','2018-05-08 10:28:33','5CF9DDDEE3E0',NULL,'01-00002','0','3'),
('Change Price','asdasd','2018-05-08 10:28:36','5CF9DDDEE3E0',NULL,'ACC-00006','0','4'),
('Print Receipt','asdasd','2018-05-08 10:28:41','5CF9DDDEE3E0',NULL,'BB-CI-00028',NULL,NULL),
('Change Price','asdasd','2018-05-08 16:27:06','5CF9DDDEE3E0',NULL,'01-00002','0','5'),
('Print Receipt','asdasd','2018-05-08 16:27:40','5CF9DDDEE3E0',NULL,'BB-CI-00029',NULL,NULL),
('Change Price','asdasd','2018-05-08 16:29:13','5CF9DDDEE3E0',NULL,'01-00002','0','6'),
('Print Receipt','asdasd','2018-05-08 16:29:17','5CF9DDDEE3E0',NULL,'BB-CI-00030',NULL,NULL),
('Change QTY','asdasd','2018-05-09 09:15:35','5CF9DDDEE3E0','ST00003','DRINK-00005','1','2'),
('Delete Item','asdasd','2018-05-09 09:30:38','5CF9DDDEE3E0','ST00003','DRINK-00005',NULL,NULL),
('Reprint Receipt','asdasd','2018-05-16 14:02:09','5CF9DDDEE3E0',NULL,'BB-CI-00026',NULL,NULL),
('Reprint Receipt','asdasd','2018-05-16 14:31:53','5CF9DDDEE3E0',NULL,'BB-CI-00026',NULL,NULL),
('Reprint Receipt','asdasd','2018-05-16 14:32:01','5CF9DDDEE3E0',NULL,'BB-CI-00026',NULL,NULL),
('Reprint Receipt','asdasd','2018-05-16 14:33:45','5CF9DDDEE3E0',NULL,'BB-CI-00026',NULL,NULL),
('Reprint Receipt','asdasd','2018-05-16 14:34:22','5CF9DDDEE3E0',NULL,'BB-CI-00026',NULL,NULL),
('Reprint Receipt','asdasd','2018-05-16 14:36:57','5CF9DDDEE3E0',NULL,'BB-CI-00026',NULL,NULL),
('Print Bill','asdasd','2018-05-16 14:50:31','5CF9DDDEE3E0','ST00004','1',NULL,NULL),
('Print Bill','asdasd','2018-05-16 14:51:00','5CF9DDDEE3E0','ST00004','1',NULL,NULL),
('Print Bill','asdasd','2018-05-16 14:51:25','5CF9DDDEE3E0','ST00004','1',NULL,NULL),
('Print Bill','asdasd','2018-05-16 14:53:14','5CF9DDDEE3E0','ST00004','1',NULL,NULL),
('Print Bill','asdasd','2018-05-16 14:54:19','5CF9DDDEE3E0','ST00004','1',NULL,NULL),
('Print Bill','asdasd','2018-05-16 14:54:37','5CF9DDDEE3E0','ST00004','1',NULL,NULL),
('Print Bill','asdasd','2018-05-16 14:59:32','5CF9DDDEE3E0','ST00004','1',NULL,NULL),
('Print Bill','asdasd','2018-05-16 15:03:06','5CF9DDDEE3E0','ST00004','1',NULL,NULL),
('Print Bill','asdasd','2018-05-16 15:05:54','5CF9DDDEE3E0','ST00004','1',NULL,NULL),
('Print Bill','asdasd','2018-05-16 15:08:26','5CF9DDDEE3E0','ST00004','1',NULL,NULL),
('Print Bill','asdasd','2018-05-16 15:24:17','5CF9DDDEE3E0','ST00004','1',NULL,NULL),
('Print Bill','asdasd','2018-05-16 15:46:50','5CF9DDDEE3E0','ST00004','1',NULL,NULL),
('Print Bill','asdasd','2018-05-16 15:47:27','5CF9DDDEE3E0','ST00004','1',NULL,NULL),
('Print Bill','asdasd','2018-05-16 15:48:00','5CF9DDDEE3E0','ST00004','1',NULL,NULL),
('Cash In','pos','2018-05-30 11:56:56','D0A7FE32','ST00001','64',NULL,NULL),
('Change Price','pos','2018-05-30 12:01:02','D0A7FE32','ST00004','DRINK-00005','7','10'),
('Delete Item','pos','2018-05-30 12:01:10','D0A7FE32','ST00004','DRINK-00005',NULL,NULL),
('Change Tax VAT','pos','2018-05-30 12:01:21','D0A7FE32','ST00004','DRINK-00005','0','1'),
('Change Price','pos','2018-05-30 12:02:03','D0A7FE32','ST00004','DRINK-00005','10','9.090909'),
('Add Item','asdasd','2018-06-15 09:32:39','D0A7FE32','ST00002','ACC-00001',NULL,NULL),
('Delete Item','pos','2018-06-16 10:39:56','D0A7FE32','ST00002','ACC-00001',NULL,NULL),
('Change QTY','admin','2018-07-05 14:23:59','D0A7FE32',NULL,'P00001','1','2'),
('Change QTY','Chea Sophorn','2018-07-05 14:24:42','D0A7FE32',NULL,'P00001','1','2'),
('Change QTY','Chea Sophorn','2018-07-05 14:24:42','D0A7FE32',NULL,'P00001','2','3'),
('Change QTY','Chea Sophorn','2018-07-05 14:24:42','D0A7FE32',NULL,'P00001','3','4'),
('Change QTY','Chea Sophorn','2018-07-05 14:24:42','D0A7FE32',NULL,'P00001','4','5'),
('Change QTY','Chea Sophorn','2018-07-05 14:24:42','D0A7FE32',NULL,'P00001','5','6'),
('Change QTY','Chea Sophorn','2018-07-05 14:24:43','D0A7FE32',NULL,'P00001','6','5'),
('Delete Item','Chea Sophorn','2018-07-05 14:24:45','D0A7FE32',NULL,'P00001',NULL,NULL),
('Change QTY','Chea Sophorn','2018-07-05 14:37:11','D0A7FE32',NULL,'P00001','1','2'),
('Change QTY','Chea Sophorn','2018-07-05 14:37:11','D0A7FE32',NULL,'P00001','2','3'),
('Change QTY','Chea Sophorn','2018-07-05 14:37:11','D0A7FE32',NULL,'P00001','3','4'),
('Change QTY','Chea Sophorn','2018-07-05 14:37:12','D0A7FE32',NULL,'P00001','4','5'),
('Change QTY','Chea Sophorn','2018-07-05 14:37:12','D0A7FE32',NULL,'P00001','5','6'),
('Delete Item','Chea Sophorn','2018-07-05 14:52:47','D0A7FE32',NULL,'P00001',NULL,NULL),
('Delete Item','Chea Sophorn','2018-07-05 14:52:48','D0A7FE32',NULL,'P00001',NULL,NULL),
('Delete Item','Chea Sophorn','2018-07-05 14:52:49','D0A7FE32',NULL,'P00001',NULL,NULL),
('Delete Item','Chea Sophorn','2018-07-05 15:00:40','D0A7FE32',NULL,'P00011',NULL,NULL),
('Change QTY','Chea Sophorn','2018-07-05 15:22:10','D0A7FE32',NULL,'P00004','1','2'),
('Change QTY','Chea Sophorn','2018-07-05 15:22:10','D0A7FE32',NULL,'P00004','2','3'),
('Change QTY','Chea Sophorn','2018-07-05 15:22:10','D0A7FE32',NULL,'P00004','3','4'),
('Delete Item','Chea Sophorn','2018-07-05 15:22:12','D0A7FE32',NULL,'P00002',NULL,NULL),
('Delete Item','Chea Sophorn','2018-07-05 15:22:13','D0A7FE32',NULL,'P00003',NULL,NULL),
('Delete Item','Chea Sophorn','2018-07-05 15:22:13','D0A7FE32',NULL,'P00004',NULL,NULL),
('Delete Item','Chea Sophorn','2018-07-05 15:22:14','D0A7FE32',NULL,'P00005',NULL,NULL),
('Change Price','Chea Sophorn','2018-07-05 15:22:45','D0A7FE32',NULL,'P00002','0','7'),
('Change QTY','Chea Sophorn','2018-07-05 15:23:17','D0A7FE32',NULL,'P00002','1','5'),
('Change QTY','Chea Sophorn','2018-07-05 15:23:49','D0A7FE32',NULL,'P00002','1','-1'),
('Change QTY','Chea Sophorn','2018-07-05 15:23:52','D0A7FE32',NULL,'P00002','-1','1'),
('Change QTY','Chea Sophorn','2018-07-05 15:23:52','D0A7FE32',NULL,'P00002','1','-1'),
('Change QTY','Chea Sophorn','2018-07-05 15:23:52','D0A7FE32',NULL,'P00002','-1','1'),
('Change QTY','Chea Sophorn','2018-07-05 15:23:53','D0A7FE32',NULL,'P00002','1','-1'),
('Change QTY','Chea Sophorn','2018-07-05 15:23:53','D0A7FE32',NULL,'P00002','-1','1'),
('Change QTY','Chea Sophorn','2018-07-05 15:23:53','D0A7FE32',NULL,'P00002','1','-1'),
('Change Price','Chea Sophorn','2018-07-05 15:24:07','D0A7FE32',NULL,'P00002','0','5'),
('Change QTY','Chea Sophorn','2018-07-05 15:24:10','D0A7FE32',NULL,'P00002','-1','1'),
('Delete Item','Chea Sophorn','2018-07-05 15:31:08','D0A7FE32',NULL,'P00002',NULL,NULL),
('Change Price','Chea Sophorn','2018-07-05 15:34:47','D0A7FE32',NULL,'P00002','0','8'),
('Delete Item','Chea Sophorn','2018-07-05 15:35:27','D0A7FE32',NULL,'P00002',NULL,NULL),
('Delete Item','Chea Sophorn','2018-07-05 17:44:01','D0A7FE32',NULL,'P00002',NULL,NULL),
('Delete Item','Chea Sophorn','2018-07-05 17:44:01','D0A7FE32',NULL,'P00003',NULL,NULL),
('Change QTY','Chea Sophorn','2018-07-05 18:58:23','D0A7FE32',NULL,'P00011','1','2'),
('Change QTY','Chea Sophorn','2018-07-05 18:58:23','D0A7FE32',NULL,'P00011','2','3'),
('Change QTY','Chea Sophorn','2018-07-05 18:58:23','D0A7FE32',NULL,'P00011','3','4'),
('Change QTY','Chea Sophorn','2018-07-05 18:58:23','D0A7FE32',NULL,'P00011','4','5'),
('Change QTY','Chea Sophorn','2018-07-05 18:58:23','D0A7FE32',NULL,'P00011','5','6'),
('Change QTY','Chea Sophorn','2018-07-05 18:58:24','D0A7FE32',NULL,'P00011','6','7'),
('Change QTY','Chea Sophorn','2018-07-05 18:58:27','D0A7FE32',NULL,'P00011','7','8'),
('Change QTY','Chea Sophorn','2018-07-05 18:58:27','D0A7FE32',NULL,'P00011','8','9'),
('Change QTY','Chea Sophorn','2018-07-05 18:58:27','D0A7FE32',NULL,'P00011','9','10'),
('Change QTY','Chea Sophorn','2018-07-05 18:58:28','D0A7FE32',NULL,'P00011','10','11'),
('Change QTY','Chea Sophorn','2018-07-05 18:58:29','D0A7FE32',NULL,'P00011','11','10'),
('Delete Item','Chea Sophorn','2018-07-05 18:58:32','D0A7FE32',NULL,'P00011',NULL,NULL),
('Change Discount','Chea Sophorn','2018-07-06 10:35:33','D0A7FE32',NULL,'P00011','1.18','1'),
('Change Discount','Chea Sophorn','2018-07-06 10:35:33','D0A7FE32',NULL,'P00012','0.71','0.6'),
('Change Discount','Chea Sophorn','2018-07-06 10:35:33','D0A7FE32',NULL,'P00012','0.11','0.1'),
('Delete Item','Chea Sophorn','2018-07-06 10:56:07','D0A7FE32',NULL,'P00012',NULL,NULL),
('Delete Item','Chea Sophorn','2018-07-06 10:56:07','D0A7FE32',NULL,'P00012',NULL,NULL),
('Delete Item','Chea Sophorn','2018-07-06 10:56:08','D0A7FE32',NULL,'P00011',NULL,NULL),
('Delete Item','Chea Sophorn','2018-07-06 10:57:38','D0A7FE32',NULL,'P00012',NULL,NULL),
('Delete Item','Chea Sophorn','2018-07-06 10:57:39','D0A7FE32',NULL,'P00012',NULL,NULL),
('Delete Item','Chea Sophorn','2018-07-06 10:57:40','D0A7FE32',NULL,'P00011',NULL,NULL),
('Delete Item','Chea Sophorn','2018-07-06 10:59:41','D0A7FE32',NULL,'P00012',NULL,NULL),
('Delete Item','Chea Sophorn','2018-07-06 10:59:42','D0A7FE32',NULL,'P00011',NULL,NULL),
('Print Receipt','Chea Sophorn','2018-07-06 14:19:47','D0A7FE32',NULL,'IN00007',NULL,NULL),
('Print Receipt','Chea Sophorn','2018-07-06 14:30:03','D0A7FE32',NULL,'IN00009',NULL,NULL),
('Delete Item','Chea Sophorn','2018-07-06 16:13:43','D0A7FE32',NULL,'P00011',NULL,NULL),
('Print Receipt','Chea Sophorn','2018-07-06 16:33:09','D0A7FE32',NULL,'',NULL,NULL),
('Print Receipt','Chea Sophorn','2018-07-06 17:19:15','D0A7FE32',NULL,'',NULL,NULL),
('Print Receipt','Chea Sophorn','2018-07-06 18:01:24','D0A7FE32',NULL,'IN00010',NULL,NULL),
('Delete Item','Chea Sophorn','2018-07-07 11:13:56','D0A7FE32',NULL,'P00002',NULL,NULL),
('Change Discount','Chea Sophorn','2018-07-07 11:33:10','D0A7FE32',NULL,'P00011','0','1'),
('Change Discount','Chea Sophorn','2018-07-07 11:33:10','D0A7FE32',NULL,'P00012','0','0.6'),
('Change Discount','Chea Sophorn','2018-07-07 11:35:30','D0A7FE32',NULL,'P00012','0.6','2'),
('Change Tax VAT','Chea Sophorn','2018-07-07 16:32:45','D0A7FE32',NULL,'P00011','0','1'),
('Change Tax VAT','Chea Sophorn','2018-07-07 16:32:45','D0A7FE32',NULL,'P00012','0','0.6'),
('Change Tax VAT','Chea Sophorn','2018-07-07 16:32:45','D0A7FE32',NULL,'P00012','0','0.1'),
('Change Tax VAT','Chea Sophorn','2018-07-07 17:31:23','D0A7FE32',NULL,'P00011','0','1'),
('Change Tax VAT','Chea Sophorn','2018-07-07 17:31:23','D0A7FE32',NULL,'P00012','0','0.6'),
('Change Tax VAT','Chea Sophorn','2018-07-07 17:31:23','D0A7FE32',NULL,'P00012','0','0.1'),
('Print Receipt','Chea Sophorn','2018-07-07 17:31:55','D0A7FE32',NULL,'IN00011',NULL,NULL),
('Change Tax VAT','Chea Sophorn','2018-07-07 17:38:24','D0A7FE32',NULL,'P00011','0','1'),
('Change Tax VAT','Chea Sophorn','2018-07-07 17:38:24','D0A7FE32',NULL,'P00012','0','0.6'),
('Change Tax VAT','Chea Sophorn','2018-07-07 17:38:24','D0A7FE32',NULL,'P00012','0','0.1'),
('Print Receipt','Chea Sophorn','2018-07-07 17:39:11','D0A7FE32',NULL,'IN00012',NULL,NULL),
('Change Tax VAT','Chea Sophorn','2018-07-07 17:42:27','D0A7FE32',NULL,'P00011','0','1'),
('Change Tax VAT','Chea Sophorn','2018-07-07 17:42:27','D0A7FE32',NULL,'P00012','0','0.6'),
('Change Tax VAT','Chea Sophorn','2018-07-07 17:42:27','D0A7FE32',NULL,'P00012','0','0.1'),
('Print Receipt','Chea Sophorn','2018-07-07 17:43:06','D0A7FE32',NULL,'IN00013',NULL,NULL),
('Print Receipt','Chea Sophorn','2018-07-07 17:56:38','D0A7FE32',NULL,'IN00014',NULL,NULL),
('Open Cash Drawer','Chea Sophorn','2018-07-07 18:10:13','D0A7FE32',NULL,NULL,NULL,NULL),
('Reprint Receipt','Chea Sophorn','2018-07-08 11:11:16','D0A7FE32',NULL,'IN00014',NULL,NULL),
('Reprint Receipt','Chea Sophorn','2018-07-08 12:03:53','D0A7FE32',NULL,'IN00014',NULL,NULL),
('Reprint Receipt','Chea Sophorn','2018-07-08 12:05:01','D0A7FE32',NULL,'IN00014',NULL,NULL),
('Reprint Receipt','Chea Sophorn','2018-07-08 12:06:43','D0A7FE32',NULL,'IN00014',NULL,NULL),
('Reprint Receipt','Chea Sophorn','2018-07-08 12:08:15','D0A7FE32',NULL,'IN00014',NULL,NULL),
('Reprint Receipt','Chea Sophorn','2018-07-08 12:08:58','D0A7FE32',NULL,'IN00014',NULL,NULL),
('Reprint Receipt','Chea Sophorn','2018-07-08 13:12:33','D0A7FE32',NULL,'IN00014',NULL,NULL),
('Reprint Receipt','Chea Sophorn','2018-07-08 13:13:51','D0A7FE32',NULL,'IN00014',NULL,NULL),
('Reprint Receipt','Chea Sophorn','2018-07-08 13:16:19','D0A7FE32',NULL,'IN00014',NULL,NULL),
('Reprint Receipt','Chea Sophorn','2018-07-08 13:19:47','D0A7FE32',NULL,'IN00014',NULL,NULL),
('Reprint Receipt','Chea Sophorn','2018-07-08 13:23:42','D0A7FE32',NULL,'IN00014',NULL,NULL),
('Reprint Receipt','Chea Sophorn','2018-07-08 13:25:21','D0A7FE32',NULL,'IN00014',NULL,NULL),
('Reprint Receipt','Chea Sophorn','2018-07-08 13:25:35','D0A7FE32',NULL,'IN00013',NULL,NULL),
('Reprint Receipt','Chea Sophorn','2018-07-08 13:32:55','D0A7FE32',NULL,'IN00014',NULL,NULL),
('Reprint Receipt','Chea Sophorn','2018-07-08 13:36:09','D0A7FE32',NULL,'IN00014',NULL,NULL),
('Reprint Receipt','Chea Sophorn','2018-07-08 13:36:30','D0A7FE32',NULL,'IN00014',NULL,NULL),
('Reprint Receipt','Chea Sophorn','2018-07-08 13:39:35','D0A7FE32',NULL,'IN00014',NULL,NULL),
('Reprint Receipt','Chea Sophorn','2018-07-08 13:44:15','D0A7FE32',NULL,'IN00014',NULL,NULL),
('Change Exchange Rate','Chea Sophorn','2018-07-08 14:27:13','D0A7FE32',NULL,NULL,'4167','4100'),
('Change Exchange Rate','Chea Sophorn','2018-07-08 14:31:11','D0A7FE32',NULL,NULL,'4100','4000'),
('Change Discount','Chea Sophorn','2018-07-08 14:31:32','D0A7FE32',NULL,'P00011','0','1'),
('Change Discount','Chea Sophorn','2018-07-08 14:32:23','D0A7FE32',NULL,'P00011','0','1'),
('Print Receipt','Chea Sophorn','2018-07-08 14:32:31','D0A7FE32',NULL,'IN00016',NULL,NULL),
('Reprint Receipt','Chea Sophorn','2018-07-08 14:32:56','D0A7FE32',NULL,'IN00016',NULL,NULL),
('Reprint Receipt','Chea Sophorn','2018-07-08 14:34:03','D0A7FE32',NULL,'IN00016',NULL,NULL),
('Reprint Receipt','Chea Sophorn','2018-07-08 14:35:17','D0A7FE32',NULL,'IN00016',NULL,NULL),
('Reprint Receipt','Chea Sophorn','2018-07-08 14:36:07','D0A7FE32',NULL,'IN00016',NULL,NULL),
('Reprint Receipt','Chea Sophorn','2018-07-08 14:36:45','D0A7FE32',NULL,'IN00016',NULL,NULL),
('Reprint Receipt','Chea Sophorn','2018-07-08 14:37:25','D0A7FE32',NULL,'IN00016',NULL,NULL),
('Change Exchange Rate','Chea Sophorn','2018-07-08 14:37:32','D0A7FE32',NULL,NULL,'4000','4100'),
('Change Discount','Chea Sophorn','2018-07-08 14:37:41','D0A7FE32',NULL,'P00011','0','1'),
('Print Receipt','Chea Sophorn','2018-07-08 14:38:02','D0A7FE32',NULL,'IN00017',NULL,NULL),
('Reprint Receipt','Chea Sophorn','2018-07-08 14:39:27','D0A7FE32',NULL,'IN00017',NULL,NULL),
('Reprint Receipt','Chea Sophorn','2018-07-08 14:39:33','D0A7FE32',NULL,'IN00016',NULL,NULL),
('Reprint Receipt','Chea Sophorn','2018-07-08 14:39:46','D0A7FE32',NULL,'IN00017',NULL,NULL),
('Reprint Receipt','Chea Sophorn','2018-07-08 14:41:25','D0A7FE32',NULL,'IN00016',NULL,NULL),
('Reprint Receipt','Chea Sophorn','2018-07-08 14:42:01','D0A7FE32',NULL,'IN00017',NULL,NULL),
('Reprint Receipt','Chea Sophorn','2018-07-08 14:43:15','D0A7FE32',NULL,'IN00016',NULL,NULL),
('Reprint Receipt','Chea Sophorn','2018-07-08 14:43:47','D0A7FE32',NULL,'IN00017',NULL,NULL),
('Reprint Receipt','Chea Sophorn','2018-07-08 14:44:21','D0A7FE32',NULL,'IN00017',NULL,NULL),
('Change Discount','Chea Sophorn','2018-07-08 14:44:32','D0A7FE32',NULL,'P00011','0','1'),
('Change Discount','Chea Sophorn','2018-07-08 14:46:31','D0A7FE32',NULL,'P00011','0','1'),
('Change Discount','Chea Sophorn','2018-07-08 14:48:03','D0A7FE32',NULL,'P00011','0','1'),
('Print Receipt','Chea Sophorn','2018-07-08 14:48:15','D0A7FE32',NULL,'IN00018',NULL,NULL),
('Reprint Receipt','Chea Sophorn','2018-07-08 14:50:44','D0A7FE32',NULL,'IN00018',NULL,NULL),
('Reprint Receipt','Chea Sophorn','2018-07-08 14:51:27','D0A7FE32',NULL,'IN00016',NULL,NULL),
('Change Discount','Chea Sophorn','2018-07-08 14:51:41','D0A7FE32',NULL,'P00011','0','1'),
('Reprint Receipt','Chea Sophorn','2018-07-08 14:52:11','D0A7FE32',NULL,'IN00016',NULL,NULL),
('Reprint Receipt','Chea Sophorn','2018-07-08 14:52:17','D0A7FE32',NULL,'IN00017',NULL,NULL),
('Delete Item','Chea Sophorn','2018-07-08 15:30:36','D0A7FE32',NULL,'P00011',NULL,NULL),
('Cash Out','Chea Sophorn','2018-07-09 15:24:29','D0A7FE32',NULL,'64',NULL,NULL),
('Delete Item','Chea Sophorn','2018-07-09 16:56:10','D0A7FE32',NULL,'P00011',NULL,NULL),
('Delete Item','Chea Sophorn','2018-07-09 17:03:46','D0A7FE32',NULL,'P00002',NULL,NULL),
('Delete Item','Chea Sophorn','2018-07-09 17:03:46','D0A7FE32',NULL,'P00003',NULL,NULL),
('Cash Out','Chea Sophorn','2018-07-10 09:22:00','D0A7FE32',NULL,'63',NULL,NULL),
('Cash Out','Chea Sophorn','2018-07-10 09:38:03','D0A7FE32',NULL,'62',NULL,NULL),
('Cash Out','Chea Sophorn','2018-07-10 09:38:16','D0A7FE32',NULL,'61',NULL,NULL),
('Cash Out','Chea Sophorn','2018-07-10 09:38:25','D0A7FE32',NULL,'60',NULL,NULL),
('Print Receipt','Chea Sophorn','2018-07-10 09:42:06','D0A7FE32',NULL,'IN00020',NULL,NULL),
('Cash Out','Chea Sophorn','2018-07-10 09:42:33','D0A7FE32',NULL,'SH00001',NULL,NULL),
('Cash In','Chea Sophorn','2018-07-10 09:44:58','D0A7FE32',NULL,'SH00002',NULL,NULL),
('Print Receipt','Chea Sophorn','2018-07-10 09:45:11','D0A7FE32',NULL,'IN00021',NULL,NULL),
('Cash Out','Chea Sophorn','2018-07-10 09:45:34','D0A7FE32',NULL,'SH00002',NULL,NULL),
('Cash In','Chea Sophorn','2018-07-10 09:47:22','D0A7FE32',NULL,'SH00003',NULL,NULL),
('Print Receipt','Chea Sophorn','2018-07-10 09:47:37','D0A7FE32',NULL,'IN00022',NULL,NULL),
('Cash Out','Chea Sophorn','2018-07-10 09:47:54','D0A7FE32',NULL,'SH00003',NULL,NULL),
('Cash In','Chea Sophorn','2018-07-10 10:03:11','D0A7FE32',NULL,'SH00004',NULL,NULL),
('Print Receipt','Chea Sophorn','2018-07-10 10:10:23','D0A7FE32',NULL,'IN00023',NULL,NULL),
('Cash Edit','Chea Sophorn','2018-07-10 10:35:16','D0A7FE32',NULL,'SH00005',NULL,NULL),
('Void Receipt','Chea Sophorn','2018-07-10 10:53:08','D0A7FE32',NULL,'IN00023',NULL,NULL),
('Delete Item','Chea Sophorn','2018-07-10 11:24:33','D0A7FE32',NULL,'P00011',NULL,NULL),
('Delete Item','Chea Sophorn','2018-07-10 11:24:33','D0A7FE32',NULL,'P00012',NULL,NULL),
('Delete Item','Chea Sophorn','2018-07-10 11:24:34','D0A7FE32',NULL,'P00012',NULL,NULL),
('Change Wifi','Chea Sophorn','2018-07-10 11:40:12','D0A7FE32',NULL,NULL,'111111','theara'),
('Change Exchange Rate','Chea Sophorn','2018-07-10 11:40:20','D0A7FE32',NULL,NULL,'4100','4000'),
('Reprint Receipt','Kheav Chansotheara','2018-07-10 12:51:36','D0A7FE32',NULL,'IN00020',NULL,NULL),
('Reprint Receipt','Kheav Chansotheara','2018-07-10 12:51:55','D0A7FE32',NULL,'IN00020',NULL,NULL),
('Reprint Receipt','Kheav Chansotheara','2018-07-10 12:52:01','D0A7FE32',NULL,'IN00021',NULL,NULL),
('Reprint Receipt','Kheav Chansotheara','2018-07-10 12:55:40','D0A7FE32',NULL,'IN00018',NULL,NULL),
('Print Receipt','Kheav Chansotheara','2018-07-10 13:00:19','D0A7FE32',NULL,'IN00024',NULL,NULL),
('Reprint Receipt','Kheav Chansotheara','2018-07-10 13:01:53','D0A7FE32',NULL,'IN00024',NULL,NULL),
('Reprint Receipt','Kheav Chansotheara','2018-07-10 13:02:07','D0A7FE32',NULL,'IN00023',NULL,NULL),
('Reprint Receipt','Kheav Chansotheara','2018-07-10 13:02:46','D0A7FE32',NULL,'IN00024',NULL,NULL),
('Reprint Receipt','Kheav Chansotheara','2018-07-10 13:04:23','D0A7FE32',NULL,'IN00024',NULL,NULL),
('Print Receipt','Kheav Chansotheara','2018-07-10 13:04:36','D0A7FE32',NULL,'IN00025',NULL,NULL),
('Reprint Receipt','Kheav Chansotheara','2018-07-10 13:05:25','D0A7FE32',NULL,'IN00025',NULL,NULL),
('Reprint Receipt','Kheav Chansotheara','2018-07-10 13:05:45','D0A7FE32',NULL,'IN00025',NULL,NULL),
('Reprint Receipt','Kheav Chansotheara','2018-07-10 13:34:13','D0A7FE32',NULL,'IN00020',NULL,NULL),
('Reprint Receipt','Kheav Chansotheara','2018-07-10 13:34:26','D0A7FE32',NULL,'IN00025',NULL,NULL),
('Reprint Receipt','Kheav Chansotheara','2018-07-10 14:06:58','D0A7FE32',NULL,'IN00025',NULL,NULL),
('Cash Edit','Kheav Chansotheara','2018-07-10 14:45:12','D0A7FE32',NULL,'SH00005',NULL,NULL),
('Cash Edit','Kheav Chansotheara','2018-07-10 14:45:21','D0A7FE32',NULL,'SH00005',NULL,NULL),
('Delete Item','Kheav Chansotheara','2018-07-10 15:33:24','D0A7FE32',NULL,'P00001',NULL,NULL),
('Delete Item','Kheav Chansotheara','2018-07-10 15:33:24','D0A7FE32',NULL,'P00017',NULL,NULL),
('Delete Item','Kheav Chansotheara','2018-07-10 15:33:25','D0A7FE32',NULL,'P00019',NULL,NULL),
('Delete Item','Kheav Chansotheara','2018-07-10 15:34:35','D0A7FE32',NULL,'P00017',NULL,NULL),
('Delete Item','Kheav Chansotheara','2018-07-10 15:34:36','D0A7FE32',NULL,'P00019',NULL,NULL),
('Delete Item','Kheav Chansotheara','2018-07-10 15:36:20','D0A7FE32',NULL,'P00019',NULL,NULL),
('Delete Item','Kheav Chansotheara','2018-07-10 15:36:22','D0A7FE32',NULL,'P00020',NULL,NULL),
('Print Receipt','Kheav Chansotheara','2018-07-10 15:37:56','D0A7FE32',NULL,'IN00026',NULL,NULL),
('Change QTY','Kheav Chansotheara','2018-07-10 15:38:41','D0A7FE32',NULL,'P00017','1','-1'),
('Change QTY','Kheav Chansotheara','2018-07-10 15:38:42','D0A7FE32',NULL,'P00017','-1','1'),
('Delete Item','Kheav Chansotheara','2018-07-10 15:39:04','D0A7FE32',NULL,'P00011',NULL,NULL),
('Delete Item','Kheav Chansotheara','2018-07-10 15:39:05','D0A7FE32',NULL,'P00012',NULL,NULL),
('Delete Item','Kheav Chansotheara','2018-07-10 15:39:06','D0A7FE32',NULL,'P00012',NULL,NULL),
('Change QTY','Kheav Chansotheara','2018-07-10 15:43:52','D0A7FE32',NULL,'P00019','-1','1'),
('Change Price','Kheav Chansotheara','2018-07-10 15:43:59','D0A7FE32',NULL,'P00019','0','10'),
('Print Receipt','Kheav Chansotheara','2018-07-10 15:44:01','D0A7FE32',NULL,'IN00027',NULL,NULL),
('Reprint Receipt','Kheav Chansotheara','2018-07-10 16:13:41','D0A7FE32',NULL,'IN00027',NULL,NULL),
('Reprint Receipt','Kheav Chansotheara','2018-07-10 16:14:05','D0A7FE32',NULL,'IN00026',NULL,NULL),
('Open Cash Drawer','Kheav Chansotheara','2018-07-10 16:20:36','D0A7FE32',NULL,NULL,NULL,NULL),
('Reprint Receipt','Kheav Chansotheara','2018-07-10 16:20:43','D0A7FE32',NULL,'IN00020',NULL,NULL),
('Reprint Receipt','Kheav Chansotheara','2018-07-10 16:21:04','D0A7FE32',NULL,'IN00020',NULL,NULL),
('Reprint Receipt','Kheav Chansotheara','2018-07-10 16:21:35','D0A7FE32',NULL,'IN00020',NULL,NULL),
('Reprint Receipt','Kheav Chansotheara','2018-07-10 16:21:42','D0A7FE32',NULL,'IN00021',NULL,NULL),
('Reprint Receipt','Kheav Chansotheara','2018-07-10 16:21:50','D0A7FE32',NULL,'IN00026',NULL,NULL),
('Print Receipt','Kheav Chansotheara','2018-07-10 16:22:20','D0A7FE32',NULL,'IN00028',NULL,NULL),
('Reprint Receipt','Kheav Chansotheara','2018-07-10 16:25:22','D0A7FE32',NULL,'IN00028',NULL,NULL),
('Reprint Receipt','Kheav Chansotheara','2018-07-10 16:26:36','D0A7FE32',NULL,'IN00028',NULL,NULL),
('Reprint Receipt','Kheav Chansotheara','2018-07-10 16:27:23','D0A7FE32',NULL,'IN00028',NULL,NULL),
('Reprint Receipt','Kheav Chansotheara','2018-07-10 16:41:07','D0A7FE32',NULL,'IN00028',NULL,NULL),
('Reprint Receipt','Kheav Chansotheara','2018-07-10 16:41:27','D0A7FE32',NULL,'IN00028',NULL,NULL),
('Reprint Receipt','Kheav Chansotheara','2018-07-10 16:42:19','D0A7FE32',NULL,'IN00028',NULL,NULL),
('Reprint Receipt','Kheav Chansotheara','2018-07-10 16:43:47','D0A7FE32',NULL,'IN00028',NULL,NULL),
('Reprint Receipt','Kheav Chansotheara','2018-07-10 17:08:01','D0A7FE32',NULL,'IN00028',NULL,NULL),
('Reprint Receipt','Kheav Chansotheara','2018-07-10 17:08:38','D0A7FE32',NULL,'IN00028',NULL,NULL),
('Delete Item','Kheav Chansotheara','2018-07-10 17:47:52','D0A7FE32',NULL,'P00012',NULL,NULL),
('Delete Item','Kheav Chansotheara','2018-07-10 17:47:52','D0A7FE32',NULL,'P00012',NULL,NULL),
('Delete Item','Kheav Chansotheara','2018-07-10 17:47:53','D0A7FE32',NULL,'P00011',NULL,NULL),
('Cash In','Kheav Chansotheara','2018-07-11 13:39:26','8850BC48',NULL,'SH00006',NULL,NULL),
('Print Receipt','Kheav Chansotheara','2018-07-11 13:39:58','8850BC48',NULL,'IN00029',NULL,NULL),
('Delete Item','Kheav Chansotheara','2018-07-13 16:11:06','D0A7FE32',NULL,'P00002',NULL,NULL),
('Print Receipt','Kheav Chansotheara','2018-07-14 08:54:12','D0A7FE32',NULL,'IN00030',NULL,NULL),
('Reprint Receipt','Kheav Chansotheara','2018-07-14 08:55:22','D0A7FE32',NULL,'IN00030',NULL,NULL),
('Reprint Receipt','Kheav Chansotheara','2018-07-14 08:55:27','D0A7FE32',NULL,'IN00030',NULL,NULL),
('Reprint Receipt','Kheav Chansotheara','2018-07-14 08:55:49','D0A7FE32',NULL,'IN00030',NULL,NULL),
('Reprint Receipt','Kheav Chansotheara','2018-07-14 08:56:25','D0A7FE32',NULL,'IN00030',NULL,NULL),
('Reprint Receipt','Kheav Chansotheara','2018-07-14 09:00:27','D0A7FE32',NULL,'IN00030',NULL,NULL),
('Reprint Receipt','Kheav Chansotheara','2018-07-14 09:06:04','D0A7FE32',NULL,'IN00030',NULL,NULL),
('Print Receipt','Kheav Chansotheara','2018-07-14 09:16:58','D0A7FE32',NULL,'IN00031',NULL,NULL),
('Reprint Receipt','Kheav Chansotheara','2018-07-14 09:17:32','D0A7FE32',NULL,'IN00030',NULL,NULL),
('Reprint Receipt','Kheav Chansotheara','2018-07-14 09:18:28','D0A7FE32',NULL,'IN00031',NULL,NULL),
('Reprint Receipt','Kheav Chansotheara','2018-07-14 09:18:40','D0A7FE32',NULL,'IN00030',NULL,NULL),
('Reprint Receipt','Kheav Chansotheara','2018-07-14 09:19:05','D0A7FE32',NULL,'IN00031',NULL,NULL),
('Reprint Receipt','Kheav Chansotheara','2018-07-14 09:19:14','D0A7FE32',NULL,'IN00031',NULL,NULL),
('Print Receipt','Kheav Chansotheara','2018-07-14 09:19:39','D0A7FE32',NULL,'IN00032',NULL,NULL),
('Reprint Receipt','Kheav Chansotheara','2018-07-14 09:50:27','D0A7FE32',NULL,'IN00032',NULL,NULL),
('Change Price','Kheav Chansotheara','2018-07-14 14:21:16','D0A7FE32',NULL,'P00002','9.83','143'),
('Change Tax VAT','Kheav Chansotheara','2018-08-06 14:18:29','D0A7FE32',NULL,'P00011','0','0.5'),
('Print Receipt','Kheav Chansotheara','2018-08-06 14:18:39','D0A7FE32',NULL,'IN00001',NULL,NULL);

-- 
-- Definition of pos_sys_form_lang
-- 

